Back to Multiple platform build/check report for BioC 3.14
AB[C]DEFGHIJKLMNOPQRSTUVWXYZ

This page was generated on 2021-12-03 13:04:46 -0500 (Fri, 03 Dec 2021).

CHECK results for CTDquerier on nebbiolo2

To the developers/maintainers of the CTDquerier package:
- Please allow up to 24 hours (and sometimes 48 hours) for your latest push to git@git.bioconductor.org:packages/CTDquerier.git to
reflect on this report. See How and When does the builder pull? When will my changes propagate? here for more information.
- Make sure to use the following settings in order to reproduce any error or warning you see on this page.

raw results

Package 427/2083HostnameOS / ArchINSTALLBUILDCHECKBUILD BIN
CTDquerier 2.2.0  (landing page)
Xavier Escribà-Montagut
Snapshot Date: 2021-12-02 01:55:06 -0500 (Thu, 02 Dec 2021)
git_url: https://git.bioconductor.org/packages/CTDquerier
git_branch: RELEASE_3_14
git_last_commit: a121b76
git_last_commit_date: 2021-10-26 13:07:39 -0500 (Tue, 26 Oct 2021)
nebbiolo2Linux (Ubuntu 20.04.3 LTS) / x86_64  OK    OK    WARNINGS  UNNEEDED, same version is already published
tokay2Windows Server 2012 R2 Standard / x64  OK    OK    WARNINGS    OK  UNNEEDED, same version is already published
machv2macOS 10.14.6 Mojave / x86_64  OK    OK    WARNINGS    OK  UNNEEDED, same version is already published

Summary

Package: CTDquerier
Version: 2.2.0
Command: /home/biocbuild/bbs-3.14-bioc/R/bin/R CMD check --install=check:CTDquerier.install-out.txt --library=/home/biocbuild/bbs-3.14-bioc/R/library --no-vignettes --timings CTDquerier_2.2.0.tar.gz
StartedAt: 2021-12-02 06:47:24 -0500 (Thu, 02 Dec 2021)
EndedAt: 2021-12-02 06:51:02 -0500 (Thu, 02 Dec 2021)
EllapsedTime: 218.3 seconds
RetCode: 0
Status:   WARNINGS  
CheckDir: CTDquerier.Rcheck
Warnings: 1

Command output

##############################################################################
##############################################################################
###
### Running command:
###
###   /home/biocbuild/bbs-3.14-bioc/R/bin/R CMD check --install=check:CTDquerier.install-out.txt --library=/home/biocbuild/bbs-3.14-bioc/R/library --no-vignettes --timings CTDquerier_2.2.0.tar.gz
###
##############################################################################
##############################################################################


* using log directory ‘/home/biocbuild/bbs-3.14-bioc/meat/CTDquerier.Rcheck’
* using R version 4.1.2 (2021-11-01)
* using platform: x86_64-pc-linux-gnu (64-bit)
* using session charset: UTF-8
* using option ‘--no-vignettes’
* checking for file ‘CTDquerier/DESCRIPTION’ ... OK
* this is package ‘CTDquerier’ version ‘2.2.0’
* package encoding: UTF-8
* checking package namespace information ... OK
* checking package dependencies ... OK
* checking if this is a source package ... OK
* checking if there is a namespace ... OK
* checking for hidden files and directories ... OK
* checking for portable file names ... OK
* checking for sufficient/correct file permissions ... OK
* checking whether package ‘CTDquerier’ can be installed ... OK
* checking installed package size ... OK
* checking package directory ... OK
* checking DESCRIPTION meta-information ... OK
* checking top-level files ... OK
* checking for left-over files ... OK
* checking index information ... OK
* checking package subdirectories ... OK
* checking R files for non-ASCII characters ... OK
* checking R files for syntax errors ... OK
* checking whether the package can be loaded ... OK
* checking whether the package can be loaded with stated dependencies ... OK
* checking whether the package can be unloaded cleanly ... OK
* checking whether the namespace can be loaded with stated dependencies ... OK
* checking whether the namespace can be unloaded cleanly ... OK
* checking dependencies in R code ... OK
* checking S3 generic/method consistency ... OK
* checking replacement functions ... OK
* checking foreign function calls ... OK
* checking R code for possible problems ... OK
* checking Rd files ... OK
* checking Rd metadata ... OK
* checking Rd cross-references ... OK
* checking for missing documentation entries ... OK
* checking for code/documentation mismatches ... OK
* checking Rd \usage sections ... OK
* checking Rd contents ... OK
* checking for unstated dependencies in examples ... OK
* checking contents of ‘data’ directory ... OK
* checking data for non-ASCII characters ... NOTE
  Note: found 176 marked UTF-8 strings
* checking data for ASCII and uncompressed saves ... OK
* checking files in ‘vignettes’ ... WARNING
Files in the 'vignettes' directory but no files in 'inst/doc':
  ‘batch_query.Rmd’, ‘biomed-central.csl’, ‘case_study.Rmd’,
    ‘case_study.bib’, ‘img/01_CTDbase.png’, ‘img/02_XKR4_keyword.png’,
    ‘img/03_BatchQuery.png’, ‘vignette.Rmd’
* checking examples ... OK
Examples with CPU (user + system) or elapsed time > 5s
                 user system elapsed
load_ctd_gene  13.555  0.360  13.916
query_ctd_gene 12.048  0.597  22.392
enrich-methods 10.020  0.237  23.804
query_ctd_chem  5.898  0.148  27.630
query_ctd_dise  2.667  0.076  68.547
* checking PDF version of manual ... OK
* DONE

Status: 1 WARNING, 1 NOTE
See
  ‘/home/biocbuild/bbs-3.14-bioc/meat/CTDquerier.Rcheck/00check.log’
for details.



Installation output

CTDquerier.Rcheck/00install.out

##############################################################################
##############################################################################
###
### Running command:
###
###   /home/biocbuild/bbs-3.14-bioc/R/bin/R CMD INSTALL CTDquerier
###
##############################################################################
##############################################################################


* installing to library ‘/home/biocbuild/bbs-3.14-bioc/R/library’
* installing *source* package ‘CTDquerier’ ...
** using staged installation
** R
** data
** inst
** byte-compile and prepare package for lazy loading
** help
*** installing help indices
** building package indices
** installing vignettes
** testing if installed package can be loaded from temporary location
** testing if installed package can be loaded from final location
** testing if installed package keeps a record of temporary installation path
* DONE (CTDquerier)

Tests output


Example timings

CTDquerier.Rcheck/CTDquerier-Ex.timings

nameusersystemelapsed
download_ctd_chem1.3140.0481.362
download_ctd_dise0.2090.0000.209
download_ctd_genes0.2160.0030.220
enrich-methods10.020 0.23723.804
gala2.7100.0842.795
get_table-methods2.5880.0362.625
get_terms-methods2.6010.0362.637
leaf_plot0.600.060.66
load_ctd_chem4.7330.1564.889
load_ctd_dise1.3460.0241.371
load_ctd_gene13.555 0.36013.916
query_ctd_chem 5.898 0.14827.630
query_ctd_dise 2.667 0.07668.547
query_ctd_gene12.048 0.59722.392