Back to Multiple platform build/check report for BioC 3.14
AB[C]DEFGHIJKLMNOPQRSTUVWXYZ

This page was generated on 2021-12-03 13:05:43 -0500 (Fri, 03 Dec 2021).

CHECK results for CTDquerier on machv2

To the developers/maintainers of the CTDquerier package:
- Please allow up to 24 hours (and sometimes 48 hours) for your latest push to git@git.bioconductor.org:packages/CTDquerier.git to
reflect on this report. See How and When does the builder pull? When will my changes propagate? here for more information.
- Make sure to use the following settings in order to reproduce any error or warning you see on this page.

raw results

Package 427/2083HostnameOS / ArchINSTALLBUILDCHECKBUILD BIN
CTDquerier 2.2.0  (landing page)
Xavier Escribà-Montagut
Snapshot Date: 2021-12-02 01:55:06 -0500 (Thu, 02 Dec 2021)
git_url: https://git.bioconductor.org/packages/CTDquerier
git_branch: RELEASE_3_14
git_last_commit: a121b76
git_last_commit_date: 2021-10-26 13:07:39 -0500 (Tue, 26 Oct 2021)
nebbiolo2Linux (Ubuntu 20.04.3 LTS) / x86_64  OK    OK    WARNINGS  UNNEEDED, same version is already published
tokay2Windows Server 2012 R2 Standard / x64  OK    OK    WARNINGS    OK  UNNEEDED, same version is already published
machv2macOS 10.14.6 Mojave / x86_64  OK    OK    WARNINGS    OK  UNNEEDED, same version is already published

Summary

Package: CTDquerier
Version: 2.2.0
Command: /Library/Frameworks/R.framework/Resources/bin/R CMD check --install=check:CTDquerier.install-out.txt --library=/Library/Frameworks/R.framework/Resources/library --no-vignettes --timings CTDquerier_2.2.0.tar.gz
StartedAt: 2021-12-02 13:20:33 -0500 (Thu, 02 Dec 2021)
EndedAt: 2021-12-02 13:24:14 -0500 (Thu, 02 Dec 2021)
EllapsedTime: 220.8 seconds
RetCode: 0
Status:   WARNINGS  
CheckDir: CTDquerier.Rcheck
Warnings: 1

Command output

##############################################################################
##############################################################################
###
### Running command:
###
###   /Library/Frameworks/R.framework/Resources/bin/R CMD check --install=check:CTDquerier.install-out.txt --library=/Library/Frameworks/R.framework/Resources/library --no-vignettes --timings CTDquerier_2.2.0.tar.gz
###
##############################################################################
##############################################################################


* using log directory ‘/Users/biocbuild/bbs-3.14-bioc/meat/CTDquerier.Rcheck’
* using R version 4.1.2 (2021-11-01)
* using platform: x86_64-apple-darwin17.0 (64-bit)
* using session charset: UTF-8
* using option ‘--no-vignettes’
* checking for file ‘CTDquerier/DESCRIPTION’ ... OK
* this is package ‘CTDquerier’ version ‘2.2.0’
* package encoding: UTF-8
* checking package namespace information ... OK
* checking package dependencies ... OK
* checking if this is a source package ... OK
* checking if there is a namespace ... OK
* checking for hidden files and directories ... OK
* checking for portable file names ... OK
* checking for sufficient/correct file permissions ... OK
* checking whether package ‘CTDquerier’ can be installed ... OK
* checking installed package size ... OK
* checking package directory ... OK
* checking DESCRIPTION meta-information ... OK
* checking top-level files ... OK
* checking for left-over files ... OK
* checking index information ... OK
* checking package subdirectories ... OK
* checking R files for non-ASCII characters ... OK
* checking R files for syntax errors ... OK
* checking whether the package can be loaded ... OK
* checking whether the package can be loaded with stated dependencies ... OK
* checking whether the package can be unloaded cleanly ... OK
* checking whether the namespace can be loaded with stated dependencies ... OK
* checking whether the namespace can be unloaded cleanly ... OK
* checking dependencies in R code ... OK
* checking S3 generic/method consistency ... OK
* checking replacement functions ... OK
* checking foreign function calls ... OK
* checking R code for possible problems ... OK
* checking Rd files ... OK
* checking Rd metadata ... OK
* checking Rd cross-references ... OK
* checking for missing documentation entries ... OK
* checking for code/documentation mismatches ... OK
* checking Rd \usage sections ... OK
* checking Rd contents ... OK
* checking for unstated dependencies in examples ... OK
* checking contents of ‘data’ directory ... OK
* checking data for non-ASCII characters ... NOTE
  Note: found 176 marked UTF-8 strings
* checking data for ASCII and uncompressed saves ... OK
* checking files in ‘vignettes’ ... WARNING
Files in the 'vignettes' directory but no files in 'inst/doc':
  ‘batch_query.Rmd’, ‘biomed-central.csl’, ‘case_study.Rmd’,
    ‘case_study.bib’, ‘img/01_CTDbase.png’, ‘img/02_XKR4_keyword.png’,
    ‘img/03_BatchQuery.png’, ‘vignette.Rmd’
* checking examples ... OK
Examples with CPU (user + system) or elapsed time > 5s
                    user system elapsed
enrich-methods     4.998  0.045  15.152
download_ctd_chem  2.995  0.123  13.208
load_ctd_chem      1.040  0.020  11.164
download_ctd_dise  1.019  0.021  11.114
load_ctd_gene      1.008  0.019  11.178
query_ctd_dise     0.983  0.034  11.138
load_ctd_dise      0.974  0.032  11.145
download_ctd_genes 0.927  0.018  10.959
query_ctd_gene     0.907  0.027  11.027
query_ctd_chem     0.909  0.018  11.065
* checking PDF version of manual ... OK
* DONE

Status: 1 WARNING, 1 NOTE
See
  ‘/Users/biocbuild/bbs-3.14-bioc/meat/CTDquerier.Rcheck/00check.log’
for details.



Installation output

CTDquerier.Rcheck/00install.out

##############################################################################
##############################################################################
###
### Running command:
###
###   /Library/Frameworks/R.framework/Resources/bin/R CMD INSTALL CTDquerier
###
##############################################################################
##############################################################################


* installing to library ‘/Library/Frameworks/R.framework/Versions/4.1/Resources/library’
* installing *source* package ‘CTDquerier’ ...
** using staged installation
** R
** data
** inst
** byte-compile and prepare package for lazy loading
** help
*** installing help indices
** building package indices
** installing vignettes
** testing if installed package can be loaded from temporary location
** testing if installed package can be loaded from final location
** testing if installed package keeps a record of temporary installation path
* DONE (CTDquerier)

Tests output


Example timings

CTDquerier.Rcheck/CTDquerier-Ex.timings

nameusersystemelapsed
download_ctd_chem 2.995 0.12313.208
download_ctd_dise 1.019 0.02111.114
download_ctd_genes 0.927 0.01810.959
enrich-methods 4.998 0.04515.152
gala4.5370.0334.573
get_table-methods4.2750.0234.301
get_terms-methods4.2920.0154.310
leaf_plot0.7690.0290.799
load_ctd_chem 1.040 0.02011.164
load_ctd_dise 0.974 0.03211.145
load_ctd_gene 1.008 0.01911.178
query_ctd_chem 0.909 0.01811.065
query_ctd_dise 0.983 0.03411.138
query_ctd_gene 0.907 0.02711.027