Back to Multiple platform build/check report for BioC 3.14
AB[C]DEFGHIJKLMNOPQRSTUVWXYZ

This page was generated on 2021-12-03 13:04:44 -0500 (Fri, 03 Dec 2021).

CHECK results for CGHcall on nebbiolo2

To the developers/maintainers of the CGHcall package:
- Please allow up to 24 hours (and sometimes 48 hours) for your latest push to git@git.bioconductor.org:packages/CGHcall.git to
reflect on this report. See How and When does the builder pull? When will my changes propagate? here for more information.
- Make sure to use the following settings in order to reproduce any error or warning you see on this page.

raw results

Package 287/2083HostnameOS / ArchINSTALLBUILDCHECKBUILD BIN
CGHcall 2.56.0  (landing page)
Mark van de Wiel
Snapshot Date: 2021-12-02 01:55:06 -0500 (Thu, 02 Dec 2021)
git_url: https://git.bioconductor.org/packages/CGHcall
git_branch: RELEASE_3_14
git_last_commit: 9d6ed61
git_last_commit_date: 2021-10-26 11:51:30 -0500 (Tue, 26 Oct 2021)
nebbiolo2Linux (Ubuntu 20.04.3 LTS) / x86_64  OK    OK    WARNINGS  UNNEEDED, same version is already published
tokay2Windows Server 2012 R2 Standard / x64  OK    OK    WARNINGS    OK  UNNEEDED, same version is already published
machv2macOS 10.14.6 Mojave / x86_64  OK    OK    WARNINGS    OK  UNNEEDED, same version is already published

Summary

Package: CGHcall
Version: 2.56.0
Command: /home/biocbuild/bbs-3.14-bioc/R/bin/R CMD check --install=check:CGHcall.install-out.txt --library=/home/biocbuild/bbs-3.14-bioc/R/library --no-vignettes --timings CGHcall_2.56.0.tar.gz
StartedAt: 2021-12-02 06:33:07 -0500 (Thu, 02 Dec 2021)
EndedAt: 2021-12-02 06:33:38 -0500 (Thu, 02 Dec 2021)
EllapsedTime: 31.2 seconds
RetCode: 0
Status:   WARNINGS  
CheckDir: CGHcall.Rcheck
Warnings: 1

Command output

##############################################################################
##############################################################################
###
### Running command:
###
###   /home/biocbuild/bbs-3.14-bioc/R/bin/R CMD check --install=check:CGHcall.install-out.txt --library=/home/biocbuild/bbs-3.14-bioc/R/library --no-vignettes --timings CGHcall_2.56.0.tar.gz
###
##############################################################################
##############################################################################


* using log directory ‘/home/biocbuild/bbs-3.14-bioc/meat/CGHcall.Rcheck’
* using R version 4.1.2 (2021-11-01)
* using platform: x86_64-pc-linux-gnu (64-bit)
* using session charset: UTF-8
* using option ‘--no-vignettes’
* checking for file ‘CGHcall/DESCRIPTION’ ... OK
* checking extension type ... Package
* this is package ‘CGHcall’ version ‘2.56.0’
* checking package namespace information ... OK
* checking package dependencies ... OK
* checking if this is a source package ... OK
* checking if there is a namespace ... OK
* checking for hidden files and directories ... OK
* checking for portable file names ... OK
* checking for sufficient/correct file permissions ... OK
* checking whether package ‘CGHcall’ can be installed ... OK
* checking installed package size ... OK
* checking package directory ... OK
* checking ‘build’ directory ... OK
* checking DESCRIPTION meta-information ... NOTE
Malformed Title field: should not end in a period.
Non-standard license specification:
  GPL (http://www.gnu.org/copyleft/gpl.html)
Standardizable: FALSE
* checking top-level files ... OK
* checking for left-over files ... OK
* checking index information ... OK
* checking package subdirectories ... OK
* checking R files for non-ASCII characters ... OK
* checking R files for syntax errors ... OK
* checking whether the package can be loaded ... OK
* checking whether the package can be loaded with stated dependencies ... OK
* checking whether the package can be unloaded cleanly ... OK
* checking whether the namespace can be loaded with stated dependencies ... WARNING
Warning: S4 exports specified in 'NAMESPACE' but not defined in package ‘CGHcall’
* checking whether the namespace can be unloaded cleanly ... OK
* checking dependencies in R code ... NOTE
'library' or 'require' call to ‘snowfall’ which was already attached by Depends.
  Please remove these calls from your code.
Packages in Depends field not imported from:
  ‘DNAcopy’ ‘methods’ ‘snowfall’
  These packages need to be imported from (in the NAMESPACE file)
  for when this namespace is loaded but not attached.
':::' call which should be '::': ‘DNAcopy:::getbdry’
  See the note in ?`:::` about the use of this operator.
Unexported objects imported by ':::' calls:
  ‘Biobase:::assayDataDims’ ‘DNAcopy:::trimmed.variance’
  See the note in ?`:::` about the use of this operator.
There are ::: calls to the package's namespace in its code. A package
  almost never needs to use ::: for its own objects:
  ‘.MakeData’ ‘.alpha0all’ ‘.assignNames’ ‘.callFromSeg’ ‘.countcl’
  ‘.posteriorp’ ‘.reallik4’ ‘.segFromRaw’ ‘.sumreg’ ‘.sumsqreg’
  ‘.totallik’ ‘.varproffun’ ‘.varregtimescount’
* checking S3 generic/method consistency ... OK
* checking replacement functions ... OK
* checking foreign function calls ... NOTE
Foreign function call to a different package:
  .Fortran("fndcpt", ..., PACKAGE = "DNAcopy")
See chapter ‘System and foreign language interfaces’ in the ‘Writing R
Extensions’ manual.
* checking R code for possible problems ... NOTE
.callFromSeg: no visible global function definition for ‘new’
.changepoints.sdundo2 : <anonymous>: no visible global function
  definition for ‘median’
.changepoints2: no visible global function definition for ‘mad’
.changepoints2: no visible global function definition for
  ‘changepoints.prune’
.makeEmptyFeatureData: no visible global function definition for ‘is’
.makeEmptyFeatureData: no visible global function definition for ‘new’
.profreg: no visible binding for global variable ‘profile’
.segFromRaw: no visible global function definition for ‘new’
.segment2: no visible binding for global variable
  ‘default.DNAcopy.bdry’
.totallik: no visible global function definition for ‘sfExport’
.totallik: no visible global function definition for ‘sfSapply’
.varregtimescount: no visible global function definition for ‘var’
CGHcall: no visible global function definition for ‘mad’
CGHcall: no visible global function definition for ‘sfInit’
CGHcall: no visible global function definition for ‘sfLibrary’
CGHcall: no visible global function definition for ‘sfExport’
CGHcall: no visible global function definition for ‘optim’
CGHcall: no visible global function definition for ‘sfRemoveAll’
CGHcall: no visible global function definition for ‘sfStop’
ExpandCGHcall: no visible global function definition for ‘new’
normalize: no visible global function definition for ‘median’
postsegnormalize: no visible global function definition for ‘median’
Undefined global functions or variables:
  changepoints.prune default.DNAcopy.bdry is mad median new optim
  profile sfExport sfInit sfLibrary sfRemoveAll sfSapply sfStop var
Consider adding
  importFrom("methods", "is", "new")
  importFrom("stats", "mad", "median", "optim", "profile", "var")
to your NAMESPACE file (and ensure that your DESCRIPTION Imports field
contains 'methods').
* checking Rd files ... OK
* checking Rd metadata ... OK
* checking Rd cross-references ... OK
* checking for missing documentation entries ... OK
* checking for code/documentation mismatches ... OK
* checking Rd \usage sections ... OK
* checking Rd contents ... OK
* checking for unstated dependencies in examples ... OK
* checking contents of ‘data’ directory ... OK
* checking data for non-ASCII characters ... OK
* checking data for ASCII and uncompressed saves ... OK
* checking files in ‘vignettes’ ... OK
* checking examples ... OK
* checking for unstated dependencies in vignettes ... OK
* checking package vignettes in ‘inst/doc’ ... OK
* checking running R code from vignettes ... SKIPPED
* checking re-building of vignette outputs ... SKIPPED
* checking PDF version of manual ... OK
* DONE

Status: 1 WARNING, 4 NOTEs
See
  ‘/home/biocbuild/bbs-3.14-bioc/meat/CGHcall.Rcheck/00check.log’
for details.



Installation output

CGHcall.Rcheck/00install.out

##############################################################################
##############################################################################
###
### Running command:
###
###   /home/biocbuild/bbs-3.14-bioc/R/bin/R CMD INSTALL CGHcall
###
##############################################################################
##############################################################################


* installing to library ‘/home/biocbuild/bbs-3.14-bioc/R/library’
* installing *source* package ‘CGHcall’ ...
** using staged installation
** R
** data
** byte-compile and prepare package for lazy loading
** help
*** installing help indices
** building package indices
** installing vignettes
** testing if installed package can be loaded from temporary location
** testing if installed package can be loaded from final location
** testing if installed package keeps a record of temporary installation path
* DONE (CGHcall)

Tests output


Example timings

CGHcall.Rcheck/CGHcall-Ex.timings

nameusersystemelapsed
CGHcall0.2220.0120.234
ExpandCGHcall0.1660.0000.166
normalize0.1280.0000.128
postsegnormalize0.1420.0000.142
preprocess0.0380.0000.039
segmentData0.0200.0000.021