Back to Multiple platform build/check report for BioC 3.14
A[B]CDEFGHIJKLMNOPQRSTUVWXYZ

This page was generated on 2021-11-29 15:04:50 -0500 (Mon, 29 Nov 2021).

BUILD results for BUSpaRse on nebbiolo2

To the developers/maintainers of the BUSpaRse package:
- Please allow up to 24 hours (and sometimes 48 hours) for your latest push to git@git.bioconductor.org:packages/BUSpaRse.git to
reflect on this report. See How and When does the builder pull? When will my changes propagate? here for more information.
- Make sure to use the following settings in order to reproduce any error or warning you see on this page.

raw results

Package 231/2083HostnameOS / ArchINSTALLBUILDCHECKBUILD BIN
BUSpaRse 1.8.0  (landing page)
Lambda Moses
Snapshot Date: 2021-11-28 04:15:06 -0500 (Sun, 28 Nov 2021)
git_url: https://git.bioconductor.org/packages/BUSpaRse
git_branch: RELEASE_3_14
git_last_commit: fa528cf
git_last_commit_date: 2021-10-26 12:53:45 -0500 (Tue, 26 Oct 2021)
nebbiolo2Linux (Ubuntu 20.04.3 LTS) / x86_64  OK    ERROR  skipped
tokay2Windows Server 2012 R2 Standard / x64  OK    OK    ERROR    OK  
machv2macOS 10.14.6 Mojave / x86_64  OK    OK    OK    OK  UNNEEDED, same version is already published

Summary

Package: BUSpaRse
Version: 1.8.0
Command: /home/biocbuild/bbs-3.14-bioc/R/bin/R CMD build --keep-empty-dirs --no-resave-data BUSpaRse
StartedAt: 2021-11-28 05:55:26 -0500 (Sun, 28 Nov 2021)
EndedAt: 2021-11-28 05:57:44 -0500 (Sun, 28 Nov 2021)
EllapsedTime: 138.1 seconds
RetCode: 1
Status:   ERROR  
PackageFile: None
PackageFileSize: NA

Command output

##############################################################################
##############################################################################
###
### Running command:
###
###   /home/biocbuild/bbs-3.14-bioc/R/bin/R CMD build --keep-empty-dirs --no-resave-data BUSpaRse
###
##############################################################################
##############################################################################


* checking for file ‘BUSpaRse/DESCRIPTION’ ... OK
* preparing ‘BUSpaRse’:
* checking DESCRIPTION meta-information ... OK
* cleaning src
* installing the package to build vignettes
* creating vignettes ... ERROR
--- re-building ‘sparse-matrix.Rmd’ using rmarkdown
0%   10   20   30   40   50   60   70   80   90   100%
[----|----|----|----|----|----|----|----|----|----|
**************************************************|
0%   10   20   30   40   50   60   70   80   90   100%
[----|----|----|----|----|----|----|----|----|----|
**************************************************|
0%   10   20   30   40   50   60   70   80   90   100%
[----|----|----|----|----|----|----|----|----|----|
**************************************************|
0%   10   20   30   40   50   60   70   80   90   100%
[----|----|----|----|----|----|----|----|----|----|
**************************************************|
--- finished re-building ‘sparse-matrix.Rmd’

--- re-building ‘tr2g.Rmd’ using rmarkdown
Quitting from lines 38-42 (tr2g.Rmd) 
Error: processing vignette 'tr2g.Rmd' failed with diagnostics:
SSL certificate problem: unable to get local issuer certificate
--- failed re-building ‘tr2g.Rmd’

SUMMARY: processing the following file failed:
  ‘tr2g.Rmd’

Error: Vignette re-building failed.
Execution halted