Back to Multiple platform build/check report for BioC 3.14
A[B]CDEFGHIJKLMNOPQRSTUVWXYZ

This page was generated on 2022-01-26 13:06:17 -0500 (Wed, 26 Jan 2022).

HostnameOSArch (*)R versionInstalled pkgs
nebbiolo2Linux (Ubuntu 20.04.4 LTS)x86_644.1.2 (2021-11-01) -- "Bird Hippie" 4329
tokay2Windows Server 2012 R2 Standardx644.1.2 (2021-11-01) -- "Bird Hippie" 4080
machv2macOS 10.14.6 Mojavex86_644.1.2 (2021-11-01) -- "Bird Hippie" 4141
Click on any hostname to see more info about the system (e.g. compilers)      (*) as reported by 'uname -p', except on Windows and Mac OS X

CHECK results for BRAIN on tokay2


To the developers/maintainers of the BRAIN package:
- Please allow up to 24 hours (and sometimes 48 hours) for your latest push to git@git.bioconductor.org:packages/BRAIN.git to
reflect on this report. See How and When does the builder pull? When will my changes propagate? here for more information.
- Make sure to use the following settings in order to reproduce any error or warning you see on this page.

raw results

Package 209/2083HostnameOS / ArchINSTALLBUILDCHECKBUILD BIN
BRAIN 1.40.0  (landing page)
Piotr Dittwald
Snapshot Date: 2022-01-25 01:55:07 -0500 (Tue, 25 Jan 2022)
git_url: https://git.bioconductor.org/packages/BRAIN
git_branch: RELEASE_3_14
git_last_commit: 1598666
git_last_commit_date: 2021-10-26 12:02:15 -0500 (Tue, 26 Oct 2021)
nebbiolo2Linux (Ubuntu 20.04.4 LTS) / x86_64  OK    OK    WARNINGS  UNNEEDED, same version is already published
tokay2Windows Server 2012 R2 Standard / x64  OK    OK    WARNINGS    OK  UNNEEDED, same version is already published
machv2macOS 10.14.6 Mojave / x86_64  OK    OK    WARNINGS    OK  UNNEEDED, same version is already published

Summary

Package: BRAIN
Version: 1.40.0
Command: C:\Users\biocbuild\bbs-3.14-bioc\R\bin\R.exe CMD check --force-multiarch --install=check:BRAIN.install-out.txt --library=C:\Users\biocbuild\bbs-3.14-bioc\R\library --no-vignettes --timings BRAIN_1.40.0.tar.gz
StartedAt: 2022-01-25 16:38:30 -0500 (Tue, 25 Jan 2022)
EndedAt: 2022-01-25 16:40:11 -0500 (Tue, 25 Jan 2022)
EllapsedTime: 100.9 seconds
RetCode: 0
Status:   WARNINGS  
CheckDir: BRAIN.Rcheck
Warnings: 2

Command output

##############################################################################
##############################################################################
###
### Running command:
###
###   C:\Users\biocbuild\bbs-3.14-bioc\R\bin\R.exe CMD check --force-multiarch --install=check:BRAIN.install-out.txt --library=C:\Users\biocbuild\bbs-3.14-bioc\R\library --no-vignettes --timings BRAIN_1.40.0.tar.gz
###
##############################################################################
##############################################################################


* using log directory 'C:/Users/biocbuild/bbs-3.14-bioc/meat/BRAIN.Rcheck'
* using R version 4.1.2 (2021-11-01)
* using platform: x86_64-w64-mingw32 (64-bit)
* using session charset: ISO8859-1
* using option '--no-vignettes'
* checking for file 'BRAIN/DESCRIPTION' ... OK
* checking extension type ... Package
* this is package 'BRAIN' version '1.40.0'
* checking package namespace information ... OK
* checking package dependencies ... OK
* checking if this is a source package ... OK
* checking if there is a namespace ... OK
* checking for hidden files and directories ... OK
* checking for portable file names ... OK
* checking whether package 'BRAIN' can be installed ... OK
* checking installed package size ... OK
* checking package directory ... OK
* checking 'build' directory ... OK
* checking DESCRIPTION meta-information ... OK
* checking top-level files ... OK
* checking for left-over files ... OK
* checking index information ... OK
* checking package subdirectories ... OK
* checking R files for non-ASCII characters ... OK
* checking R files for syntax errors ... OK
* loading checks for arch 'i386'
** checking whether the package can be loaded ... OK
** checking whether the package can be loaded with stated dependencies ... OK
** checking whether the package can be unloaded cleanly ... OK
** checking whether the namespace can be loaded with stated dependencies ... OK
** checking whether the namespace can be unloaded cleanly ... OK
* loading checks for arch 'x64'
** checking whether the package can be loaded ... OK
** checking whether the package can be loaded with stated dependencies ... OK
** checking whether the package can be unloaded cleanly ... OK
** checking whether the namespace can be loaded with stated dependencies ... OK
** checking whether the namespace can be unloaded cleanly ... OK
* checking dependencies in R code ... NOTE
Package in Depends field not imported from: 'Biostrings'
  These packages need to be imported from (in the NAMESPACE file)
  for when this namespace is loaded but not attached.
* checking S3 generic/method consistency ... OK
* checking replacement functions ... OK
* checking foreign function calls ... OK
* checking R code for possible problems ... OK
* checking Rd files ... OK
* checking Rd metadata ... OK
* checking Rd cross-references ... OK
* checking for missing documentation entries ... OK
* checking for code/documentation mismatches ... WARNING
Codoc mismatches from documentation object 'calculateIsotopicProbabilities':
calculateIsotopicProbabilities
  Code: function(aC, stopOption = "nrPeaks", nrPeaks = NULL, coverage =
                 NULL, abundantEstim = NULL, approx = FALSE,
                 approxStart = 1, approxParam = NULL)
  Docs: function(aC, stopOption = "nrPeaks", nrPeaks, coverage,
                 abundantEstim)
  Argument names in code not in docs:
    approx approxStart approxParam
  Mismatches in argument default values:
    Name: 'nrPeaks' Code: NULL Docs: 
    Name: 'coverage' Code: NULL Docs: 
    Name: 'abundantEstim' Code: NULL Docs: 

* checking Rd \usage sections ... WARNING
Bad \usage lines found in documentation object 'useBRAIN2':
  useBRAIN2(aC, stopOption = "nrPeaks", nrPeaks, approxStart = 1, approxParam = NULL))

Functions with \usage entries need to have the appropriate \alias
entries, and all their arguments documented.
The \usage entries must correspond to syntactically valid R code.
See chapter 'Writing R documentation files' in the 'Writing R
Extensions' manual.
* checking Rd contents ... OK
* checking for unstated dependencies in examples ... OK
* checking files in 'vignettes' ... OK
* checking examples ...
** running examples for arch 'i386' ... OK
** running examples for arch 'x64' ... OK
* checking for unstated dependencies in vignettes ... OK
* checking package vignettes in 'inst/doc' ... OK
* checking running R code from vignettes ... SKIPPED
* checking re-building of vignette outputs ... SKIPPED
* checking PDF version of manual ... OK
* DONE

Status: 2 WARNINGs, 1 NOTE
See
  'C:/Users/biocbuild/bbs-3.14-bioc/meat/BRAIN.Rcheck/00check.log'
for details.



Installation output

BRAIN.Rcheck/00install.out

##############################################################################
##############################################################################
###
### Running command:
###
###   C:\cygwin\bin\curl.exe -O http://155.52.207.166/BBS/3.14/bioc/src/contrib/BRAIN_1.40.0.tar.gz && rm -rf BRAIN.buildbin-libdir && mkdir BRAIN.buildbin-libdir && C:\Users\biocbuild\bbs-3.14-bioc\R\bin\R.exe CMD INSTALL --merge-multiarch --build --library=BRAIN.buildbin-libdir BRAIN_1.40.0.tar.gz && C:\Users\biocbuild\bbs-3.14-bioc\R\bin\R.exe CMD INSTALL BRAIN_1.40.0.zip && rm BRAIN_1.40.0.tar.gz BRAIN_1.40.0.zip
###
##############################################################################
##############################################################################


  % Total    % Received % Xferd  Average Speed   Time    Time     Time  Current
                                 Dload  Upload   Total   Spent    Left  Speed

  0     0    0     0    0     0      0      0 --:--:-- --:--:-- --:--:--     0
 70 1756k   70 1240k    0     0  2001k      0 --:--:-- --:--:-- --:--:-- 2000k
100 1756k  100 1756k    0     0  2205k      0 --:--:-- --:--:-- --:--:-- 2206k

install for i386

* installing *source* package 'BRAIN' ...
** using staged installation
** R
** inst
** byte-compile and prepare package for lazy loading
** help
*** installing help indices
  converting help for package 'BRAIN'
    finding HTML links ... done
    BRAIN-package                           html  
    calculateAverageMass                    html  
    calculateIsotopicProbabilities          html  
    calculateMonoisotopicMass               html  
    calculateNrPeaks                        html  
    getAtomsFromSeq                         html  
    useBRAIN                                html  
    useBRAIN2                               html  
** building package indices
** installing vignettes
** testing if installed package can be loaded from temporary location
** testing if installed package can be loaded from final location
** testing if installed package keeps a record of temporary installation path

install for x64

* installing *source* package 'BRAIN' ...
** testing if installed package can be loaded
* MD5 sums
packaged installation of 'BRAIN' as BRAIN_1.40.0.zip
* DONE (BRAIN)
* installing to library 'C:/Users/biocbuild/bbs-3.14-bioc/R/library'
package 'BRAIN' successfully unpacked and MD5 sums checked

Tests output


Example timings

BRAIN.Rcheck/examples_i386/BRAIN-Ex.timings

nameusersystemelapsed
BRAIN-package0.090.060.15
calculateAverageMass000
calculateIsotopicProbabilities0.010.000.02
calculateMonoisotopicMass000
calculateNrPeaks000
getAtomsFromSeq0.020.000.01
useBRAIN0.110.000.11
useBRAIN20.340.000.34

BRAIN.Rcheck/examples_x64/BRAIN-Ex.timings

nameusersystemelapsed
BRAIN-package0.120.000.12
calculateAverageMass000
calculateIsotopicProbabilities0.010.000.01
calculateMonoisotopicMass000
calculateNrPeaks000
getAtomsFromSeq000
useBRAIN0.120.000.12
useBRAIN20.150.000.14