Back to Multiple platform build/check report for BioC 3.14
[A]BCDEFGHIJKLMNOPQRSTUVWXYZ

This page was generated on 2021-10-22 12:04:50 -0400 (Fri, 22 Oct 2021).

BUILD results for Autotuner on merida1

To the developers/maintainers of the Autotuner package:
- Please allow up to 24 hours (and sometimes 48 hours) for your latest push to git@git.bioconductor.org:packages/Autotuner.git to
reflect on this report. See How and When does the builder pull? When will my changes propagate? here for more information.
- Make sure to use the following settings in order to reproduce any error or warning you see on this page.

raw results

Package 100/2075HostnameOS / ArchINSTALLBUILDCHECKBUILD BIN
Autotuner 1.7.0  (landing page)
Craig McLean
Snapshot Date: 2021-10-21 14:50:08 -0400 (Thu, 21 Oct 2021)
git_url: https://git.bioconductor.org/packages/Autotuner
git_branch: master
git_last_commit: 87b3b61
git_last_commit_date: 2021-05-19 12:45:03 -0400 (Wed, 19 May 2021)
nebbiolo2Linux (Ubuntu 20.04.2 LTS) / x86_64  OK    ERROR  skipped
riesling1Windows Server 2019 Standard / x64  OK    ERROR  skippedskipped
merida1macOS 10.14.6 Mojave / x86_64  OK    ERROR  skippedskipped

Summary

Package: Autotuner
Version: 1.7.0
Command: /Library/Frameworks/R.framework/Resources/bin/R CMD build --keep-empty-dirs --no-resave-data Autotuner
StartedAt: 2021-10-21 18:35:34 -0400 (Thu, 21 Oct 2021)
EndedAt: 2021-10-21 18:36:14 -0400 (Thu, 21 Oct 2021)
EllapsedTime: 39.9 seconds
RetCode: 1
Status:   ERROR  
PackageFile: None
PackageFileSize: NA

Command output

##############################################################################
##############################################################################
###
### Running command:
###
###   /Library/Frameworks/R.framework/Resources/bin/R CMD build --keep-empty-dirs --no-resave-data Autotuner
###
##############################################################################
##############################################################################


* checking for file ‘Autotuner/DESCRIPTION’ ... OK
* preparing ‘Autotuner’:
* checking DESCRIPTION meta-information ... OK
* installing the package to build vignettes
* creating vignettes ... ERROR
--- re-building ‘Autotuner.Rmd’ using rmarkdown
Quitting from lines 143-147 (Autotuner.Rmd) 
Error: processing vignette 'Autotuner.Rmd' failed with diagnostics:
The entered metadata file does not contain any rows. Check the input.
--- failed re-building ‘Autotuner.Rmd’

SUMMARY: processing the following file failed:
  ‘Autotuner.Rmd’

Error: Vignette re-building failed.
Execution halted