Back to Multiple platform build/check report for BioC 3.14
[A]BCDEFGHIJKLMNOPQRSTUVWXYZ

This page was generated on 2021-12-01 17:18:11 -0500 (Wed, 01 Dec 2021).

BUILD results for Autotuner on machv2

To the developers/maintainers of the Autotuner package:
- Please allow up to 24 hours (and sometimes 48 hours) for your latest push to git@git.bioconductor.org:packages/Autotuner.git to
reflect on this report. See How and When does the builder pull? When will my changes propagate? here for more information.
- Make sure to use the following settings in order to reproduce any error or warning you see on this page.

raw results

Package 100/2083HostnameOS / ArchINSTALLBUILDCHECKBUILD BIN
Autotuner 1.8.0  (landing page)
Craig McLean
Snapshot Date: 2021-11-30 04:15:05 -0500 (Tue, 30 Nov 2021)
git_url: https://git.bioconductor.org/packages/Autotuner
git_branch: RELEASE_3_14
git_last_commit: 64c9943
git_last_commit_date: 2021-10-26 12:53:11 -0500 (Tue, 26 Oct 2021)
nebbiolo2Linux (Ubuntu 20.04.3 LTS) / x86_64  OK    ERROR  skipped
tokay2Windows Server 2012 R2 Standard / x64  OK    ERROR  skippedskipped
machv2macOS 10.14.6 Mojave / x86_64  OK    ERROR  skippedskipped

Summary

Package: Autotuner
Version: 1.8.0
Command: /Library/Frameworks/R.framework/Resources/bin/R CMD build --keep-empty-dirs --no-resave-data Autotuner
StartedAt: 2021-11-30 07:44:41 -0500 (Tue, 30 Nov 2021)
EndedAt: 2021-11-30 07:45:16 -0500 (Tue, 30 Nov 2021)
EllapsedTime: 34.1 seconds
RetCode: 1
Status:   ERROR  
PackageFile: None
PackageFileSize: NA

Command output

##############################################################################
##############################################################################
###
### Running command:
###
###   /Library/Frameworks/R.framework/Resources/bin/R CMD build --keep-empty-dirs --no-resave-data Autotuner
###
##############################################################################
##############################################################################


* checking for file ‘Autotuner/DESCRIPTION’ ... OK
* preparing ‘Autotuner’:
* checking DESCRIPTION meta-information ... OK
* installing the package to build vignettes
* creating vignettes ... ERROR
--- re-building ‘Autotuner.Rmd’ using rmarkdown
Quitting from lines 143-147 (Autotuner.Rmd) 
Error: processing vignette 'Autotuner.Rmd' failed with diagnostics:
The entered metadata file does not contain any rows. Check the input.
--- failed re-building ‘Autotuner.Rmd’

SUMMARY: processing the following file failed:
  ‘Autotuner.Rmd’

Error: Vignette re-building failed.
Execution halted