Back to Multiple platform build/check report for BioC 3.14
[A]BCDEFGHIJKLMNOPQRSTUVWXYZ

This page was generated on 2021-10-23 14:06:18 -0400 (Sat, 23 Oct 2021).

BUILD results for ALPS on riesling1

To the developers/maintainers of the ALPS package:
- Please allow up to 24 hours (and sometimes 48 hours) for your latest push to git@git.bioconductor.org:packages/ALPS.git to
reflect on this report. See How and When does the builder pull? When will my changes propagate? here for more information.
- Make sure to use the following settings in order to reproduce any error or warning you see on this page.

raw results

Package 45/2083HostnameOS / ArchINSTALLBUILDCHECKBUILD BIN
ALPS 1.7.1  (landing page)
Venu Thatikonda
Snapshot Date: 2021-10-22 14:50:11 -0400 (Fri, 22 Oct 2021)
git_url: https://git.bioconductor.org/packages/ALPS
git_branch: master
git_last_commit: 6f38b5d
git_last_commit_date: 2021-06-21 10:37:10 -0400 (Mon, 21 Jun 2021)
nebbiolo2Linux (Ubuntu 20.04.2 LTS) / x86_64  OK    ERROR  skipped
riesling1Windows Server 2019 Standard / x64  OK    ERROR  skippedskipped
merida1macOS 10.14.6 Mojave / x86_64  OK    ERROR  skippedskipped

Summary

Package: ALPS
Version: 1.7.1
Command: chmod a+r ALPS -R && D:\biocbuild\bbs-3.14-bioc\R\bin\R.exe --arch x64 CMD build --keep-empty-dirs --no-resave-data ALPS
StartedAt: 2021-10-22 19:23:57 -0400 (Fri, 22 Oct 2021)
EndedAt: 2021-10-22 19:28:24 -0400 (Fri, 22 Oct 2021)
EllapsedTime: 267.5 seconds
RetCode: 1
Status:   ERROR  
PackageFile: None
PackageFileSize: NA

Command output

##############################################################################
##############################################################################
###
### Running command:
###
###   chmod a+r ALPS -R && D:\biocbuild\bbs-3.14-bioc\R\bin\R.exe --arch x64 CMD build --keep-empty-dirs --no-resave-data ALPS
###
##############################################################################
##############################################################################


* checking for file 'ALPS/DESCRIPTION' ... OK
* preparing 'ALPS':
* checking DESCRIPTION meta-information ... OK
* installing the package to build vignettes
* creating vignettes ... ERROR
--- re-building 'ALPS-vignette.Rmd' using rmarkdown
Quitting from lines 238-246 (ALPS-vignette.Rmd) 
Error: processing vignette 'ALPS-vignette.Rmd' failed with diagnostics:
object 'lbs' not found
--- failed re-building 'ALPS-vignette.Rmd'

SUMMARY: processing the following file failed:
  'ALPS-vignette.Rmd'

Error: Vignette re-building failed.
Execution halted