Back to Multiple platform build/check report for BioC 3.14
[A]BCDEFGHIJKLMNOPQRSTUVWXYZ

This page was generated on 2021-11-26 15:05:41 -0500 (Fri, 26 Nov 2021).

BUILD results for ALPS on machv2

To the developers/maintainers of the ALPS package:
- Please allow up to 24 hours (and sometimes 48 hours) for your latest push to git@git.bioconductor.org:packages/ALPS.git to
reflect on this report. See How and When does the builder pull? When will my changes propagate? here for more information.
- Make sure to use the following settings in order to reproduce any error or warning you see on this page.

raw results

Package 45/2083HostnameOS / ArchINSTALLBUILDCHECKBUILD BIN
ALPS 1.8.0  (landing page)
Venu Thatikonda
Snapshot Date: 2021-11-25 04:15:05 -0500 (Thu, 25 Nov 2021)
git_url: https://git.bioconductor.org/packages/ALPS
git_branch: RELEASE_3_14
git_last_commit: 3dd0106
git_last_commit_date: 2021-10-26 12:55:19 -0500 (Tue, 26 Oct 2021)
nebbiolo2Linux (Ubuntu 20.04.3 LTS) / x86_64  OK    ERROR  skipped
tokay2Windows Server 2012 R2 Standard / x64  OK    ERROR  skippedskipped
machv2macOS 10.14.6 Mojave / x86_64  OK    ERROR  skippedskipped

Summary

Package: ALPS
Version: 1.8.0
Command: /Library/Frameworks/R.framework/Resources/bin/R CMD build --keep-empty-dirs --no-resave-data ALPS
StartedAt: 2021-11-25 07:42:39 -0500 (Thu, 25 Nov 2021)
EndedAt: 2021-11-25 07:45:35 -0500 (Thu, 25 Nov 2021)
EllapsedTime: 175.4 seconds
RetCode: 1
Status:   ERROR  
PackageFile: None
PackageFileSize: NA

Command output

##############################################################################
##############################################################################
###
### Running command:
###
###   /Library/Frameworks/R.framework/Resources/bin/R CMD build --keep-empty-dirs --no-resave-data ALPS
###
##############################################################################
##############################################################################


* checking for file ‘ALPS/DESCRIPTION’ ... OK
* preparing ‘ALPS’:
* checking DESCRIPTION meta-information ... OK
* installing the package to build vignettes
* creating vignettes ... ERROR
--- re-building ‘ALPS-vignette.Rmd’ using rmarkdown
Quitting from lines 238-246 (ALPS-vignette.Rmd) 
Error: processing vignette 'ALPS-vignette.Rmd' failed with diagnostics:
object 'lbs' not found
--- failed re-building ‘ALPS-vignette.Rmd’

SUMMARY: processing the following file failed:
  ‘ALPS-vignette.Rmd’

Error: Vignette re-building failed.
Execution halted