Back to Multiple platform build/check report for BioC 3.13
ABCDEFGHIJKLMNOP[Q]RSTUVWXYZ

This page was generated on 2021-06-17 02:38:27 -0400 (Thu, 17 Jun 2021).

CHECK results for qpgraph on nebbiolo1

To the developers/maintainers of the qpgraph package:
- Please allow up to 24 hours (and sometimes 48 hours) for your latest push to git@git.bioconductor.org:packages/qpgraph.git to
reflect on this report. See How and When does the builder pull? When will my changes propagate? here for more information.
- Make sure to use the following settings in order to reproduce any error or warning you see on this page.

raw results

Package 1473/2041HostnameOS / ArchINSTALLBUILDCHECKBUILD BIN
qpgraph 2.26.0  (landing page)
Robert Castelo
Snapshot Date: 2021-06-15 06:50:12 -0400 (Tue, 15 Jun 2021)
URL: https://git.bioconductor.org/packages/qpgraph
Branch: RELEASE_3_13
Last Commit: 80062b5
Last Changed Date: 2021-05-19 11:42:31 -0400 (Wed, 19 May 2021)
nebbiolo1Linux (Ubuntu 20.04.2 LTS) / x86_64  OK    OK    WARNINGS  UNNEEDED, same version is already published
tokay2Windows Server 2012 R2 Standard / x64  OK    OK    WARNINGS    OK  UNNEEDED, same version is already published
machv2macOS 10.14.6 Mojave / x86_64  OK    OK    WARNINGS    OK  UNNEEDED, same version is already published

Summary

Package: qpgraph
Version: 2.26.0
Command: /home/biocbuild/bbs-3.13-bioc/R/bin/R CMD check --install=check:qpgraph.install-out.txt --library=/home/biocbuild/bbs-3.13-bioc/R/library --no-vignettes --timings qpgraph_2.26.0.tar.gz
StartedAt: 2021-06-15 13:10:45 -0400 (Tue, 15 Jun 2021)
EndedAt: 2021-06-15 13:14:59 -0400 (Tue, 15 Jun 2021)
EllapsedTime: 253.9 seconds
RetCode: 0
Status:   WARNINGS  
CheckDir: qpgraph.Rcheck
Warnings: 1

Command output

##############################################################################
##############################################################################
###
### Running command:
###
###   /home/biocbuild/bbs-3.13-bioc/R/bin/R CMD check --install=check:qpgraph.install-out.txt --library=/home/biocbuild/bbs-3.13-bioc/R/library --no-vignettes --timings qpgraph_2.26.0.tar.gz
###
##############################################################################
##############################################################################


* using log directory ‘/home/biocbuild/bbs-3.13-bioc/meat/qpgraph.Rcheck’
* using R version 4.1.0 (2021-05-18)
* using platform: x86_64-pc-linux-gnu (64-bit)
* using session charset: UTF-8
* using option ‘--no-vignettes’
* checking for file ‘qpgraph/DESCRIPTION’ ... OK
* this is package ‘qpgraph’ version ‘2.26.0’
* checking package namespace information ... OK
* checking package dependencies ... OK
* checking if this is a source package ... OK
* checking if there is a namespace ... OK
* checking for hidden files and directories ... OK
* checking for portable file names ... OK
* checking for sufficient/correct file permissions ... OK
* checking whether package ‘qpgraph’ can be installed ... OK
* checking installed package size ... OK
* checking package directory ... OK
* checking ‘build’ directory ... OK
* checking DESCRIPTION meta-information ... OK
* checking top-level files ... OK
* checking for left-over files ... OK
* checking index information ... OK
* checking package subdirectories ... OK
* checking R files for non-ASCII characters ... OK
* checking R files for syntax errors ... OK
* checking whether the package can be loaded ... OK
* checking whether the package can be loaded with stated dependencies ... OK
* checking whether the package can be unloaded cleanly ... OK
* checking whether the namespace can be loaded with stated dependencies ... OK
* checking whether the namespace can be unloaded cleanly ... OK
* checking dependencies in R code ... OK
* checking S3 generic/method consistency ... OK
* checking replacement functions ... OK
* checking foreign function calls ... OK
* checking R code for possible problems ... OK
* checking Rd files ... OK
* checking Rd metadata ... OK
* checking Rd cross-references ... OK
* checking for missing documentation entries ... OK
* checking for code/documentation mismatches ... OK
* checking Rd \usage sections ... OK
* checking Rd contents ... OK
* checking for unstated dependencies in examples ... OK
* checking contents of ‘data’ directory ... OK
* checking data for non-ASCII characters ... OK
* checking LazyData ... OK
* checking data for ASCII and uncompressed saves ... OK
* checking line endings in shell scripts ... OK
* checking line endings in C/C++/Fortran sources/headers ... OK
* checking line endings in Makefiles ... OK
* checking compilation flags in Makevars ... WARNING
Non-portable flags in variable 'PKG_CFLAGS':
  -Werror=implicit-function-declaration
* checking for GNU extensions in Makefiles ... OK
* checking for portable use of $(BLAS_LIBS) and $(LAPACK_LIBS) ... OK
* checking use of PKG_*FLAGS in Makefiles ... OK
* checking compiled code ... NOTE
Note: information on .o files is not available
* checking installed files from ‘inst/doc’ ... OK
* checking files in ‘vignettes’ ... OK
* checking examples ... OK
* checking for unstated dependencies in ‘tests’ ... OK
* checking tests ...
  Running ‘runTests.R’
 OK
* checking for unstated dependencies in vignettes ... OK
* checking package vignettes in ‘inst/doc’ ... OK
* checking running R code from vignettes ... SKIPPED
* checking re-building of vignette outputs ... SKIPPED
* checking PDF version of manual ... OK
* DONE

Status: 1 WARNING, 1 NOTE
See
  ‘/home/biocbuild/bbs-3.13-bioc/meat/qpgraph.Rcheck/00check.log’
for details.



Installation output

qpgraph.Rcheck/00install.out

##############################################################################
##############################################################################
###
### Running command:
###
###   /home/biocbuild/bbs-3.13-bioc/R/bin/R CMD INSTALL qpgraph
###
##############################################################################
##############################################################################


* installing to library ‘/home/biocbuild/bbs-3.13-bioc/R/library’
* installing *source* package ‘qpgraph’ ...
** using staged installation
checking for gcc... gcc
checking for C compiler default output file name... a.out
checking whether the C compiler works... yes
checking whether we are cross compiling... no
checking for suffix of executables... 
checking for suffix of object files... o
checking whether we are using the GNU C compiler... yes
checking whether gcc accepts -g... yes
checking for gcc option to accept ANSI C... none needed
checking build system type... x86_64-pc-linux-gnu
checking host system type... x86_64-pc-linux-gnu
configure: creating ./config.status
config.status: creating src/Makevars
** libs
gcc -I"/home/biocbuild/bbs-3.13-bioc/R/include" -DNDEBUG -I/usr/local/include  -I/usr/local/include  -g -O2 -Wall -Wall -pedantic -Werror=implicit-function-declaration -fpic  -g -O2  -Wall -c cliquer.c -o cliquer.o
gcc -I"/home/biocbuild/bbs-3.13-bioc/R/include" -DNDEBUG -I/usr/local/include  -I/usr/local/include  -g -O2 -Wall -Wall -pedantic -Werror=implicit-function-declaration -fpic  -g -O2  -Wall -c graph.c -o graph.o
gcc -I"/home/biocbuild/bbs-3.13-bioc/R/include" -DNDEBUG -I/usr/local/include  -I/usr/local/include  -g -O2 -Wall -Wall -pedantic -Werror=implicit-function-declaration -fpic  -g -O2  -Wall -c qpgraph.c -o qpgraph.o
gcc -I"/home/biocbuild/bbs-3.13-bioc/R/include" -DNDEBUG -I/usr/local/include  -I/usr/local/include  -g -O2 -Wall -Wall -pedantic -Werror=implicit-function-declaration -fpic  -g -O2  -Wall -c reorder.c -o reorder.o
gcc -shared -L/home/biocbuild/bbs-3.13-bioc/R/lib -L/usr/local/lib -o qpgraph.so cliquer.o graph.o qpgraph.o reorder.o -L/home/biocbuild/bbs-3.13-bioc/R/lib -lRlapack -L/home/biocbuild/bbs-3.13-bioc/R/lib -lRblas -lgfortran -lm -lquadmath -L/home/biocbuild/bbs-3.13-bioc/R/lib -lR
installing to /home/biocbuild/bbs-3.13-bioc/R/library/00LOCK-qpgraph/00new/qpgraph/libs
** R
** data
*** moving datasets to lazyload DB
** inst
** byte-compile and prepare package for lazy loading
No methods found in package ‘GenomicRanges’ for request: ‘c’ when loading ‘qpgraph’
Creating a generic function for ‘det’ from package ‘Matrix’ in package ‘qpgraph’
** help
*** installing help indices
** building package indices
** installing vignettes
   ‘eQTLnetworks.Rnw’ 
   ‘qpTxRegNet.Rnw’ 
   ‘qpgraphSimulate.Rnw’ 
** testing if installed package can be loaded from temporary location
No methods found in package ‘GenomicRanges’ for request: ‘c’ when loading ‘qpgraph’
** checking absolute paths in shared objects and dynamic libraries
** testing if installed package can be loaded from final location
No methods found in package ‘GenomicRanges’ for request: ‘c’ when loading ‘qpgraph’
** testing if installed package keeps a record of temporary installation path
* DONE (qpgraph)

Tests output

qpgraph.Rcheck/tests/runTests.Rout


R version 4.1.0 (2021-05-18) -- "Camp Pontanezen"
Copyright (C) 2021 The R Foundation for Statistical Computing
Platform: x86_64-pc-linux-gnu (64-bit)

R is free software and comes with ABSOLUTELY NO WARRANTY.
You are welcome to redistribute it under certain conditions.
Type 'license()' or 'licence()' for distribution details.

R is a collaborative project with many contributors.
Type 'contributors()' for more information and
'citation()' on how to cite R or R packages in publications.

Type 'demo()' for some demos, 'help()' for on-line help, or
'help.start()' for an HTML browser interface to help.
Type 'q()' to quit R.

> BiocGenerics:::testPackage("qpgraph")
No methods found in package 'GenomicRanges' for request: 'c' when loading 'qpgraph'
Using t tests for zero partial regression coefficients.
Using exact likelihood ratio tests.


RUNIT TEST PROTOCOL -- Tue Jun 15 13:14:54 2021 
*********************************************** 
Number of test functions: 3 
Number of errors: 0 
Number of failures: 0 

 
1 Test Suite : 
qpgraph RUnit Tests - 3 test functions, 0 errors, 0 failures
Number of test functions: 3 
Number of errors: 0 
Number of failures: 0 
> 
> proc.time()
   user  system elapsed 
 14.714   0.614  15.315 

Example timings

qpgraph.Rcheck/qpgraph-Ex.timings

nameusersystemelapsed
EcoliOxygen0.0020.0000.002
filterCollinearities0.1070.0000.107
qpAllCItests0.2690.0040.273
qpAnyGraph0.0870.0040.091
qpAvgNrr1.1540.0101.164
qpBoundary0.1890.0000.188
qpCItest0.9450.0120.957
qpClique0.1830.0000.183
qpCliqueNumber0.3060.0160.322
qpCov0.0690.0080.076
qpEdgeNrr0.0640.0080.072
qpFunctionalCoherence0.0010.0000.001
qpG2Sigma0.010.000.01
qpGenNrr0.3440.0200.364
qpGetCliques0.2370.0080.245
qpGraphDensity0.170.000.17
qpHTF0.0730.0020.076
qpHist0.1530.0000.153
qpIPF0.0940.0080.102
qpK2ParCor0.0560.0030.059
qpNrr0.0880.0160.104
qpPAC0.2020.0000.202
qpPCC0.0830.0080.091
qpPRscoreThreshold0.0800.0160.096
qpPathWeight0.0400.0160.057
qpPlotMap0.0390.0080.047
qpPlotNetwork000
qpPrecisionRecall0.1350.0000.136
qpRndGraph0.0060.0030.009
qpRndWishart0.0090.0000.009
qpTopPairs0.0000.0030.002
qpUnifRndAssociation0.0020.0000.002
qpUpdateCliquesRemoving000