Back to Multiple platform build/check report for BioC 3.13
ABCDEFGHIJKLMNO[P]QRSTUVWXYZ

This page was generated on 2021-07-21 15:05:31 -0400 (Wed, 21 Jul 2021).

CHECK results for pathview on tokay2

To the developers/maintainers of the pathview package:
- Please allow up to 24 hours (and sometimes 48 hours) for your latest push to git@git.bioconductor.org:packages/pathview.git to
reflect on this report. See How and When does the builder pull? When will my changes propagate? here for more information.
- Make sure to use the following settings in order to reproduce any error or warning you see on this page.

raw results

Package 1353/2041HostnameOS / ArchINSTALLBUILDCHECKBUILD BIN
pathview 1.32.0  (landing page)
Weijun Luo
Snapshot Date: 2021-07-20 04:50:13 -0400 (Tue, 20 Jul 2021)
URL: https://git.bioconductor.org/packages/pathview
Branch: RELEASE_3_13
Last Commit: ec7e0e1
Last Changed Date: 2021-05-19 11:58:02 -0400 (Wed, 19 May 2021)
nebbiolo1Linux (Ubuntu 20.04.2 LTS) / x86_64  OK    OK    WARNINGS  UNNEEDED, same version is already published
tokay2Windows Server 2012 R2 Standard / x64  OK    OK    WARNINGS    OK  UNNEEDED, same version is already published
machv2macOS 10.14.6 Mojave / x86_64  OK    OK    WARNINGS    OK  UNNEEDED, same version is already published

Summary

Package: pathview
Version: 1.32.0
Command: C:\Users\biocbuild\bbs-3.13-bioc\R\bin\R.exe CMD check --force-multiarch --install=check:pathview.install-out.txt --library=C:\Users\biocbuild\bbs-3.13-bioc\R\library --no-vignettes --timings pathview_1.32.0.tar.gz
StartedAt: 2021-07-21 04:05:10 -0400 (Wed, 21 Jul 2021)
EndedAt: 2021-07-21 04:08:53 -0400 (Wed, 21 Jul 2021)
EllapsedTime: 223.4 seconds
RetCode: 0
Status:   WARNINGS  
CheckDir: pathview.Rcheck
Warnings: 1

Command output

##############################################################################
##############################################################################
###
### Running command:
###
###   C:\Users\biocbuild\bbs-3.13-bioc\R\bin\R.exe CMD check --force-multiarch --install=check:pathview.install-out.txt --library=C:\Users\biocbuild\bbs-3.13-bioc\R\library --no-vignettes --timings pathview_1.32.0.tar.gz
###
##############################################################################
##############################################################################


* using log directory 'C:/Users/biocbuild/bbs-3.13-bioc/meat/pathview.Rcheck'
* using R version 4.1.0 (2021-05-18)
* using platform: x86_64-w64-mingw32 (64-bit)
* using session charset: ISO8859-1
* using option '--no-vignettes'
* checking for file 'pathview/DESCRIPTION' ... OK
* checking extension type ... Package
* this is package 'pathview' version '1.32.0'
* checking package namespace information ... OK
* checking package dependencies ... OK
* checking if this is a source package ... OK
* checking if there is a namespace ... OK
* checking for hidden files and directories ... OK
* checking for portable file names ... OK
* checking whether package 'pathview' can be installed ... OK
* checking installed package size ... OK
* checking package directory ... OK
* checking 'build' directory ... OK
* checking DESCRIPTION meta-information ... OK
* checking top-level files ... OK
* checking for left-over files ... OK
* checking index information ... OK
* checking package subdirectories ... OK
* checking R files for non-ASCII characters ... OK
* checking R files for syntax errors ... OK
* loading checks for arch 'i386'
** checking whether the package can be loaded ... OK
** checking whether the package can be loaded with stated dependencies ... OK
** checking whether the package can be unloaded cleanly ... OK
** checking whether the namespace can be loaded with stated dependencies ... OK
** checking whether the namespace can be unloaded cleanly ... OK
* loading checks for arch 'x64'
** checking whether the package can be loaded ... OK
** checking whether the package can be loaded with stated dependencies ... OK
** checking whether the package can be unloaded cleanly ... OK
** checking whether the namespace can be loaded with stated dependencies ... OK
** checking whether the namespace can be unloaded cleanly ... OK
* checking dependencies in R code ... WARNING
'::' or ':::' import not declared from: 'BiocManager'
* checking S3 generic/method consistency ... OK
* checking replacement functions ... OK
* checking foreign function calls ... OK
* checking R code for possible problems ... NOTE
File 'pathview/R/zzz.R':
  .onLoad calls:
    installed.packages()
    packageStartupMessage(wordwrap(disclaimer, 80))

Package startup functions should not call 'installed.packages'.
See section 'Good practice' in '?.onAttach'.

Warning in formals(fun) : argument is not a function
Warning in body(fun) : argument is not a function
col.key: no visible binding for global variable 'node.sizes'
cpd2kegg: no visible binding for global variable 'rn.list'
cpdidmap: no visible binding for global variable 'cpd.accs'
cpdkegg2name: no visible binding for global variable 'kegg.met'
cpdname2kegg: no visible binding for global variable 'cpd.names'
download.kegg: no visible global function definition for
  'download.file'
eg2id: no visible binding for global variable 'gene.idtype.list'
geneannot.map: no visible binding for global variable 'bods'
id2eg: no visible binding for global variable 'gene.idtype.list'
kegg.species.code: no visible binding for global variable 'korg.1'
pathview: no visible binding for global variable 'bods'
pathview: no visible binding for global variable 'gene.idtype.bods'
pathview: no visible binding for global variable 'rn.list'
sim.mol.data: no visible binding for global variable 'bods'
sim.mol.data: no visible binding for global variable 'gene.idtype.bods'
sim.mol.data: no visible binding for global variable 'cpd.accs'
sim.mol.data: no visible binding for global variable 'cpd.simtypes'
sim.mol.data: no visible binding for global variable 'rn.list'
sim.mol.data: no visible binding for global variable 'ko.ids'
Undefined global functions or variables:
  bods cpd.accs cpd.names cpd.simtypes download.file gene.idtype.bods
  gene.idtype.list kegg.met ko.ids korg.1 node.sizes rn.list
Consider adding
  importFrom("utils", "download.file")
to your NAMESPACE file.
* checking Rd files ... OK
* checking Rd metadata ... OK
* checking Rd cross-references ... OK
* checking for missing documentation entries ... OK
* checking for code/documentation mismatches ... OK
* checking Rd \usage sections ... OK
* checking Rd contents ... OK
* checking for unstated dependencies in examples ... OK
* checking contents of 'data' directory ... OK
* checking data for non-ASCII characters ... OK
* checking LazyData ... OK
* checking data for ASCII and uncompressed saves ... OK
* checking files in 'vignettes' ... OK
* checking examples ...
** running examples for arch 'i386' ... OK
Examples with CPU (user + system) or elapsed time > 5s
             user system elapsed
pathview     8.83   2.16   11.39
sim.mol.data 0.80   0.03    6.49
** running examples for arch 'x64' ... OK
Examples with CPU (user + system) or elapsed time > 5s
              user system elapsed
pathview     11.78   2.61   14.80
sim.mol.data  0.66   0.00    5.62
* checking for unstated dependencies in 'tests' ... OK
* checking tests ...
** running tests for arch 'i386' ...
  Running 'runTests.R'
 OK
** running tests for arch 'x64' ...
  Running 'runTests.R'
 OK
* checking for unstated dependencies in vignettes ... OK
* checking package vignettes in 'inst/doc' ... OK
* checking running R code from vignettes ... SKIPPED
* checking re-building of vignette outputs ... SKIPPED
* checking PDF version of manual ... OK
* DONE

Status: 1 WARNING, 1 NOTE
See
  'C:/Users/biocbuild/bbs-3.13-bioc/meat/pathview.Rcheck/00check.log'
for details.



Installation output

pathview.Rcheck/00install.out

##############################################################################
##############################################################################
###
### Running command:
###
###   C:\cygwin\bin\curl.exe -O http://155.52.207.165/BBS/3.13/bioc/src/contrib/pathview_1.32.0.tar.gz && rm -rf pathview.buildbin-libdir && mkdir pathview.buildbin-libdir && C:\Users\biocbuild\bbs-3.13-bioc\R\bin\R.exe CMD INSTALL --merge-multiarch --build --library=pathview.buildbin-libdir pathview_1.32.0.tar.gz && C:\Users\biocbuild\bbs-3.13-bioc\R\bin\R.exe CMD INSTALL pathview_1.32.0.zip && rm pathview_1.32.0.tar.gz pathview_1.32.0.zip
###
##############################################################################
##############################################################################


  % Total    % Received % Xferd  Average Speed   Time    Time     Time  Current
                                 Dload  Upload   Total   Spent    Left  Speed

  0     0    0     0    0     0      0      0 --:--:-- --:--:-- --:--:--     0
 11 2183k   11  245k    0     0  1348k      0  0:00:01 --:--:--  0:00:01 1347k
100 2183k  100 2183k    0     0  3324k      0 --:--:-- --:--:-- --:--:-- 3323k

install for i386

* installing *source* package 'pathview' ...
** using staged installation
** R
** data
*** moving datasets to lazyload DB
** inst
** byte-compile and prepare package for lazy loading
** help
*** installing help indices
  converting help for package 'pathview'
    finding HTML links ... done
    combineKEGGnodes                        html  
    cpd.accs                                html  
    cpdidmap                                html  
    demo.data                               html  
    download.kegg                           html  
    eg2id                                   html  
    kegg.species.code                       html  
    korg                                    html  
    mol.sum                                 html  
    node.color                              html  
    node.info                               html  
    node.map                                html  
    pathview-internal                       html  
    pathview-package                        html  
    pathview                                html  
    sim.mol.data                            html  
    wordwrap                                html  
** building package indices
** installing vignettes
** testing if installed package can be loaded from temporary location
** testing if installed package can be loaded from final location
** testing if installed package keeps a record of temporary installation path

install for x64

* installing *source* package 'pathview' ...
** testing if installed package can be loaded
* MD5 sums
packaged installation of 'pathview' as pathview_1.32.0.zip
* DONE (pathview)
* installing to library 'C:/Users/biocbuild/bbs-3.13-bioc/R/library'
package 'pathview' successfully unpacked and MD5 sums checked

Tests output

pathview.Rcheck/tests_i386/runTests.Rout


R version 4.1.0 (2021-05-18) -- "Camp Pontanezen"
Copyright (C) 2021 The R Foundation for Statistical Computing
Platform: i386-w64-mingw32/i386 (32-bit)

R is free software and comes with ABSOLUTELY NO WARRANTY.
You are welcome to redistribute it under certain conditions.
Type 'license()' or 'licence()' for distribution details.

R is a collaborative project with many contributors.
Type 'contributors()' for more information and
'citation()' on how to cite R or R packages in publications.

Type 'demo()' for some demos, 'help()' for on-line help, or
'help.start()' for an HTML browser interface to help.
Type 'q()' to quit R.

> BiocGenerics:::testPackage("pathview")

##############################################################################
Pathview is an open source software package distributed under GNU General
Public License version 3 (GPLv3). Details of GPLv3 is available at
http://www.gnu.org/licenses/gpl-3.0.html. Particullary, users are required to
formally cite the original Pathview paper (not just mention it) in publications
or products. For details, do citation("pathview") within R.

The pathview downloads and uses KEGG data. Non-academic uses may require a KEGG
license agreement (details at http://www.kegg.jp/kegg/legal.html).
##############################################################################
Note: multiple compounds may map to a input ID, only the first one kept!
Note: None of the compound ids mapped to the specified type!
Note: A native KEGG compound ID type, no need to map!
'select()' returned 1:1 mapping between keys and columns
'select()' returned 1:1 mapping between keys and columns
[1] "Note: 3 of 6 unique input IDs unmapped."
'select()' returned 1:1 mapping between keys and columns
'select()' returned 1:1 mapping between keys and columns
[1] "Note: 3 of 6 unique input IDs unmapped."


RUNIT TEST PROTOCOL -- Wed Jul 21 04:08:40 2021 
*********************************************** 
Number of test functions: 3 
Number of errors: 0 
Number of failures: 0 

 
1 Test Suite : 
pathview RUnit Tests - 3 test functions, 0 errors, 0 failures
Number of test functions: 3 
Number of errors: 0 
Number of failures: 0 
> 
> proc.time()
   user  system elapsed 
   5.90    0.46    6.36 

pathview.Rcheck/tests_x64/runTests.Rout


R version 4.1.0 (2021-05-18) -- "Camp Pontanezen"
Copyright (C) 2021 The R Foundation for Statistical Computing
Platform: x86_64-w64-mingw32/x64 (64-bit)

R is free software and comes with ABSOLUTELY NO WARRANTY.
You are welcome to redistribute it under certain conditions.
Type 'license()' or 'licence()' for distribution details.

R is a collaborative project with many contributors.
Type 'contributors()' for more information and
'citation()' on how to cite R or R packages in publications.

Type 'demo()' for some demos, 'help()' for on-line help, or
'help.start()' for an HTML browser interface to help.
Type 'q()' to quit R.

> BiocGenerics:::testPackage("pathview")

##############################################################################
Pathview is an open source software package distributed under GNU General
Public License version 3 (GPLv3). Details of GPLv3 is available at
http://www.gnu.org/licenses/gpl-3.0.html. Particullary, users are required to
formally cite the original Pathview paper (not just mention it) in publications
or products. For details, do citation("pathview") within R.

The pathview downloads and uses KEGG data. Non-academic uses may require a KEGG
license agreement (details at http://www.kegg.jp/kegg/legal.html).
##############################################################################
Note: multiple compounds may map to a input ID, only the first one kept!
Note: None of the compound ids mapped to the specified type!
Note: A native KEGG compound ID type, no need to map!
'select()' returned 1:1 mapping between keys and columns
'select()' returned 1:1 mapping between keys and columns
[1] "Note: 3 of 6 unique input IDs unmapped."
'select()' returned 1:1 mapping between keys and columns
'select()' returned 1:1 mapping between keys and columns
[1] "Note: 3 of 6 unique input IDs unmapped."


RUNIT TEST PROTOCOL -- Wed Jul 21 04:08:46 2021 
*********************************************** 
Number of test functions: 3 
Number of errors: 0 
Number of failures: 0 

 
1 Test Suite : 
pathview RUnit Tests - 3 test functions, 0 errors, 0 failures
Number of test functions: 3 
Number of errors: 0 
Number of failures: 0 
> 
> proc.time()
   user  system elapsed 
   5.48    0.34    5.81 

Example timings

pathview.Rcheck/examples_i386/pathview-Ex.timings

nameusersystemelapsed
cpd.accs0.060.010.08
cpdidmap0.160.020.17
download.kegg0.030.001.74
eg2id1.640.061.72
kegg.species.code0.080.020.42
korg0.050.000.04
mol.sum0.650.080.74
node.color0.780.090.92
node.info0.350.000.34
node.map0.180.000.19
pathview 8.83 2.1611.39
sim.mol.data0.800.036.49
wordwrap000

pathview.Rcheck/examples_x64/pathview-Ex.timings

nameusersystemelapsed
cpd.accs0.080.000.07
cpdidmap0.350.020.36
download.kegg0.000.011.44
eg2id1.800.051.84
kegg.species.code0.080.010.42
korg0.040.000.05
mol.sum0.710.020.72
node.color0.180.000.18
node.info0.390.020.41
node.map0.220.000.22
pathview11.78 2.6114.80
sim.mol.data0.660.005.62
wordwrap000