Back to Multiple platform build/check report for BioC 3.13
A[B]CDEFGHIJKLMNOPQRSTUVWXYZ

This page was generated on 2021-06-21 14:04:47 -0400 (Mon, 21 Jun 2021).

CHECK results for biscuiteer on nebbiolo1

To the developers/maintainers of the biscuiteer package:
- Please allow up to 24 hours (and sometimes 48 hours) for your latest push to git@git.bioconductor.org:packages/biscuiteer.git to
reflect on this report. See How and When does the builder pull? When will my changes propagate? here for more information.
- Make sure to use the following settings in order to reproduce any error or warning you see on this page.

raw results

Package 195/2041HostnameOS / ArchINSTALLBUILDCHECKBUILD BIN
biscuiteer 1.6.0  (landing page)
"Jacob Morrison"
Snapshot Date: 2021-06-20 06:50:09 -0400 (Sun, 20 Jun 2021)
URL: https://git.bioconductor.org/packages/biscuiteer
Branch: RELEASE_3_13
Last Commit: 6d86b7b
Last Changed Date: 2021-05-19 12:47:26 -0400 (Wed, 19 May 2021)
nebbiolo1Linux (Ubuntu 20.04.2 LTS) / x86_64  OK    OK    WARNINGS  UNNEEDED, same version is already published
tokay2Windows Server 2012 R2 Standard / x64  OK    OK    WARNINGS    OK  UNNEEDED, same version is already published
machv2macOS 10.14.6 Mojave / x86_64  OK    OK    WARNINGS    OK  UNNEEDED, same version is already published

Summary

Package: biscuiteer
Version: 1.6.0
Command: /home/biocbuild/bbs-3.13-bioc/R/bin/R CMD check --install=check:biscuiteer.install-out.txt --library=/home/biocbuild/bbs-3.13-bioc/R/library --no-vignettes --timings biscuiteer_1.6.0.tar.gz
StartedAt: 2021-06-20 11:08:06 -0400 (Sun, 20 Jun 2021)
EndedAt: 2021-06-20 11:16:41 -0400 (Sun, 20 Jun 2021)
EllapsedTime: 514.8 seconds
RetCode: 0
Status:   WARNINGS  
CheckDir: biscuiteer.Rcheck
Warnings: 1

Command output

##############################################################################
##############################################################################
###
### Running command:
###
###   /home/biocbuild/bbs-3.13-bioc/R/bin/R CMD check --install=check:biscuiteer.install-out.txt --library=/home/biocbuild/bbs-3.13-bioc/R/library --no-vignettes --timings biscuiteer_1.6.0.tar.gz
###
##############################################################################
##############################################################################


* using log directory ‘/home/biocbuild/bbs-3.13-bioc/meat/biscuiteer.Rcheck’
* using R version 4.1.0 (2021-05-18)
* using platform: x86_64-pc-linux-gnu (64-bit)
* using session charset: UTF-8
* using option ‘--no-vignettes’
* checking for file ‘biscuiteer/DESCRIPTION’ ... OK
* checking extension type ... Package
* this is package ‘biscuiteer’ version ‘1.6.0’
* package encoding: UTF-8
* checking package namespace information ... OK
* checking package dependencies ... OK
* checking if this is a source package ... OK
* checking if there is a namespace ... OK
* checking for hidden files and directories ... OK
* checking for portable file names ... OK
* checking for sufficient/correct file permissions ... OK
* checking whether package ‘biscuiteer’ can be installed ... WARNING
Found the following significant warnings:
  Warning: replacing previous import ‘BiocParallel::bpstart’ by ‘QDNAseq::bpstart’ when loading ‘biscuiteer’
See ‘/home/biocbuild/bbs-3.13-bioc/meat/biscuiteer.Rcheck/00install.out’ for details.
* checking installed package size ... NOTE
  installed size is  5.2Mb
  sub-directories of 1Mb or more:
    data      1.1Mb
    extdata   3.5Mb
* checking package directory ... OK
* checking ‘build’ directory ... OK
* checking DESCRIPTION meta-information ... OK
* checking top-level files ... OK
* checking for left-over files ... OK
* checking index information ... OK
* checking package subdirectories ... OK
* checking R files for non-ASCII characters ... OK
* checking R files for syntax errors ... OK
* checking whether the package can be loaded ... OK
* checking whether the package can be loaded with stated dependencies ... OK
* checking whether the package can be unloaded cleanly ... OK
* checking whether the namespace can be loaded with stated dependencies ... OK
* checking whether the namespace can be unloaded cleanly ... OK
* checking dependencies in R code ... NOTE
Unexported object imported by a ':::' call: ‘QDNAseq:::expectedVariance’
  See the note in ?`:::` about the use of this operator.
* checking S3 generic/method consistency ... OK
* checking replacement functions ... OK
* checking foreign function calls ... OK
* checking R code for possible problems ... OK
* checking Rd files ... OK
* checking Rd metadata ... OK
* checking Rd cross-references ... OK
* checking for missing documentation entries ... OK
* checking for code/documentation mismatches ... OK
* checking Rd \usage sections ... OK
* checking Rd contents ... OK
* checking for unstated dependencies in examples ... OK
* checking contents of ‘data’ directory ... OK
* checking data for non-ASCII characters ... OK
* checking data for ASCII and uncompressed saves ... OK
* checking installed files from ‘inst/doc’ ... OK
* checking files in ‘vignettes’ ... OK
* checking examples ... OK
Examples with CPU (user + system) or elapsed time > 5s
                user system elapsed
CpGindex      14.766  1.179  16.336
RRBSeq         9.552  0.868  10.465
byExtremality  8.332  0.396   8.635
WGBSage        8.192  0.459   8.565
filterLoci     7.743  0.258   7.910
WGBSeq         6.663  0.304   6.970
unionize       5.932  0.156   6.003
* checking for unstated dependencies in ‘tests’ ... OK
* checking tests ...
  Running ‘testthat.R’
 OK
* checking for unstated dependencies in vignettes ... OK
* checking package vignettes in ‘inst/doc’ ... OK
* checking running R code from vignettes ... SKIPPED
* checking re-building of vignette outputs ... SKIPPED
* checking PDF version of manual ... OK
* DONE

Status: 1 WARNING, 2 NOTEs
See
  ‘/home/biocbuild/bbs-3.13-bioc/meat/biscuiteer.Rcheck/00check.log’
for details.



Installation output

biscuiteer.Rcheck/00install.out

##############################################################################
##############################################################################
###
### Running command:
###
###   /home/biocbuild/bbs-3.13-bioc/R/bin/R CMD INSTALL biscuiteer
###
##############################################################################
##############################################################################


* installing to library ‘/home/biocbuild/bbs-3.13-bioc/R/library’
* installing *source* package ‘biscuiteer’ ...
** using staged installation
** R
** data
** inst
** byte-compile and prepare package for lazy loading
Warning: replacing previous import ‘BiocParallel::bpstart’ by ‘QDNAseq::bpstart’ when loading ‘biscuiteer’
Warning: replacing previous import ‘AnnotationHub::hubUrl’ by ‘rtracklayer::hubUrl’ when loading ‘annotatr’
** help
*** installing help indices
** building package indices
** installing vignettes
   ‘biscuiteer.Rmd’ using ‘UTF-8’ 
** testing if installed package can be loaded from temporary location
Warning: replacing previous import ‘BiocParallel::bpstart’ by ‘QDNAseq::bpstart’ when loading ‘biscuiteer’
Warning: replacing previous import ‘AnnotationHub::hubUrl’ by ‘rtracklayer::hubUrl’ when loading ‘annotatr’
** testing if installed package can be loaded from final location
Warning: replacing previous import ‘BiocParallel::bpstart’ by ‘QDNAseq::bpstart’ when loading ‘biscuiteer’
Warning: replacing previous import ‘AnnotationHub::hubUrl’ by ‘rtracklayer::hubUrl’ when loading ‘annotatr’
** testing if installed package keeps a record of temporary installation path
* DONE (biscuiteer)

Tests output

biscuiteer.Rcheck/tests/testthat.Rout


R version 4.1.0 (2021-05-18) -- "Camp Pontanezen"
Copyright (C) 2021 The R Foundation for Statistical Computing
Platform: x86_64-pc-linux-gnu (64-bit)

R is free software and comes with ABSOLUTELY NO WARRANTY.
You are welcome to redistribute it under certain conditions.
Type 'license()' or 'licence()' for distribution details.

R is a collaborative project with many contributors.
Type 'contributors()' for more information and
'citation()' on how to cite R or R packages in publications.

Type 'demo()' for some demos, 'help()' for on-line help, or
'help.start()' for an HTML browser interface to help.
Type 'q()' to quit R.

> library(testthat)
> library(biscuiteer)
Loading required package: biscuiteerData
Loading required package: ExperimentHub
Loading required package: BiocGenerics
Loading required package: parallel

Attaching package: 'BiocGenerics'

The following objects are masked from 'package:parallel':

    clusterApply, clusterApplyLB, clusterCall, clusterEvalQ,
    clusterExport, clusterMap, parApply, parCapply, parLapply,
    parLapplyLB, parRapply, parSapply, parSapplyLB

The following objects are masked from 'package:stats':

    IQR, mad, sd, var, xtabs

The following objects are masked from 'package:base':

    Filter, Find, Map, Position, Reduce, anyDuplicated, append,
    as.data.frame, basename, cbind, colnames, dirname, do.call,
    duplicated, eval, evalq, get, grep, grepl, intersect, is.unsorted,
    lapply, mapply, match, mget, order, paste, pmax, pmax.int, pmin,
    pmin.int, rank, rbind, rownames, sapply, setdiff, sort, table,
    tapply, union, unique, unsplit, which.max, which.min

Loading required package: AnnotationHub
Loading required package: BiocFileCache
Loading required package: dbplyr
Loading biscuiteerData.
Loading required package: bsseq
Loading required package: GenomicRanges
Loading required package: stats4
Loading required package: S4Vectors

Attaching package: 'S4Vectors'

The following objects are masked from 'package:base':

    I, expand.grid, unname

Loading required package: IRanges
Loading required package: GenomeInfoDb
Loading required package: SummarizedExperiment
Loading required package: MatrixGenerics
Loading required package: matrixStats

Attaching package: 'MatrixGenerics'

The following objects are masked from 'package:matrixStats':

    colAlls, colAnyNAs, colAnys, colAvgsPerRowSet, colCollapse,
    colCounts, colCummaxs, colCummins, colCumprods, colCumsums,
    colDiffs, colIQRDiffs, colIQRs, colLogSumExps, colMadDiffs,
    colMads, colMaxs, colMeans2, colMedians, colMins, colOrderStats,
    colProds, colQuantiles, colRanges, colRanks, colSdDiffs, colSds,
    colSums2, colTabulates, colVarDiffs, colVars, colWeightedMads,
    colWeightedMeans, colWeightedMedians, colWeightedSds,
    colWeightedVars, rowAlls, rowAnyNAs, rowAnys, rowAvgsPerColSet,
    rowCollapse, rowCounts, rowCummaxs, rowCummins, rowCumprods,
    rowCumsums, rowDiffs, rowIQRDiffs, rowIQRs, rowLogSumExps,
    rowMadDiffs, rowMads, rowMaxs, rowMeans2, rowMedians, rowMins,
    rowOrderStats, rowProds, rowQuantiles, rowRanges, rowRanks,
    rowSdDiffs, rowSds, rowSums2, rowTabulates, rowVarDiffs, rowVars,
    rowWeightedMads, rowWeightedMeans, rowWeightedMedians,
    rowWeightedSds, rowWeightedVars

Loading required package: Biobase
Welcome to Bioconductor

    Vignettes contain introductory material; view with
    'browseVignettes()'. To cite Bioconductor, see
    'citation("Biobase")', and for packages 'citation("pkgname")'.


Attaching package: 'Biobase'

The following object is masked from 'package:MatrixGenerics':

    rowMedians

The following objects are masked from 'package:matrixStats':

    anyMissing, rowMedians

The following object is masked from 'package:ExperimentHub':

    cache

The following object is masked from 'package:AnnotationHub':

    cache




Warning messages:
1: replacing previous import 'BiocParallel::bpstart' by 'QDNAseq::bpstart' when loading 'biscuiteer' 
2: replacing previous import 'AnnotationHub::hubUrl' by 'rtracklayer::hubUrl' when loading 'annotatr' 
> 
> test_check("biscuiteer")
[ FAIL 0 | WARN 0 | SKIP 0 | PASS 1 ]
> 
> proc.time()
   user  system elapsed 
 25.342   0.938  26.979 

Example timings

biscuiteer.Rcheck/biscuiteer-Ex.timings

nameusersystemelapsed
CpGindex14.766 1.17916.336
RRBSeq 9.552 0.86810.465
WGBSage8.1920.4598.565
WGBSeq6.6630.3046.970
atRegions2.1800.1282.261
binCoverage4.2320.3954.581
biscuitMetadata2.3050.0292.282
biscuiteer-package1.9690.0681.989
byChromArm2.8500.1002.903
byExtremality8.3320.3968.635
checkBiscuitBED0.1900.0040.195
condenseSampleNames0.0880.0000.088
extremality0.0010.0000.000
fexpit0.0030.0020.004
filterLoci7.7430.2587.910
fixAge0.0670.0000.067
fixNAs0.0000.0020.002
flogit0.0020.0000.002
getClock0.0620.0040.066
getLogitFracMeth4.0800.1684.200
grToSeg0.070.000.07
makeBSseq2.3970.0612.410
readBiscuit2.6080.0562.618
segToGr0.0890.0040.093
simplifySampleNames2.1390.0392.137
summarizeBsSeqOver2.4500.0652.469
unionize5.9320.1566.003