Back to Multiple platform build/check report for BioC 3.13
ABCDEFGHIJKLMNOPQR[S]TUVWXYZ

This page was generated on 2021-07-23 15:06:23 -0400 (Fri, 23 Jul 2021).

CHECK results for StarBioTrek on tokay2

To the developers/maintainers of the StarBioTrek package:
- Please allow up to 24 hours (and sometimes 48 hours) for your latest push to git@git.bioconductor.org:packages/StarBioTrek.git to
reflect on this report. See How and When does the builder pull? When will my changes propagate? here for more information.
- Make sure to use the following settings in order to reproduce any error or warning you see on this page.

raw results

Package 1854/2041HostnameOS / ArchINSTALLBUILDCHECKBUILD BIN
StarBioTrek 1.18.0  (landing page)
Claudia Cava
Snapshot Date: 2021-07-22 04:50:13 -0400 (Thu, 22 Jul 2021)
URL: https://git.bioconductor.org/packages/StarBioTrek
Branch: RELEASE_3_13
Last Commit: 4e39230
Last Changed Date: 2021-05-19 12:24:11 -0400 (Wed, 19 May 2021)
nebbiolo1Linux (Ubuntu 20.04.2 LTS) / x86_64  OK    OK    WARNINGS  UNNEEDED, same version is already published
tokay2Windows Server 2012 R2 Standard / x64  OK    OK    WARNINGS    OK  UNNEEDED, same version is already published
machv2macOS 10.14.6 Mojave / x86_64  OK    OK    WARNINGS    OK  UNNEEDED, same version is already published

Summary

Package: StarBioTrek
Version: 1.18.0
Command: C:\Users\biocbuild\bbs-3.13-bioc\R\bin\R.exe CMD check --force-multiarch --install=check:StarBioTrek.install-out.txt --library=C:\Users\biocbuild\bbs-3.13-bioc\R\library --no-vignettes --timings StarBioTrek_1.18.0.tar.gz
StartedAt: 2021-07-23 06:35:32 -0400 (Fri, 23 Jul 2021)
EndedAt: 2021-07-23 06:38:47 -0400 (Fri, 23 Jul 2021)
EllapsedTime: 195.0 seconds
RetCode: 0
Status:   WARNINGS  
CheckDir: StarBioTrek.Rcheck
Warnings: 2

Command output

##############################################################################
##############################################################################
###
### Running command:
###
###   C:\Users\biocbuild\bbs-3.13-bioc\R\bin\R.exe CMD check --force-multiarch --install=check:StarBioTrek.install-out.txt --library=C:\Users\biocbuild\bbs-3.13-bioc\R\library --no-vignettes --timings StarBioTrek_1.18.0.tar.gz
###
##############################################################################
##############################################################################


* using log directory 'C:/Users/biocbuild/bbs-3.13-bioc/meat/StarBioTrek.Rcheck'
* using R version 4.1.0 (2021-05-18)
* using platform: x86_64-w64-mingw32 (64-bit)
* using session charset: ISO8859-1
* using option '--no-vignettes'
* checking for file 'StarBioTrek/DESCRIPTION' ... OK
* checking extension type ... Package
* this is package 'StarBioTrek' version '1.18.0'
* checking package namespace information ... OK
* checking package dependencies ... OK
* checking if this is a source package ... OK
* checking if there is a namespace ... OK
* checking for hidden files and directories ... OK
* checking for portable file names ... OK
* checking whether package 'StarBioTrek' can be installed ... OK
* checking installed package size ... NOTE
  installed size is  5.7Mb
  sub-directories of 1Mb or more:
    data   5.4Mb
* checking package directory ... OK
* checking 'build' directory ... OK
* checking DESCRIPTION meta-information ... OK
* checking top-level files ... OK
* checking for left-over files ... OK
* checking index information ... OK
* checking package subdirectories ... OK
* checking R files for non-ASCII characters ... OK
* checking R files for syntax errors ... OK
* loading checks for arch 'i386'
** checking whether the package can be loaded ... OK
** checking whether the package can be loaded with stated dependencies ... OK
** checking whether the package can be unloaded cleanly ... OK
** checking whether the namespace can be loaded with stated dependencies ... OK
** checking whether the namespace can be unloaded cleanly ... OK
* loading checks for arch 'x64'
** checking whether the package can be loaded ... OK
** checking whether the package can be loaded with stated dependencies ... OK
** checking whether the package can be unloaded cleanly ... OK
** checking whether the namespace can be loaded with stated dependencies ... OK
** checking whether the namespace can be unloaded cleanly ... OK
* checking dependencies in R code ... NOTE
Namespace in Imports field not imported from: 'AnnotationDbi'
  All declared Imports should be used.
* checking S3 generic/method consistency ... OK
* checking replacement functions ... OK
* checking foreign function calls ... OK
* checking R code for possible problems ... NOTE
svm_classification: no visible binding for global variable 'Target'
Undefined global functions or variables:
  Target
* checking Rd files ... OK
* checking Rd metadata ... OK
* checking Rd cross-references ... OK
* checking for missing documentation entries ... OK
* checking for code/documentation mismatches ... OK
* checking Rd \usage sections ... WARNING
Documented arguments not in \usage in documentation object 'svm_classification':
  'Target'

Functions with \usage entries need to have the appropriate \alias
entries, and all their arguments documented.
The \usage entries must correspond to syntactically valid R code.
See chapter 'Writing R documentation files' in the 'Writing R
Extensions' manual.
* checking Rd contents ... OK
* checking for unstated dependencies in examples ... OK
* checking contents of 'data' directory ... OK
* checking data for non-ASCII characters ... OK
* checking LazyData ... WARNING
  LazyData DB of 5.4 MB without LazyDataCompression set
  See ยง1.1.6 of 'Writing R Extensions'
* checking data for ASCII and uncompressed saves ... OK
* checking files in 'vignettes' ... OK
* checking examples ...
** running examples for arch 'i386' ... OK
** running examples for arch 'x64' ... OK
* checking for unstated dependencies in vignettes ... OK
* checking package vignettes in 'inst/doc' ... OK
* checking running R code from vignettes ... SKIPPED
* checking re-building of vignette outputs ... SKIPPED
* checking PDF version of manual ... OK
* DONE

Status: 2 WARNINGs, 3 NOTEs
See
  'C:/Users/biocbuild/bbs-3.13-bioc/meat/StarBioTrek.Rcheck/00check.log'
for details.



Installation output

StarBioTrek.Rcheck/00install.out

##############################################################################
##############################################################################
###
### Running command:
###
###   C:\cygwin\bin\curl.exe -O http://155.52.207.165/BBS/3.13/bioc/src/contrib/StarBioTrek_1.18.0.tar.gz && rm -rf StarBioTrek.buildbin-libdir && mkdir StarBioTrek.buildbin-libdir && C:\Users\biocbuild\bbs-3.13-bioc\R\bin\R.exe CMD INSTALL --merge-multiarch --build --library=StarBioTrek.buildbin-libdir StarBioTrek_1.18.0.tar.gz && C:\Users\biocbuild\bbs-3.13-bioc\R\bin\R.exe CMD INSTALL StarBioTrek_1.18.0.zip && rm StarBioTrek_1.18.0.tar.gz StarBioTrek_1.18.0.zip
###
##############################################################################
##############################################################################


  % Total    % Received % Xferd  Average Speed   Time    Time     Time  Current
                                 Dload  Upload   Total   Spent    Left  Speed

  0     0    0     0    0     0      0      0 --:--:-- --:--:-- --:--:--     0
 37 3982k   37 1510k    0     0  2761k      0  0:00:01 --:--:--  0:00:01 2762k
100 3982k  100 3982k    0     0  3801k      0  0:00:01  0:00:01 --:--:-- 3807k

install for i386

* installing *source* package 'StarBioTrek' ...
** using staged installation
** R
** data
*** moving datasets to lazyload DB
** inst
** byte-compile and prepare package for lazy loading
** help
*** installing help indices
  converting help for package 'StarBioTrek'
    finding HTML links ... done
    ConvertedIDgenes                        html  
    Data_CANCER_normUQ_fil                  html  
    GE_matrix                               html  
    GE_matrix_mean                          html  
    GOChord                                 html  
    GetData                                 html  
    GetPathData                             html  
    GetPathNet                              html  
    IPPI                                    html  
    SelectedSample                          html  
    StarBioTrek                             html  
    average                                 html  
    circleplot                              html  
    dsscorecrtlk                            html  
    eucdistcrtlk                            html  
    getNETdata                              html  
    listpathnet                             html  
    netw                                    html  
    netw_IPPI                               html  
    norm                                    html  
    path                                    html  
    path_KEGG                               html  
    pathnet                                 html  
    pathway                                 html  
    pathway_matrix                          html  
    plotcrosstalk                           html  
    score_euc_dista                         html  
    select_class                            html  
    stdv                                    html  
    svm_classification                      html  
    tumo                                    html  
** building package indices
** installing vignettes
** testing if installed package can be loaded from temporary location
** testing if installed package can be loaded from final location
** testing if installed package keeps a record of temporary installation path

install for x64

* installing *source* package 'StarBioTrek' ...
** testing if installed package can be loaded
* MD5 sums
packaged installation of 'StarBioTrek' as StarBioTrek_1.18.0.zip
* DONE (StarBioTrek)
* installing to library 'C:/Users/biocbuild/bbs-3.13-bioc/R/library'
package 'StarBioTrek' successfully unpacked and MD5 sums checked

Tests output


Example timings

StarBioTrek.Rcheck/examples_i386/StarBioTrek-Ex.timings

nameusersystemelapsed
ConvertedIDgenes2.830.002.83
GE_matrix0.030.020.05
GE_matrix_mean0.030.000.04
GetData000
GetPathData000
GetPathNet000
IPPI000
SelectedSample0.450.000.45
average0.730.160.89
circleplot0.710.000.70
dsscorecrtlk0.010.000.02
eucdistcrtlk0.020.000.01
getNETdata000
listpathnet0.400.000.41
pathnet0.30.00.3
plotcrosstalk0.020.000.01
stdv0.010.000.02
svm_classification000

StarBioTrek.Rcheck/examples_x64/StarBioTrek-Ex.timings

nameusersystemelapsed
ConvertedIDgenes3.250.103.34
GE_matrix0.030.010.05
GE_matrix_mean0.030.000.03
GetData000
GetPathData0.000.020.01
GetPathNet000
IPPI000
SelectedSample0.050.030.08
average0.730.010.75
circleplot0.790.000.78
dsscorecrtlk0.010.000.01
eucdistcrtlk0.020.000.02
getNETdata000
listpathnet0.360.000.36
pathnet0.260.020.28
plotcrosstalk000
stdv0.020.000.02
svm_classification000