Back to Multiple platform build/check report for BioC 3.13
ABCDEFGHIJKLMNOPQ[R]STUVWXYZ

This page was generated on 2021-06-18 14:06:56 -0400 (Fri, 18 Jun 2021).

BUILD results for RDAVIDWebService on machv2

To the developers/maintainers of the RDAVIDWebService package:
- Please allow up to 24 hours (and sometimes 48 hours) for your latest push to git@git.bioconductor.org:packages/RDAVIDWebService.git to
reflect on this report. See How and When does the builder pull? When will my changes propagate? here for more information.
- Make sure to use the following settings in order to reproduce any error or warning you see on this page.

raw results

Package 1528/2041HostnameOS / ArchINSTALLBUILDCHECKBUILD BIN
RDAVIDWebService 1.30.0  (landing page)
Cristobal Fresno
Snapshot Date: 2021-06-17 06:50:12 -0400 (Thu, 17 Jun 2021)
URL: https://git.bioconductor.org/packages/RDAVIDWebService
Branch: RELEASE_3_13
Last Commit: c4e7bae
Last Changed Date: 2021-05-19 11:59:21 -0400 (Wed, 19 May 2021)
nebbiolo1Linux (Ubuntu 20.04.2 LTS) / x86_64  OK    ERROR  skipped
tokay2Windows Server 2012 R2 Standard / x64  OK    ERROR  skippedskipped
machv2macOS 10.14.6 Mojave / x86_64  OK    ERROR  skippedskipped

Summary

Package: RDAVIDWebService
Version: 1.30.0
Command: /Library/Frameworks/R.framework/Versions/Current/Resources/bin/R CMD build --keep-empty-dirs --no-resave-data RDAVIDWebService
StartedAt: 2021-06-17 14:00:04 -0400 (Thu, 17 Jun 2021)
EndedAt: 2021-06-17 14:01:16 -0400 (Thu, 17 Jun 2021)
EllapsedTime: 72.6 seconds
RetCode: 1
Status:   ERROR  
PackageFile: None
PackageFileSize: NA

Command output

##############################################################################
##############################################################################
###
### Running command:
###
###   /Library/Frameworks/R.framework/Versions/Current/Resources/bin/R CMD build --keep-empty-dirs --no-resave-data RDAVIDWebService
###
##############################################################################
##############################################################################


* checking for file ‘RDAVIDWebService/DESCRIPTION’ ... OK
* preparing ‘RDAVIDWebService’:
* checking DESCRIPTION meta-information ... OK
* installing the package to build vignettes
* creating vignettes ... ERROR
--- re-building ‘RDavidWS-vignette.Rnw’ using Sweave
Warning: Package 'RDAVIDWebService' is deprecated and will be removed
  from Bioconductor version 3.14
Warning in type.convert.default(field[2]) :
  'as.is' should be specified by the caller; using TRUE

Error: processing vignette 'RDavidWS-vignette.Rnw' failed with diagnostics:
 chunk 5 (label = plotGO) 
Error in h(simpleError(msg, call)) : 
  error in evaluating the argument 'funChart' in selecting a method for function 'DAVIDGODag': subscript out of bounds

--- failed re-building 'RDavidWS-vignette.Rnw'

SUMMARY: processing the following file failed:
  'RDavidWS-vignette.Rnw'

Error: Vignette re-building failed.
Execution halted