Back to Multiple platform build/check report for BioC 3.13
ABCDEFGHIJKLMNO[P]QRSTUVWXYZ

This page was generated on 2021-09-15 15:06:11 -0400 (Wed, 15 Sep 2021).

BUILD results for Pigengene on machv2

To the developers/maintainers of the Pigengene package:
- Please allow up to 24 hours (and sometimes 48 hours) for your latest push to git@git.bioconductor.org:packages/Pigengene.git to
reflect on this report. See How and When does the builder pull? When will my changes propagate? here for more information.
- Make sure to use the following settings in order to reproduce any error or warning you see on this page.

raw results

Package 1394/2041HostnameOS / ArchINSTALLBUILDCHECKBUILD BIN
Pigengene 1.18.0  (landing page)
Habil Zare
Snapshot Date: 2021-09-14 04:50:06 -0400 (Tue, 14 Sep 2021)
git_url: https://git.bioconductor.org/packages/Pigengene
git_branch: RELEASE_3_13
git_last_commit: 848d21a
git_last_commit_date: 2021-05-19 12:20:45 -0400 (Wed, 19 May 2021)
nebbiolo1Linux (Ubuntu 20.04.2 LTS) / x86_64  OK    ERROR  skipped
tokay2Windows Server 2012 R2 Standard / x64  OK    ERROR  skippedskipped
machv2macOS 10.14.6 Mojave / x86_64  OK    ERROR  skippedskipped

Summary

Package: Pigengene
Version: 1.18.0
Command: /Library/Frameworks/R.framework/Versions/Current/Resources/bin/R CMD build --keep-empty-dirs --no-resave-data Pigengene
StartedAt: 2021-09-14 13:54:11 -0400 (Tue, 14 Sep 2021)
EndedAt: 2021-09-14 13:57:05 -0400 (Tue, 14 Sep 2021)
EllapsedTime: 174.0 seconds
RetCode: 1
Status:   ERROR  
PackageFile: None
PackageFileSize: NA

Command output

##############################################################################
##############################################################################
###
### Running command:
###
###   /Library/Frameworks/R.framework/Versions/Current/Resources/bin/R CMD build --keep-empty-dirs --no-resave-data Pigengene
###
##############################################################################
##############################################################################


* checking for file ‘Pigengene/DESCRIPTION’ ... OK
* preparing ‘Pigengene’:
* checking DESCRIPTION meta-information ... OK
* installing the package to build vignettes
* creating vignettes ... ERROR
--- re-building ‘Pigengene_inference.Rnw’ using knitr
Quitting from lines 209-215 (Pigengene_inference.Rnw) 
Error: processing vignette 'Pigengene_inference.Rnw' failed with diagnostics:
unused argument (nodes = colnames(Data))
--- failed re-building ‘Pigengene_inference.Rnw’

SUMMARY: processing the following file failed:
  ‘Pigengene_inference.Rnw’

Error: Vignette re-building failed.
Execution halted