Back to Multiple platform build/check report for BioC 3.13
ABCDEFGHIJKL[M]NOPQRSTUVWXYZ

This page was generated on 2021-09-17 15:06:12 -0400 (Fri, 17 Sep 2021).

CHECK results for MiRaGE on tokay2

To the developers/maintainers of the MiRaGE package:
- Please allow up to 24 hours (and sometimes 48 hours) for your latest push to git@git.bioconductor.org:packages/MiRaGE.git to
reflect on this report. See How and When does the builder pull? When will my changes propagate? here for more information.
- Make sure to use the following settings in order to reproduce any error or warning you see on this page.

raw results

Package 1145/2041HostnameOS / ArchINSTALLBUILDCHECKBUILD BIN
MiRaGE 1.34.0  (landing page)
Y-h. Taguchi
Snapshot Date: 2021-09-16 04:50:11 -0400 (Thu, 16 Sep 2021)
git_url: https://git.bioconductor.org/packages/MiRaGE
git_branch: RELEASE_3_13
git_last_commit: 726e7d4
git_last_commit_date: 2021-05-19 11:52:32 -0400 (Wed, 19 May 2021)
nebbiolo1Linux (Ubuntu 20.04.2 LTS) / x86_64  OK    OK    WARNINGS  UNNEEDED, same version is already published
tokay2Windows Server 2012 R2 Standard / x64  OK    OK    WARNINGS    OK  UNNEEDED, same version is already published
machv2macOS 10.14.6 Mojave / x86_64  OK    OK    WARNINGS    OK  UNNEEDED, same version is already published

Summary

Package: MiRaGE
Version: 1.34.0
Command: C:\Users\biocbuild\bbs-3.13-bioc\R\bin\R.exe CMD check --force-multiarch --install=check:MiRaGE.install-out.txt --library=C:\Users\biocbuild\bbs-3.13-bioc\R\library --no-vignettes --timings MiRaGE_1.34.0.tar.gz
StartedAt: 2021-09-17 02:00:49 -0400 (Fri, 17 Sep 2021)
EndedAt: 2021-09-17 02:03:28 -0400 (Fri, 17 Sep 2021)
EllapsedTime: 159.8 seconds
RetCode: 0
Status:   WARNINGS  
CheckDir: MiRaGE.Rcheck
Warnings: 1

Command output

##############################################################################
##############################################################################
###
### Running command:
###
###   C:\Users\biocbuild\bbs-3.13-bioc\R\bin\R.exe CMD check --force-multiarch --install=check:MiRaGE.install-out.txt --library=C:\Users\biocbuild\bbs-3.13-bioc\R\library --no-vignettes --timings MiRaGE_1.34.0.tar.gz
###
##############################################################################
##############################################################################


* using log directory 'C:/Users/biocbuild/bbs-3.13-bioc/meat/MiRaGE.Rcheck'
* using R version 4.1.1 (2021-08-10)
* using platform: x86_64-w64-mingw32 (64-bit)
* using session charset: ISO8859-1
* using option '--no-vignettes'
* checking for file 'MiRaGE/DESCRIPTION' ... OK
* this is package 'MiRaGE' version '1.34.0'
* checking package namespace information ... OK
* checking package dependencies ... OK
* checking if this is a source package ... OK
* checking if there is a namespace ... OK
* checking for hidden files and directories ... NOTE
Found the following hidden files and directories:
  vignettes/.goutputstream-0CTGCW
  vignettes/.goutputstream-E9SXCW
These were most likely included in error. See section 'Package
structure' in the 'Writing R Extensions' manual.
* checking for portable file names ... OK
* checking whether package 'MiRaGE' can be installed ... OK
* checking installed package size ... OK
* checking package directory ... OK
* checking 'build' directory ... OK
* checking DESCRIPTION meta-information ... OK
* checking top-level files ... OK
* checking for left-over files ... OK
* checking index information ... OK
* checking package subdirectories ... OK
* checking R files for non-ASCII characters ... OK
* checking R files for syntax errors ... OK
* loading checks for arch 'i386'
** checking whether the package can be loaded ... OK
** checking whether the package can be loaded with stated dependencies ... OK
** checking whether the package can be unloaded cleanly ... OK
** checking whether the namespace can be loaded with stated dependencies ... OK
** checking whether the namespace can be unloaded cleanly ... OK
* loading checks for arch 'x64'
** checking whether the package can be loaded ... OK
** checking whether the package can be loaded with stated dependencies ... OK
** checking whether the package can be unloaded cleanly ... OK
** checking whether the namespace can be loaded with stated dependencies ... OK
** checking whether the namespace can be unloaded cleanly ... OK
* checking dependencies in R code ... WARNING
'library' or 'require' call to 'miRNATarget' in package code.
  Please use :: or requireNamespace() instead.
  See section 'Suggested packages' in the 'Writing R Extensions' manual.
Package in Depends field not imported from: 'Biobase'
  These packages need to be imported from (in the NAMESPACE file)
  for when this namespace is loaded but not attached.
Missing or unexported object: 'IRanges::unlist'
* checking S3 generic/method consistency ... OK
* checking replacement functions ... OK
* checking foreign function calls ... OK
* checking R code for possible problems ... NOTE
HS_conv_id: no visible global function definition for 'download.file'
HS_conv_id: no visible global function definition for 'read.fasta'
HS_conv_id: no visible global function definition for 'read.csv'
MM_conv_id: no visible global function definition for 'download.file'
MM_conv_id: no visible global function definition for 'read.fasta'
MM_conv_id: no visible global function definition for 'read.csv'
MiRaGEAnalysis: no visible global function definition for 'fData'
MiRaGEAnalysis: no visible global function definition for 'exprs'
MiRaGEAnalysis: no visible global function definition for 'pData'
TBL2_HS_gen: no visible global function definition for
  'makeTxDbFromUCSC'
TBL2_HS_gen: no visible global function definition for
  'threeUTRsByTranscript'
TBL2_HS_gen: no visible global function definition for 'getSeq'
TBL2_HS_gen: no visible binding for global variable 'Hsapiens'
TBL2_HS_gen: no visible global function definition for 'write.fasta'
TBL2_HS_gen: no visible binding for global variable 's2c'
TBL2_HS_gen: no visible global function definition for 'download.file'
TBL2_HS_gen: no visible global function definition for
  'readDNAStringSet'
TBL2_HS_gen: no visible global function definition for
  'readRNAStringSet'
TBL2_HS_gen: no visible global function definition for 'subseq'
TBL2_HS_gen: no visible global function definition for 'DNAString'
TBL2_HS_gen: no visible global function definition for 'RNAString'
TBL2_HS_gen: no visible global function definition for
  'reverseComplement'
TBL2_HS_gen: no visible global function definition for 'vcountPattern'
TBL2_MM_gen: no visible global function definition for
  'makeTxDbFromUCSC'
TBL2_MM_gen: no visible global function definition for
  'threeUTRsByTranscript'
TBL2_MM_gen: no visible global function definition for 'getSeq'
TBL2_MM_gen: no visible binding for global variable 'Mmusculus'
TBL2_MM_gen: no visible global function definition for 'write.fasta'
TBL2_MM_gen: no visible binding for global variable 's2c'
TBL2_MM_gen: no visible global function definition for 'download.file'
TBL2_MM_gen: no visible global function definition for
  'readDNAStringSet'
TBL2_MM_gen: no visible global function definition for
  'readRNAStringSet'
TBL2_MM_gen: no visible global function definition for 'subseq'
TBL2_MM_gen: no visible global function definition for 'DNAString'
TBL2_MM_gen: no visible global function definition for 'RNAString'
TBL2_MM_gen: no visible global function definition for
  'reverseComplement'
TBL2_MM_gen: no visible global function definition for 'vcountPattern'
getMiRaGEData: no visible global function definition for
  'install.packages'
getMiRaGEData: no visible global function definition for 'data'
getMiRaGEData: no visible binding for global variable 'TBL2_MM'
getMiRaGEData: no visible binding for global variable 'TBL2'
getMiRaGEData: no visible binding for global variable 'TBL2_HS'
getMiRaGEData: no visible binding for global variable 'id_conv'
getMiRaGEData: no visible binding for global variable 'conv_id'
id_conv_gen: no visible global function definition for 'useMart'
id_conv_gen: no visible global function definition for 'listDatasets'
id_conv_gen: no visible global function definition for 'useDataset'
id_conv_gen: no visible global function definition for 'listAttributes'
id_conv_gen: no visible global function definition for 'write.table'
id_conv_gen: no visible global function definition for 'read.csv'
id_conv_gen: no visible global function definition for 'getBM'
Undefined global functions or variables:
  DNAString Hsapiens Mmusculus RNAString TBL2 TBL2_HS TBL2_MM conv_id
  data download.file exprs fData getBM getSeq id_conv install.packages
  listAttributes listDatasets makeTxDbFromUCSC pData read.csv
  read.fasta readDNAStringSet readRNAStringSet reverseComplement s2c
  subseq threeUTRsByTranscript useDataset useMart vcountPattern
  write.fasta write.table
Consider adding
  importFrom("utils", "data", "download.file", "install.packages",
             "read.csv", "write.table")
to your NAMESPACE file.
* checking Rd files ... OK
* checking Rd metadata ... OK
* checking Rd cross-references ... OK
* checking for missing documentation entries ... OK
* checking for code/documentation mismatches ... OK
* checking Rd \usage sections ... OK
* checking Rd contents ... OK
* checking for unstated dependencies in examples ... OK
* checking contents of 'data' directory ... OK
* checking data for non-ASCII characters ... OK
* checking data for ASCII and uncompressed saves ... OK
* checking files in 'vignettes' ... OK
* checking examples ...
** running examples for arch 'i386' ... OK
Examples with CPU (user + system) or elapsed time > 5s
       user system elapsed
MiRaGE 6.86   0.92    7.78
** running examples for arch 'x64' ... OK
Examples with CPU (user + system) or elapsed time > 5s
       user system elapsed
MiRaGE 7.91   0.62    8.53
* checking for unstated dependencies in vignettes ... OK
* checking package vignettes in 'inst/doc' ... OK
* checking running R code from vignettes ... SKIPPED
* checking re-building of vignette outputs ... SKIPPED
* checking PDF version of manual ... OK
* DONE

Status: 1 WARNING, 2 NOTEs
See
  'C:/Users/biocbuild/bbs-3.13-bioc/meat/MiRaGE.Rcheck/00check.log'
for details.



Installation output

MiRaGE.Rcheck/00install.out

##############################################################################
##############################################################################
###
### Running command:
###
###   C:\cygwin\bin\curl.exe -O http://155.52.207.165/BBS/3.13/bioc/src/contrib/MiRaGE_1.34.0.tar.gz && rm -rf MiRaGE.buildbin-libdir && mkdir MiRaGE.buildbin-libdir && C:\Users\biocbuild\bbs-3.13-bioc\R\bin\R.exe CMD INSTALL --merge-multiarch --build --library=MiRaGE.buildbin-libdir MiRaGE_1.34.0.tar.gz && C:\Users\biocbuild\bbs-3.13-bioc\R\bin\R.exe CMD INSTALL MiRaGE_1.34.0.zip && rm MiRaGE_1.34.0.tar.gz MiRaGE_1.34.0.zip
###
##############################################################################
##############################################################################


  % Total    % Received % Xferd  Average Speed   Time    Time     Time  Current
                                 Dload  Upload   Total   Spent    Left  Speed

  0     0    0     0    0     0      0      0 --:--:-- --:--:-- --:--:--     0
100  985k  100  985k    0     0  1636k      0 --:--:-- --:--:-- --:--:-- 1640k

install for i386

* installing *source* package 'MiRaGE' ...
** using staged installation
** R
** data
** inst
** byte-compile and prepare package for lazy loading
** help
*** installing help indices
  converting help for package 'MiRaGE'
    finding HTML links ... done
    HS_conv_id                              html  
    MM_conv_id                              html  
    MiRaGE                                  html  
    TBL2_HS_gen                             html  
    TBL2_MM_gen                             html  
    gene_exp                                html  
    getMiRaGEData                           html  
    id_conv_gen                             html  
** building package indices
** installing vignettes
** testing if installed package can be loaded from temporary location
** testing if installed package can be loaded from final location
** testing if installed package keeps a record of temporary installation path

install for x64

* installing *source* package 'MiRaGE' ...
** testing if installed package can be loaded
* MD5 sums
packaged installation of 'MiRaGE' as MiRaGE_1.34.0.zip
* DONE (MiRaGE)
* installing to library 'C:/Users/biocbuild/bbs-3.13-bioc/R/library'
package 'MiRaGE' successfully unpacked and MD5 sums checked

Tests output


Example timings

MiRaGE.Rcheck/examples_i386/MiRaGE-Ex.timings

nameusersystemelapsed
HS_conv_id000
MM_conv_id000
MiRaGE6.860.927.78
TBL2_HS_gen000
TBL2_MM_gen000
getMiRaGEData2.880.303.18
id_conv_gen000

MiRaGE.Rcheck/examples_x64/MiRaGE-Ex.timings

nameusersystemelapsed
HS_conv_id000
MM_conv_id000
MiRaGE7.910.628.53
TBL2_HS_gen000
TBL2_MM_gen000
getMiRaGEData2.960.323.27
id_conv_gen000