Back to Multiple platform build/check report for BioC 3.13
ABCDEF[G]HIJKLMNOPQRSTUVWXYZ

CHECK report for GeneAnswers on nebbiolo1

This page was generated on 2021-05-10 12:13:47 -0400 (Mon, 10 May 2021).

To the developers/maintainers of the GeneAnswers package:
Please make sure to use the following settings in order to reproduce any error or warning you see on this page.
Package 700/2016HostnameOS / ArchINSTALLBUILDCHECKBUILD BIN
GeneAnswers 2.33.0  (landing page)
Lei Huang and Gang Feng
Snapshot Date: 2021-05-09 14:50:05 -0400 (Sun, 09 May 2021)
URL: https://git.bioconductor.org/packages/GeneAnswers
Branch: master
Last Commit: 02ac664
Last Changed Date: 2021-03-01 21:20:41 -0400 (Mon, 01 Mar 2021)
nebbiolo1Linux (Ubuntu 20.04.2 LTS) / x86_64  OK    OK    ERROR  
riesling1Windows Server 2019 Standard / x64  OK    OK    ERROR    OK  
machv2macOS 10.14.6 Mojave / x86_64  OK    OK    ERROR    OK  

Summary

Package: GeneAnswers
Version: 2.33.0
Command: /home/biocbuild/bbs-3.13-bioc/R/bin/R CMD check --install=check:GeneAnswers.install-out.txt --library=/home/biocbuild/bbs-3.13-bioc/R/library --no-vignettes --timings GeneAnswers_2.33.0.tar.gz
StartedAt: 2021-05-09 19:54:04 -0400 (Sun, 09 May 2021)
EndedAt: 2021-05-09 20:23:54 -0400 (Sun, 09 May 2021)
EllapsedTime: 1789.4 seconds
RetCode: 1
Status:   ERROR  
CheckDir: GeneAnswers.Rcheck
Warnings: NA

Command output

##############################################################################
##############################################################################
###
### Running command:
###
###   /home/biocbuild/bbs-3.13-bioc/R/bin/R CMD check --install=check:GeneAnswers.install-out.txt --library=/home/biocbuild/bbs-3.13-bioc/R/library --no-vignettes --timings GeneAnswers_2.33.0.tar.gz
###
##############################################################################
##############################################################################


* using log directory ‘/home/biocbuild/bbs-3.13-bioc/meat/GeneAnswers.Rcheck’
* using R version 4.1.0 alpha (2021-04-28 r80240)
* using platform: x86_64-pc-linux-gnu (64-bit)
* using session charset: UTF-8
* using option ‘--no-vignettes’
* checking for file ‘GeneAnswers/DESCRIPTION’ ... OK
* checking extension type ... Package
* this is package ‘GeneAnswers’ version ‘2.33.0’
* checking package namespace information ... OK
* checking package dependencies ... NOTE
Depends: includes the non-default packages:
  'igraph', 'KEGGREST', 'RCurl', 'annotate', 'Biobase', 'XML',
  'RSQLite', 'MASS', 'Heatplus', 'RColorBrewer'
Adding so many packages to the search path is excessive and importing
selectively is preferable.
* checking if this is a source package ... OK
* checking if there is a namespace ... OK
* checking for hidden files and directories ... OK
* checking for portable file names ... OK
* checking for sufficient/correct file permissions ... OK
* checking whether package ‘GeneAnswers’ can be installed ... WARNING
Found the following significant warnings:
  Warning: replacing previous import ‘stats::decompose’ by ‘igraph::decompose’ when loading ‘GeneAnswers’
  Warning: replacing previous import ‘stats::spectrum’ by ‘igraph::spectrum’ when loading ‘GeneAnswers’
See ‘/home/biocbuild/bbs-3.13-bioc/meat/GeneAnswers.Rcheck/00install.out’ for details.
* checking installed package size ... NOTE
  installed size is 33.1Mb
  sub-directories of 1Mb or more:
    External  31.3Mb
    data       1.1Mb
* checking package directory ... OK
* checking ‘build’ directory ... OK
* checking DESCRIPTION meta-information ... NOTE
Package listed in more than one of Depends, Imports, Suggests, Enhances:
  ‘annotate’
A package should be listed in only one of these fields.
* checking top-level files ... OK
* checking for left-over files ... OK
* checking index information ... OK
* checking package subdirectories ... OK
* checking R files for non-ASCII characters ... OK
* checking R files for syntax errors ... OK
* checking whether the package can be loaded ... OK
* checking whether the package can be loaded with stated dependencies ... OK
* checking whether the package can be unloaded cleanly ... OK
* checking whether the namespace can be loaded with stated dependencies ... OK
* checking whether the namespace can be unloaded cleanly ... OK
* checking dependencies in R code ... NOTE
'library' or 'require' calls to packages already attached by Depends:
  ‘Biobase’ ‘Heatplus’ ‘KEGGREST’ ‘MASS’ ‘RColorBrewer’ ‘XML’ ‘igraph’
  Please remove these calls from your code.
'library' or 'require' calls in package code:
  ‘GO.db’ ‘biomaRt’ ‘reactome.db’
  Please use :: or requireNamespace() instead.
  See section 'Suggested packages' in the 'Writing R Extensions' manual.
* checking S3 generic/method consistency ... OK
* checking replacement functions ... OK
* checking foreign function calls ... OK
* checking R code for possible problems ... NOTE
File ‘GeneAnswers/R/zzz.R’:
  .onLoad calls:
    require(Biobase)

Package startup functions should not change the search path.
See section ‘Good practice’ in '?.onAttach'.

getHomoGeneIDs: no visible global function definition for ‘useMart’
getHomoGeneIDs: no visible global function definition for ‘getLDS’
getTotalGeneNumber: no visible global function definition for
  ‘count.mappedkeys’
getTotalGeneNumber: no visible global function definition for ‘toTable’
getTotalGeneNumber: no visible binding for global variable
  ‘reactomePATHNAME2ID’
Undefined global functions or variables:
  count.mappedkeys getLDS reactomePATHNAME2ID toTable useMart
* checking Rd files ... OK
* checking Rd metadata ... OK
* checking Rd cross-references ... OK
* checking for missing documentation entries ... WARNING
Undocumented code objects:
  ‘queryKegg’
All user-level objects in a package should have documentation entries.
See chapter ‘Writing R documentation files’ in the ‘Writing R
Extensions’ manual.
* checking for code/documentation mismatches ... OK
* checking Rd \usage sections ... OK
* checking Rd contents ... OK
* checking for unstated dependencies in examples ... OK
* checking contents of ‘data’ directory ... OK
* checking data for non-ASCII characters ... OK
* checking data for ASCII and uncompressed saves ... OK
* checking files in ‘vignettes’ ... OK
* checking examples ... ERROR
Running examples in ‘GeneAnswers-Ex.R’ failed
The error most likely occurred in:

> base::assign(".ptime", proc.time(), pos = "CheckExEnv")
> ### Name: getPATHTerms
> ### Title: Get Pathway names of given KEGG IDs
> ### Aliases: getPATHTerms
> ### Keywords: methods
> 
> ### ** Examples
> 
> getPATHTerms(c('04916', '05221'))
Error in names(temp) <- sapply(temp, function(x) return(x$ENTRY)) : 
  attempt to set an attribute on NULL
Calls: getPATHTerms -> lapply -> queryKegg
Execution halted
* checking for unstated dependencies in vignettes ... OK
* checking package vignettes in ‘inst/doc’ ... OK
* checking running R code from vignettes ... SKIPPED
* checking re-building of vignette outputs ... SKIPPED
* checking PDF version of manual ... OK
* DONE

Status: 1 ERROR, 2 WARNINGs, 5 NOTEs
See
  ‘/home/biocbuild/bbs-3.13-bioc/meat/GeneAnswers.Rcheck/00check.log’
for details.


Installation output

GeneAnswers.Rcheck/00install.out

##############################################################################
##############################################################################
###
### Running command:
###
###   /home/biocbuild/bbs-3.13-bioc/R/bin/R CMD INSTALL GeneAnswers
###
##############################################################################
##############################################################################


* installing to library ‘/home/biocbuild/bbs-3.13-bioc/R/library’
* installing *source* package ‘GeneAnswers’ ...
** using staged installation
** R
** data
** inst
** byte-compile and prepare package for lazy loading
Warning: replacing previous import ‘stats::decompose’ by ‘igraph::decompose’ when loading ‘GeneAnswers’
Warning: replacing previous import ‘stats::spectrum’ by ‘igraph::spectrum’ when loading ‘GeneAnswers’
** help
*** installing help indices
** building package indices
** installing vignettes
** testing if installed package can be loaded from temporary location
Warning: replacing previous import ‘stats::decompose’ by ‘igraph::decompose’ when loading ‘GeneAnswers’
Warning: replacing previous import ‘stats::spectrum’ by ‘igraph::spectrum’ when loading ‘GeneAnswers’
** testing if installed package can be loaded from final location
Warning: replacing previous import ‘stats::decompose’ by ‘igraph::decompose’ when loading ‘GeneAnswers’
Warning: replacing previous import ‘stats::spectrum’ by ‘igraph::spectrum’ when loading ‘GeneAnswers’
** testing if installed package keeps a record of temporary installation path
* DONE (GeneAnswers)

Tests output


Example timings

GeneAnswers.Rcheck/GeneAnswers-Ex.timings

nameusersystemelapsed
DO0.2850.0280.314
DOLite0.0240.0000.023
DOLiteTerm0.0030.0010.003
DmIALite0.0490.0030.052
GeneAnswers-class32.719 1.26133.992
GeneAnswers-package33.882 0.14834.030
HsIALite0.1820.0040.186
MmIALite0.0120.0000.012
RnIALite0.0060.0000.006
buildNet30.375 0.05230.428
caBIO.PATHGenes000
caBIO2entrez000
categoryNet0.0010.0000.000
chartPlots0.1020.0120.118
drawTable199.292 6.157568.032
entrez2caBIO000
geneAnnotationHeatmap0.0010.0020.003
geneAnswersBuilder45.235 0.57749.917
geneAnswersChartPlots33.202 0.18636.008
geneAnswersConceptNet30.095 0.20430.302
geneAnswersConceptRelation31.287 0.18031.471
geneAnswersConcepts34.785 0.38835.174
geneAnswersHeatmap33.777 0.27234.051
geneAnswersHomoMapping30.658 0.31630.975
geneAnswersReadable59.524 0.40459.931
geneAnswersSort31.855 0.13632.380
geneConceptNet0.0000.0000.001
getCategoryList0.1050.0200.127
getCategoryTerms0.0000.0000.001
getConceptTable208.598 5.812587.998
getConnectedGraph27.863 0.28028.144
getDOLiteTerms0.0010.0020.004
getGOList14.375 0.28014.664
getHomoGeneIDs0.1460.0000.146
getListGIF000
getMultiLayerGraphIDs27.399 0.16827.568
getNextGOIDs0.070.000.07
getPATHList3.9500.0729.147