Back to Multiple platform build/check report for BioC 3.12
A[B]CDEFGHIJKLMNOPQRSTUVWXYZ

CHECK report for BSgenome on tokay1

This page was generated on 2021-05-06 12:30:05 -0400 (Thu, 06 May 2021).

To the developers/maintainers of the BSgenome package:
Please make sure to use the following settings in order to reproduce any error or warning you see on this page.
Package 212/1974HostnameOS / ArchINSTALLBUILDCHECKBUILD BIN
BSgenome 1.58.0  (landing page)
H. Pag├Ęs
Snapshot Date: 2021-05-05 14:51:38 -0400 (Wed, 05 May 2021)
URL: https://git.bioconductor.org/packages/BSgenome
Branch: RELEASE_3_12
Last Commit: 3a4926e
Last Changed Date: 2020-10-27 10:28:39 -0400 (Tue, 27 Oct 2020)
malbec1Linux (Ubuntu 18.04.5 LTS) / x86_64  OK    OK    WARNINGS  UNNEEDED, same version exists in internal repository
tokay1Windows Server 2012 R2 Standard / x64  OK    OK    WARNINGS    OK  UNNEEDED, same version exists in internal repository
merida1macOS 10.14.6 Mojave / x86_64  OK    OK    WARNINGS    OK  UNNEEDED, same version exists in internal repository

Summary

Package: BSgenome
Version: 1.58.0
Command: C:\Users\biocbuild\bbs-3.12-bioc\R\bin\R.exe CMD check --force-multiarch --install=check:BSgenome.install-out.txt --library=C:\Users\biocbuild\bbs-3.12-bioc\R\library --no-vignettes --timings BSgenome_1.58.0.tar.gz
StartedAt: 2021-05-06 01:02:52 -0400 (Thu, 06 May 2021)
EndedAt: 2021-05-06 01:18:01 -0400 (Thu, 06 May 2021)
EllapsedTime: 909.5 seconds
RetCode: 0
Status:   WARNINGS   
CheckDir: BSgenome.Rcheck
Warnings: 2

Command output

##############################################################################
##############################################################################
###
### Running command:
###
###   C:\Users\biocbuild\bbs-3.12-bioc\R\bin\R.exe CMD check --force-multiarch --install=check:BSgenome.install-out.txt --library=C:\Users\biocbuild\bbs-3.12-bioc\R\library --no-vignettes --timings BSgenome_1.58.0.tar.gz
###
##############################################################################
##############################################################################


* using log directory 'C:/Users/biocbuild/bbs-3.12-bioc/meat/BSgenome.Rcheck'
* using R version 4.0.5 (2021-03-31)
* using platform: x86_64-w64-mingw32 (64-bit)
* using session charset: ISO8859-1
* using option '--no-vignettes'
* checking for file 'BSgenome/DESCRIPTION' ... OK
* this is package 'BSgenome' version '1.58.0'
* package encoding: UTF-8
* checking package namespace information ... OK
* checking package dependencies ... NOTE
Depends: includes the non-default packages:
  'BiocGenerics', 'S4Vectors', 'IRanges', 'GenomeInfoDb',
  'GenomicRanges', 'Biostrings', 'rtracklayer'
Adding so many packages to the search path is excessive and importing
selectively is preferable.
* checking if this is a source package ... OK
* checking if there is a namespace ... OK
* checking for hidden files and directories ... OK
* checking for portable file names ... NOTE
Found the following non-portable file path:
  BSgenome/inst/extdata/GentlemanLab/BSgenome.Gmellonella.NCBI.ASM364042v2-tools/fasta_to_sorted_2bit.R

Tarballs are only required to store paths of up to 100 bytes and cannot
store those of more than 256 bytes, with restrictions including to 100
bytes for the final component.
See section 'Package structure' in the 'Writing R Extensions' manual.
* checking whether package 'BSgenome' can be installed ... WARNING
Found the following significant warnings:
  Rd warning: C:/Users/biocbuild/bbs-3.12-bioc/tmpdir/RtmpIFRkye/R.INSTALL15c074a387f/BSgenome/man/BSgenome-class.Rd:83: file link 'DNAString' in package 'Biostrings' does not exist and so has been treated as a topic
  Rd warning: C:/Users/biocbuild/bbs-3.12-bioc/tmpdir/RtmpIFRkye/R.INSTALL15c074a387f/BSgenome/man/BSgenome-class.Rd:84: file link 'MaskedDNAString' in package 'Biostrings' does not exist and so has been treated as a topic
  Rd warning: C:/Users/biocbuild/bbs-3.12-bioc/tmpdir/RtmpIFRkye/R.INSTALL15c074a387f/BSgenome/man/BSgenome-class.Rd:93: file link 'length,XVector-method' in package 'XVector' does not exist and so has been treated as a topic
  Rd warning: C:/Users/biocbuild/bbs-3.12-bioc/tmpdir/RtmpIFRkye/R.INSTALL15c074a387f/BSgenome/man/BSgenome-class.Rd:94: file link 'length,MaskedXString-method' in package 'Biostrings' does not exist and so has been treated as a topic
  Rd warning: C:/Users/biocbuild/bbs-3.12-bioc/tmpdir/RtmpIFRkye/R.INSTALL15c074a387f/BSgenome/man/BSgenome-class.Rd:95: file link 'DNAString' in package 'Biostrings' does not exist and so has been treated as a topic
  Rd warning: C:/Users/biocbuild/bbs-3.12-bioc/tmpdir/RtmpIFRkye/R.INSTALL15c074a387f/BSgenome/man/BSgenome-class.Rd:96: file link 'MaskedDNAString' in package 'Biostrings' does not exist and so has been treated as a topic
  Rd warning: C:/Users/biocbuild/bbs-3.12-bioc/tmpdir/RtmpIFRkye/R.INSTALL15c074a387f/BSgenome/man/BSgenome-class.Rd:98: file link 'MaskedXString' in package 'Biostrings' does not exist and so has been treated as a topic
  Rd warning: C:/Users/biocbuild/bbs-3.12-bioc/tmpdir/RtmpIFRkye/R.INSTALL15c074a387f/BSgenome/man/BSgenome-class.Rd:100: file link 'MaskedXString' in package 'Biostrings' does not exist and so has been treated as a topic
  Rd warning: C:/Users/biocbuild/bbs-3.12-bioc/tmpdir/RtmpIFRkye/R.INSTALL15c074a387f/BSgenome/man/BSgenome-class.Rd:108: file link 'DNAStringSet' in package 'Biostrings' does not exist and so has been treated as a topic
  Rd warning: C:/Users/biocbuild/bbs-3.12-bioc/tmpdir/RtmpIFRkye/R.INSTALL15c074a387f/BSgenome/man/BSgenome-class.Rd:168: file link 'BSgenome.Hsapiens.UCSC.hg38' in package 'BSgenome.Hsapiens.UCSC.hg38' does not exist and so has been treated as a topic
  Rd warning: C:/Users/biocbuild/bbs-3.12-bioc/tmpdir/RtmpIFRkye/R.INSTALL15c074a387f/BSgenome/man/BSgenome-class.Rd:180: file link 'DNAStringSet-class' in package 'Biostrings' does not exist and so has been treated as a topic
  Rd warning: C:/Users/biocbuild/bbs-3.12-bioc/tmpdir/RtmpIFRkye/R.INSTALL15c074a387f/BSgenome/man/BSgenome-class.Rd:181: file link 'MaskedDNAString-class' in package 'Biostrings' does not exist and so has been treated as a topic
  Rd warning: C:/Users/biocbuild/bbs-3.12-bioc/tmpdir/RtmpIFRkye/R.INSTALL15c074a387f/BSgenome/man/BSgenome-class.Rd:184: file link 'subseq,XVector-method' in package 'XVector' does not exist and so has been treated as a topic
  Rd warning: C:/Users/biocbuild/bbs-3.12-bioc/tmpdir/RtmpIFRkye/R.INSTALL15c074a387f/BSgenome/man/BSgenome-utils.Rd:41: file link 'DNAString' in package 'Biostrings' does not exist and so has been treated as a topic
  Rd warning: C:/Users/biocbuild/bbs-3.12-bioc/tmpdir/RtmpIFRkye/R.INSTALL15c074a387f/BSgenome/man/BSgenome-utils.Rd:90: file link 'PDict' in package 'Biostrings' does not exist and so has been treated as a topic
  Rd warning: C:/Users/biocbuild/bbs-3.12-bioc/tmpdir/RtmpIFRkye/R.INSTALL15c074a387f/BSgenome/man/BSgenome-utils.Rd:90: file link 'DNAStringSet' in package 'Biostrings' does not exist and so has been treated as a topic
  Rd warning: C:/Users/biocbuild/bbs-3.12-bioc/tmpdir/RtmpIFRkye/R.INSTALL15c074a387f/BSgenome/man/BSgenome-utils.Rd:108: file link 'GRanges' in package 'GenomicRanges' does not exist and so has been treated as a topic
  Rd warning: C:/Users/biocbuild/bbs-3.12-bioc/tmpdir/RtmpIFRkye/R.INSTALL15c074a387f/BSgenome/man/BSgenome-utils.Rd:114: file link 'GRanges' in package 'GenomicRanges' does not exist and so has been treated as a topic
  Rd warning: C:/Users/biocbuild/bbs-3.12-bioc/tmpdir/RtmpIFRkye/R.INSTALL15c074a387f/BSgenome/man/BSgenome-utils.Rd:118: file link 'DataFrame' in package 'S4Vectors' does not exist and so has been treated as a topic
  Rd warning: C:/Users/biocbuild/bbs-3.12-bioc/tmpdir/RtmpIFRkye/R.INSTALL15c074a387f/BSgenome/man/BSgenome-utils.Rd:124: file link 'GRanges' in package 'GenomicRanges' does not exist and so has been treated as a topic
  Rd warning: C:/Users/biocbuild/bbs-3.12-bioc/tmpdir/RtmpIFRkye/R.INSTALL15c074a387f/BSgenome/man/BSgenome-utils.Rd:132: file link 'matchPDict' in package 'Biostrings' does not exist and so has been treated as a topic
  Rd warning: C:/Users/biocbuild/bbs-3.12-bioc/tmpdir/RtmpIFRkye/R.INSTALL15c074a387f/BSgenome/man/BSgenomeForge.Rd:120: file link 'XString' in package 'Biostrings' does not exist and so has been treated as a topic
  Rd warning: C:/Users/biocbuild/bbs-3.12-bioc/tmpdir/RtmpIFRkye/R.INSTALL15c074a387f/BSgenome/man/BSgenomeViews-class.Rd:120: file link 'GRanges' in package 'GenomicRanges' does not exist and so has been treated as a topic
  Rd warning: C:/Users/biocbuild/bbs-3.12-bioc/tmpdir/RtmpIFRkye/R.INSTALL15c074a387f/BSgenome/man/BSgenomeViews-class.Rd:135: file link 'alphabetFrequency' in package 'Biostrings' does not exist and so has been treated as a topic
  Rd warning: C:/Users/biocbuild/bbs-3.12-bioc/tmpdir/RtmpIFRkye/R.INSTALL15c074a387f/BSgenome/man/BSgenomeViews-class.Rd:136: file link 'oligonucleotideFrequency' in package 'Biostrings' does not exist and so has been treated as a topic
  Rd warning: C:/Users/biocbuild/bbs-3.12-bioc/tmpdir/RtmpIFRkye/R.INSTALL15c074a387f/BSgenome/man/BSgenomeViews-class.Rd:140: file link 'alphabetFrequency' in package 'Biostrings' does not exist and so has been treated as a topic
  Rd warning: C:/Users/biocbuild/bbs-3.12-bioc/tmpdir/RtmpIFRkye/R.INSTALL15c074a387f/BSgenome/man/BSgenomeViews-class.Rd:144: file link 'oligonucleotideFrequency' in package 'Biostrings' does not exist and so has been treated as a topic
  Rd warning: C:/Users/biocbuild/bbs-3.12-bioc/tmpdir/RtmpIFRkye/R.INSTALL15c074a387f/BSgenome/man/BSgenomeViews-class.Rd:148: file link 'consensusMatrix' in package 'Biostrings' does not exist and so has been treated as a topic
  Rd warning: C:/Users/biocbuild/bbs-3.12-bioc/tmpdir/RtmpIFRkye/R.INSTALL15c074a387f/BSgenome/man/BSgenomeViews-class.Rd:179: file link 'GRanges' in package 'GenomicRanges' does not exist and so has been treated as a topic
  Rd warning: C:/Users/biocbuild/bbs-3.12-bioc/tmpdir/RtmpIFRkye/R.INSTALL15c074a387f/BSgenome/man/BSgenomeViews-class.Rd:215: file link 'DNAStringSet' in package 'Biostrings' does not exist and so has been treated as a topic
  Rd warning: C:/Users/biocbuild/bbs-3.12-bioc/tmpdir/RtmpIFRkye/R.INSTALL15c074a387f/BSgenome/man/BSgenomeViews-class.Rd:241: file link 'DNAStringSet' in package 'Biostrings' does not exist and so has been treated as a topic
  Rd warning: C:/Users/biocbuild/bbs-3.12-bioc/tmpdir/RtmpIFRkye/R.INSTALL15c074a387f/BSgenome/man/BSgenomeViews-class.Rd:245: file link 'DNAStringSet' in package 'Biostrings' does not exist and so has been treated as a topic
  Rd warning: C:/Users/biocbuild/bbs-3.12-bioc/tmpdir/RtmpIFRkye/R.INSTALL15c074a387f/BSgenome/man/BSgenomeViews-class.Rd:246: file link 'DNAStringSet' in package 'Biostrings' does not exist and so has been treated as a topic
  Rd warning: C:/Users/biocbuild/bbs-3.12-bioc/tmpdir/RtmpIFRkye/R.INSTALL15c074a387f/BSgenome/man/BSgenomeViews-class.Rd:249: file link 'seqtype' in package 'Biostrings' does not exist and so has been treated as a topic
  Rd warning: C:/Users/biocbuild/bbs-3.12-bioc/tmpdir/RtmpIFRkye/R.INSTALL15c074a387f/BSgenome/man/BSgenomeViews-class.Rd:250: file link 'nchar,XStringSet-method' in package 'Biostrings' does not exist and so has been treated as a topic
  Rd warning: C:/Users/biocbuild/bbs-3.12-bioc/tmpdir/RtmpIFRkye/R.INSTALL15c074a387f/BSgenome/man/BSgenomeViews-class.Rd:251: file link 'unlist,XStringSet-method' in package 'Biostrings' does not exist and so has been treated as a topic
  Rd warning: C:/Users/biocbuild/bbs-3.12-bioc/tmpdir/RtmpIFRkye/R.INSTALL15c074a387f/BSgenome/man/BSgenomeViews-class.Rd:252: file link 'alphabetFrequency' in package 'Biostrings' does not exist and so has been treated as a topic
  Rd warning: C:/Users/biocbuild/bbs-3.12-bioc/tmpdir/RtmpIFRkye/R.INSTALL15c074a387f/BSgenome/man/BSgenomeViews-class.Rd:253: file link 'hasOnlyBaseLetters' in package 'Biostrings' does not exist and so has been treated as a topic
  Rd warning: C:/Users/biocbuild/bbs-3.12-bioc/tmpdir/RtmpIFRkye/R.INSTALL15c074a387f/BSgenome/man/BSgenomeViews-class.Rd:254: file link 'uniqueLetters' in package 'Biostrings' does not exist and so has been treated as a topic
  Rd warning: C:/Users/biocbuild/bbs-3.12-bioc/tmpdir/RtmpIFRkye/R.INSTALL15c074a387f/BSgenome/man/BSgenomeViews-class.Rd:256: file link 'oligonucleotideFrequency' in package 'Biostrings' does not exist and so has been treated as a topic
  Rd warning: C:/Users/biocbuild/bbs-3.12-bioc/tmpdir/RtmpIFRkye/R.INSTALL15c074a387f/BSgenome/man/BSgenomeViews-class.Rd:257: file link 'nucleotideFrequencyAt' in package 'Biostrings' does not exist and so has been treated as a topic
  Rd warning: C:/Users/biocbuild/bbs-3.12-bioc/tmpdir/RtmpIFRkye/R.INSTALL15c074a387f/BSgenome/man/BSgenomeViews-class.Rd:258: file link 'consensusMatrix' in package 'Biostrings' does not exist and so has been treated as a topic
  Rd warning: C:/Users/biocbuild/bbs-3.12-bioc/tmpdir/RtmpIFRkye/R.INSTALL15c074a387f/BSgenome/man/BSgenomeViews-class.Rd:259: file link 'consensusString' in package 'Biostrings' does not exist and so has been treated as a topic
  Rd warning: C:/Users/biocbuild/bbs-3.12-bioc/tmpdir/RtmpIFRkye/R.INSTALL15c074a387f/BSgenome/man/BSgenomeViews-class.Rd:271: file link 'GRanges' in package 'GenomicRanges' does not exist and so has been treated as a topic
  Rd warning: C:/Users/biocbuild/bbs-3.12-bioc/tmpdir/RtmpIFRkye/R.INSTALL15c074a387f/BSgenome/man/BSgenomeViews-class.Rd:274: file link 'DNAStringSet' in package 'Biostrings' does not exist and so has been treated as a topic
  Rd warning: C:/Users/biocbuild/bbs-3.12-bioc/tmpdir/RtmpIFRkye/R.INSTALL15c074a387f/BSgenome/man/BSgenomeViews-class.Rd:281: file link 'TxDb' in package 'GenomicFeatures' does not exist and so has been treated as a topic
  Rd warning: C:/Users/biocbuild/bbs-3.12-bioc/tmpdir/RtmpIFRkye/R.INSTALL15c074a387f/BSgenome/man/SNPlocs-class.Rd:115: file link 'subsetByOverlaps' in package 'IRanges' does not exist and so has been treated as a topic
  Rd warning: C:/Users/biocbuild/bbs-3.12-bioc/tmpdir/RtmpIFRkye/R.INSTALL15c074a387f/BSgenome/man/SNPlocs-class.Rd:116: file link 'subsetByOverlaps' in package 'IRanges' does not exist and so has been treated as a topic
  Rd warning: C:/Users/biocbuild/bbs-3.12-bioc/tmpdir/RtmpIFRkye/R.INSTALL15c074a387f/BSgenome/man/SNPlocs-class.Rd:117: file link 'subsetByOverlaps' in package 'GenomicRanges' does not exist and so has been treated as a topic
  Rd warning: C:/Users/biocbuild/bbs-3.12-bioc/tmpdir/RtmpIFRkye/R.INSTALL15c074a387f/BSgenome/man/SNPlocs-class.Rd:120: file link 'GenomicRanges' in package 'GenomicRanges' does not exist and so has been treated as a topic
  Rd warning: C:/Users/biocbuild/bbs-3.12-bioc/tmpdir/RtmpIFRkye/R.INSTALL15c074a387f/BSgenome/man/SNPlocs-class.Rd:139: file link 'GPos' in package 'GenomicRanges' does not exist and so has been treated as a topic
  Rd warning: C:/Users/biocbuild/bbs-3.12-bioc/tmpdir/RtmpIFRkye/R.INSTALL15c074a387f/BSgenome/man/SNPlocs-class.Rd:157: file link 'GRanges' in package 'GenomicRanges' does not exist and so has been treated as a topic
  Rd warning: C:/Users/biocbuild/bbs-3.12-bioc/tmpdir/RtmpIFRkye/R.INSTALL15c074a387f/BSgenome/man/SNPlocs-class.Rd:157: file link 'GPos' in package 'GenomicRanges' does not exist and so has been treated as a topic
  Rd warning: C:/Users/biocbuild/bbs-3.12-bioc/tmpdir/RtmpIFRkye/R.INSTALL15c074a387f/BSgenome/man/SNPlocs-class.Rd:169: file link 'GPos' in package 'GenomicRanges' does not exist and so has been treated as a topic
  Rd warning: C:/Users/biocbuild/bbs-3.12-bioc/tmpdir/RtmpIFRkye/R.INSTALL15c074a387f/BSgenome/man/SNPlocs-class.Rd:196: file link 'GPos' in package 'GenomicRanges' does not exist and so has been treated as a topic
  Rd warning: C:/Users/biocbuild/bbs-3.12-bioc/tmpdir/RtmpIFRkye/R.INSTALL15c074a387f/BSgenome/man/SNPlocs-class.Rd:215: file link 'CharacterList' in package 'IRanges' does not exist and so has been treated as a topic
  Rd warning: C:/Users/biocbuild/bbs-3.12-bioc/tmpdir/RtmpIFRkye/R.INSTALL15c074a387f/BSgenome/man/SNPlocs-class.Rd:220: file link 'GPos' in package 'GenomicRanges' does not exist and so has been treated as a topic
  Rd warning: C:/Users/biocbuild/bbs-3.12-bioc/tmpdir/RtmpIFRkye/R.INSTALL15c074a387f/BSgenome/man/SNPlocs-class.Rd:226: file link 'GPos' in package 'GenomicRanges' does not exist and so has been treated as a topic
  Rd warning: C:/Users/biocbuild/bbs-3.12-bioc/tmpdir/RtmpIFRkye/R.INSTALL15c074a387f/BSgenome/man/SNPlocs-class.Rd:229: file link 'DataFrame' in package 'S4Vectors' does not exist and so has been treated as a topic
  Rd warning: C:/Users/biocbuild/bbs-3.12-bioc/tmpdir/RtmpIFRkye/R.INSTALL15c074a387f/BSgenome/man/SNPlocs-class.Rd:242: file link 'GPos' in package 'GenomicRanges' does not exist and so has been treated as a topic
  Rd warning: C:/Users/biocbuild/bbs-3.12-bioc/tmpdir/RtmpIFRkye/R.INSTALL15c074a387f/BSgenome/man/SNPlocs-class.Rd:242: file link 'GRanges' in package 'GenomicRanges' does not exist and so has been treated as a topic
  Rd warning: C:/Users/biocbuild/bbs-3.12-bioc/tmpdir/RtmpIFRkye/R.INSTALL15c074a387f/BSgenome/man/SNPlocs-class.Rd:249: file link 'subsetByOverlaps' in package 'IRanges' does not exist and so has been treated as a topic
  Rd warning: C:/Users/biocbuild/bbs-3.12-bioc/tmpdir/RtmpIFRkye/R.INSTALL15c074a387f/BSgenome/man/SNPlocs-class.Rd:251: file link 'subsetByOverlaps' in package 'GenomicRanges' does not exist and so has been treated as a topic
  Rd warning: C:/Users/biocbuild/bbs-3.12-bioc/tmpdir/RtmpIFRkye/R.INSTALL15c074a387f/BSgenome/man/SNPlocs-class.Rd:254: file link 'GenomicRanges' in package 'GenomicRanges' does not exist and so has been treated as a topic
  Rd warning: C:/Users/biocbuild/bbs-3.12-bioc/tmpdir/RtmpIFRkye/R.INSTALL15c074a387f/BSgenome/man/XtraSNPlocs-class.Rd:93: file link 'DataFrame' in package 'S4Vectors' does not exist and so has been treated as a topic
  Rd warning: C:/Users/biocbuild/bbs-3.12-bioc/tmpdir/RtmpIFRkye/R.INSTALL15c074a387f/BSgenome/man/XtraSNPlocs-class.Rd:94: file link 'GRanges' in package 'GenomicRanges' does not exist and so has been treated as a topic
  Rd warning: C:/Users/biocbuild/bbs-3.12-bioc/tmpdir/RtmpIFRkye/R.INSTALL15c074a387f/BSgenome/man/XtraSNPlocs-class.Rd:97: file link 'GRanges' in package 'GenomicRanges' does not exist and so has been treated as a topic
  Rd warning: C:/Users/biocbuild/bbs-3.12-bioc/tmpdir/RtmpIFRkye/R.INSTALL15c074a387f/BSgenome/man/XtraSNPlocs-class.Rd:106: file link 'subsetByOverlaps' in package 'IRanges' does not exist and so has been treated as a topic
  Rd warning: C:/Users/biocbuild/bbs-3.12-bioc/tmpdir/RtmpIFRkye/R.INSTALL15c074a387f/BSgenome/man/XtraSNPlocs-class.Rd:107: file link 'subsetByOverlaps' in package 'IRanges' does not exist and so has been treated as a topic
  Rd warning: C:/Users/biocbuild/bbs-3.12-bioc/tmpdir/RtmpIFRkye/R.INSTALL15c074a387f/BSgenome/man/XtraSNPlocs-class.Rd:108: file link 'subsetByOverlaps' in package 'GenomicRanges' does not exist and so has been treated as a topic
  Rd warning: C:/Users/biocbuild/bbs-3.12-bioc/tmpdir/RtmpIFRkye/R.INSTALL15c074a387f/BSgenome/man/XtraSNPlocs-class.Rd:111: file link 'GenomicRanges' in package 'GenomicRanges' does not exist and so has been treated as a topic
  Rd warning: C:/Users/biocbuild/bbs-3.12-bioc/tmpdir/RtmpIFRkye/R.INSTALL15c074a387f/BSgenome/man/XtraSNPlocs-class.Rd:131: file link 'GRanges' in package 'GenomicRanges' does not exist and so has been treated as a topic
  Rd warning: C:/Users/biocbuild/bbs-3.12-bioc/tmpdir/RtmpIFRkye/R.INSTALL15c074a387f/BSgenome/man/XtraSNPlocs-class.Rd:133: file link 'DataFrame' in package 'S4Vectors' does not exist and so has been treated as a topic
  Rd warning: C:/Users/biocbuild/bbs-3.12-bioc/tmpdir/RtmpIFRkye/R.INSTALL15c074a387f/BSgenome/man/XtraSNPlocs-class.Rd:134: file link 'GRanges' in package 'GenomicRanges' does not exist and so has been treated as a topic
  Rd warning: C:/Users/biocbuild/bbs-3.12-bioc/tmpdir/RtmpIFRkye/R.INSTALL15c074a387f/BSgenome/man/XtraSNPlocs-class.Rd:140: file link 'GRanges' in package 'GenomicRanges' does not exist and so has been treated as a topic
  Rd warning: C:/Users/biocbuild/bbs-3.12-bioc/tmpdir/RtmpIFRkye/R.INSTALL15c074a387f/BSgenome/man/XtraSNPlocs-class.Rd:146: file link 'GRanges' in package 'GenomicRanges' does not exist and so has been treated as a topic
  Rd warning: C:/Users/biocbuild/bbs-3.12-bioc/tmpdir/RtmpIFRkye/R.INSTALL15c074a387f/BSgenome/man/XtraSNPlocs-class.Rd:154: file link 'GRanges' in package 'GenomicRanges' does not exist and so has been treated as a topic
  Rd warning: C:/Users/biocbuild/bbs-3.12-bioc/tmpdir/RtmpIFRkye/R.INSTALL15c074a387f/BSgenome/man/XtraSNPlocs-class.Rd:159: file link 'GRanges' in package 'GenomicRanges' does not exist and so has been treated as a topic
  Rd warning: C:/Users/biocbuild/bbs-3.12-bioc/tmpdir/RtmpIFRkye/R.INSTALL15c074a387f/BSgenome/man/XtraSNPlocs-class.Rd:163: file link 'GRanges' in package 'GenomicRanges' does not exist and so has been treated as a topic
  Rd warning: C:/Users/biocbuild/bbs-3.12-bioc/tmpdir/RtmpIFRkye/R.INSTALL15c074a387f/BSgenome/man/XtraSNPlocs-class.Rd:167: file link 'GRanges' in package 'GenomicRanges' does not exist and so has been treated as a topic
  Rd warning: C:/Users/biocbuild/bbs-3.12-bioc/tmpdir/RtmpIFRkye/R.INSTALL15c074a387f/BSgenome/man/XtraSNPlocs-class.Rd:171: file link 'GRanges' in package 'GenomicRanges' does not exist and so has been treated as a topic
  Rd warning: C:/Users/biocbuild/bbs-3.12-bioc/tmpdir/RtmpIFRkye/R.INSTALL15c074a387f/BSgenome/man/XtraSNPlocs-class.Rd:178: file link 'GRanges' in package 'GenomicRanges' does not exist and so has been treated as a topic
  Rd warning: C:/Users/biocbuild/bbs-3.12-bioc/tmpdir/RtmpIFRkye/R.INSTALL15c074a387f/BSgenome/man/XtraSNPlocs-class.Rd:187: file link 'GRanges' in package 'GenomicRanges' does not exist and so has been treated as a topic
  Rd warning: C:/Users/biocbuild/bbs-3.12-bioc/tmpdir/RtmpIFRkye/R.INSTALL15c074a387f/BSgenome/man/XtraSNPlocs-class.Rd:199: file link 'GRanges' in package 'GenomicRanges' does not exist and so has been treated as a topic
  Rd warning: C:/Users/biocbuild/bbs-3.12-bioc/tmpdir/RtmpIFRkye/R.INSTALL15c074a387f/BSgenome/man/export-methods.Rd:33: file link 'FastaFile' in package 'rtracklayer' does not exist and so has been treated as a topic
  Rd warning: C:/Users/biocbuild/bbs-3.12-bioc/tmpdir/RtmpIFRkye/R.INSTALL15c074a387f/BSgenome/man/export-methods.Rd:33: file link 'TwoBitFile' in package 'rtracklayer' does not exist and so has been treated as a topic
  Rd warning: C:/Users/biocbuild/bbs-3.12-bioc/tmpdir/RtmpIFRkye/R.INSTALL15c074a387f/BSgenome/man/export-methods.Rd:61: file link 'TwoBitFile' in package 'rtracklayer' does not exist and so has been treated as a topic
  Rd warning: C:/Users/biocbuild/bbs-3.12-bioc/tmpdir/RtmpIFRkye/R.INSTALL15c074a387f/BSgenome/man/export-methods.Rd:71: file link 'FastaFile' in package 'rtracklayer' does not exist and so has been treated as a topic
  Rd warning: C:/Users/biocbuild/bbs-3.12-bioc/tmpdir/RtmpIFRkye/R.INSTALL15c074a387f/BSgenome/man/export-methods.Rd:71: file link 'TwoBitFile' in package 'rtracklayer' does not exist and so has been treated as a topic
  Rd warning: C:/Users/biocbuild/bbs-3.12-bioc/tmpdir/RtmpIFRkye/R.INSTALL15c074a387f/BSgenome/man/getSeq-methods.Rd:15: file link 'XStringSet' in package 'Biostrings' does not exist and so has been treated as a topic
  Rd warning: C:/Users/biocbuild/bbs-3.12-bioc/tmpdir/RtmpIFRkye/R.INSTALL15c074a387f/BSgenome/man/getSeq-methods.Rd:27: file link 'XStringSet' in package 'Biostrings' does not exist and so has been treated as a topic
  Rd warning: C:/Users/biocbuild/bbs-3.12-bioc/tmpdir/RtmpIFRkye/R.INSTALL15c074a387f/BSgenome/man/getSeq-methods.Rd:35: file link 'GRanges' in package 'GenomicRanges' does not exist and so has been treated as a topic
  Rd warning: C:/Users/biocbuild/bbs-3.12-bioc/tmpdir/RtmpIFRkye/R.INSTALL15c074a387f/BSgenome/man/getSeq-methods.Rd:36: file link 'GRangesList' in package 'GenomicRanges' does not exist and so has been treated as a topic
  Rd warning: C:/Users/biocbuild/bbs-3.12-bioc/tmpdir/RtmpIFRkye/R.INSTALL15c074a387f/BSgenome/man/getSeq-methods.Rd:37: file link 'IntegerRangesList' in package 'IRanges' does not exist and so has been treated as a topic
  Rd warning: C:/Users/biocbuild/bbs-3.12-bioc/tmpdir/RtmpIFRkye/R.INSTALL15c074a387f/BSgenome/man/getSeq-methods.Rd:38: file link 'IntegerRanges' in package 'IRanges' does not exist and so has been treated as a topic
  Rd warning: C:/Users/biocbuild/bbs-3.12-bioc/tmpdir/RtmpIFRkye/R.INSTALL15c074a387f/BSgenome/man/getSeq-methods.Rd:39: file link 'IntegerRangesList' in package 'IRanges' does not exist and so has been treated as a topic
  Rd warning: C:/Users/biocbuild/bbs-3.12-bioc/tmpdir/RtmpIFRkye/R.INSTALL15c074a387f/BSgenome/man/getSeq-methods.Rd:39: file link 'IntegerRanges' in package 'IRanges' does not exist and so has been treated as a topic
  Rd warning: C:/Users/biocbuild/bbs-3.12-bioc/tmpdir/RtmpIFRkye/R.INSTALL15c074a387f/BSgenome/man/getSeq-methods.Rd:49: file link 'XStringSet' in package 'Biostrings' does not exist and so has been treated as a topic
  Rd warning: C:/Users/biocbuild/bbs-3.12-bioc/tmpdir/RtmpIFRkye/R.INSTALL15c074a387f/BSgenome/man/getSeq-methods.Rd:50: file link 'GRanges' in package 'GenomicRanges' does not exist and so has been treated as a topic
  Rd warning: C:/Users/biocbuild/bbs-3.12-bioc/tmpdir/RtmpIFRkye/R.INSTALL15c074a387f/BSgenome/man/getSeq-methods.Rd:51: file link 'GRangesList' in package 'GenomicRanges' does not exist and so has been treated as a topic
  Rd warning: C:/Users/biocbuild/bbs-3.12-bioc/tmpdir/RtmpIFRkye/R.INSTALL15c074a387f/BSgenome/man/getSeq-methods.Rd:57: file link 'GRanges' in package 'GenomicRanges' does not exist and so has been treated as a topic
  Rd warning: C:/Users/biocbuild/bbs-3.12-bioc/tmpdir/RtmpIFRkye/R.INSTALL15c074a387f/BSgenome/man/getSeq-methods.Rd:58: file link 'GRangesList' in package 'GenomicRanges' does not exist and so has been treated as a topic
  Rd warning: C:/Users/biocbuild/bbs-3.12-bioc/tmpdir/RtmpIFRkye/R.INSTALL15c074a387f/BSgenome/man/getSeq-methods.Rd:58: file link 'IntegerRangesList' in package 'IRanges' does not exist and so has been treated as a topic
  Rd warning: C:/Users/biocbuild/bbs-3.12-bioc/tmpdir/RtmpIFRkye/R.INSTALL15c074a387f/BSgenome/man/getSeq-methods.Rd:59: file link 'IntegerRanges' in package 'IRanges' does not exist and so has been treated as a topic
  Rd warning: C:/Users/biocbuild/bbs-3.12-bioc/tmpdir/RtmpIFRkye/R.INSTALL15c074a387f/BSgenome/man/getSeq-methods.Rd:64: file link 'GRanges' in package 'GenomicRanges' does not exist and so has been treated as a topic
  Rd warning: C:/Users/biocbuild/bbs-3.12-bioc/tmpdir/RtmpIFRkye/R.INSTALL15c074a387f/BSgenome/man/getSeq-methods.Rd:65: file link 'GRangesList' in package 'GenomicRanges' does not exist and so has been treated as a topic
  Rd warning: C:/Users/biocbuild/bbs-3.12-bioc/tmpdir/RtmpIFRkye/R.INSTALL15c074a387f/BSgenome/man/getSeq-methods.Rd:76: file link 'GRanges' in package 'GenomicRanges' does not exist and so has been treated as a topic
  Rd warning: C:/Users/biocbuild/bbs-3.12-bioc/tmpdir/RtmpIFRkye/R.INSTALL15c074a387f/BSgenome/man/getSeq-methods.Rd:77: file link 'IntegerRanges' in package 'IRanges' does not exist and so has been treated as a topic
  Rd warning: C:/Users/biocbuild/bbs-3.12-bioc/tmpdir/RtmpIFRkye/R.INSTALL15c074a387f/BSgenome/man/getSeq-methods.Rd:78: file link 'GRangesList' in package 'GenomicRanges' does not exist and so has been treated as a topic
  Rd warning: C:/Users/biocbuild/bbs-3.12-bioc/tmpdir/RtmpIFRkye/R.INSTALL15c074a387f/BSgenome/man/getSeq-methods.Rd:79: file link 'IntegerRangesList' in package 'IRanges' does not exist and so has been treated as a topic
  Rd warning: C:/Users/biocbuild/bbs-3.12-bioc/tmpdir/RtmpIFRkye/R.INSTALL15c074a387f/BSgenome/man/getSeq-methods.Rd:86: file link 'solveUserSEW' in package 'IRanges' does not exist and so has been treated as a topic
  Rd warning: C:/Users/biocbuild/bbs-3.12-bioc/tmpdir/RtmpIFRkye/R.INSTALL15c074a387f/BSgenome/man/getSeq-methods.Rd:90: file link 'GRanges' in package 'GenomicRanges' does not exist and so has been treated as a topic
  Rd warning: C:/Users/biocbuild/bbs-3.12-bioc/tmpdir/RtmpIFRkye/R.INSTALL15c074a387f/BSgenome/man/getSeq-methods.Rd:91: file link 'GRangesList' in package 'GenomicRanges' does not exist and so has been treated as a topic
  Rd warning: C:/Users/biocbuild/bbs-3.12-bioc/tmpdir/RtmpIFRkye/R.INSTALL15c074a387f/BSgenome/man/getSeq-methods.Rd:105: file link 'GRanges' in package 'GenomicRanges' does not exist and so has been treated as a topic
  Rd warning: C:/Users/biocbuild/bbs-3.12-bioc/tmpdir/RtmpIFRkye/R.INSTALL15c074a387f/BSgenome/man/getSeq-methods.Rd:106: file link 'GRangesList' in package 'GenomicRanges' does not exist and so has been treated as a topic
  Rd warning: C:/Users/biocbuild/bbs-3.12-bioc/tmpdir/RtmpIFRkye/R.INSTALL15c074a387f/BSgenome/man/getSeq-methods.Rd:113: file link 'XStringSet' in package 'Biostrings' does not exist and so has been treated as a topic
  Rd warning: C:/Users/biocbuild/bbs-3.12-bioc/tmpdir/RtmpIFRkye/R.INSTALL15c074a387f/BSgenome/man/getSeq-methods.Rd:114: file link 'GenomicRanges' in package 'GenomicRanges' does not exist and so has been treated as a topic
  Rd warning: C:/Users/biocbuild/bbs-3.12-bioc/tmpdir/RtmpIFRkye/R.INSTALL15c074a387f/BSgenome/man/getSeq-methods.Rd:114: file link 'GRangesList' in package 'GenomicRanges' does not exist and so has been treated as a topic
  Rd warning: C:/Users/biocbuild/bbs-3.12-bioc/tmpdir/RtmpIFRkye/R.INSTALL15c074a387f/BSgenome/man/getSeq-methods.Rd:123: file link 'DNAStringSet' in package 'Biostrings' does not exist and so has been treated as a topic
  Rd warning: C:/Users/biocbuild/bbs-3.12-bioc/tmpdir/RtmpIFRkye/R.INSTALL15c074a387f/BSgenome/man/getSeq-methods.Rd:128: file link 'DNAStringSetList' in package 'Biostrings' does not exist and so has been treated as a topic
  Rd warning: C:/Users/biocbuild/bbs-3.12-bioc/tmpdir/RtmpIFRkye/R.INSTALL15c074a387f/BSgenome/man/getSeq-methods.Rd:129: file link 'CharacterList' in package 'IRanges' does not exist and so has been treated as a topic
  Rd warning: C:/Users/biocbuild/bbs-3.12-bioc/tmpdir/RtmpIFRkye/R.INSTALL15c074a387f/BSgenome/man/getSeq-methods.Rd:131: file link 'GRangesList' in package 'GenomicRanges' does not exist and so has been treated as a topic
  Rd warning: C:/Users/biocbuild/bbs-3.12-bioc/tmpdir/RtmpIFRkye/R.INSTALL15c074a387f/BSgenome/man/getSeq-methods.Rd:132: file link 'DNAString' in package 'Biostrings' does not exist and so has been treated as a topic
  Rd warning: C:/Users/biocbuild/bbs-3.12-bioc/tmpdir/RtmpIFRkye/R.INSTALL15c074a387f/BSgenome/man/getSeq-methods.Rd:134: file link 'GRanges' in package 'GenomicRanges' does not exist and so has been treated as a topic
  Rd warning: C:/Users/biocbuild/bbs-3.12-bioc/tmpdir/RtmpIFRkye/R.INSTALL15c074a387f/BSgenome/man/getSeq-methods.Rd:135: file link 'GRangesList' in package 'GenomicRanges' does not exist and so has been treated as a topic
  Rd warning: C:/Users/biocbuild/bbs-3.12-bioc/tmpdir/RtmpIFRkye/R.INSTALL15c074a387f/BSgenome/man/getSeq-methods.Rd:135: file link 'IntegerRangesList' in package 'IRanges' does not exist and so has been treated as a topic
  Rd warning: C:/Users/biocbuild/bbs-3.12-bioc/tmpdir/RtmpIFRkye/R.INSTALL15c074a387f/BSgenome/man/getSeq-methods.Rd:136: file link 'IntegerRanges' in package 'IRanges' does not exist and so has been treated as a topic
  Rd warning: C:/Users/biocbuild/bbs-3.12-bioc/tmpdir/RtmpIFRkye/R.INSTALL15c074a387f/BSgenome/man/getSeq-methods.Rd:148: file link 'MaskedDNAString-class' in package 'Biostrings' does not exist and so has been treated as a topic
  Rd warning: C:/Users/biocbuild/bbs-3.12-bioc/tmpdir/RtmpIFRkye/R.INSTALL15c074a387f/BSgenome/man/getSeq-methods.Rd:159: file link 'DNAStringSet-class' in package 'Biostrings' does not exist and so has been treated as a topic
  Rd warning: C:/Users/biocbuild/bbs-3.12-bioc/tmpdir/RtmpIFRkye/R.INSTALL15c074a387f/BSgenome/man/getSeq-methods.Rd:160: file link 'MaskedDNAString-class' in package 'Biostrings' does not exist and so has been treated as a topic
  Rd warning: C:/Users/biocbuild/bbs-3.12-bioc/tmpdir/RtmpIFRkye/R.INSTALL15c074a387f/BSgenome/man/injectSNPs.Rd:105: file link 'letterFrequencyInSlidingView' in package 'Biostrings' does not exist and so has been treated as a topic
  Rd warning: C:/Users/biocbuild/bbs-3.12-bioc/tmpdir/RtmpIFRkye/R.INSTALL15c074a387f/BSgenome/man/injectSNPs.Rd:106: file link '.inplaceReplaceLetterAt' in package 'Biostrings' does not exist and so has been treated as a topic
See 'C:/Users/biocbuild/bbs-3.12-bioc/meat/BSgenome.Rcheck/00install.out' for details.
* checking installed package size ... NOTE
  installed size is  7.8Mb
  sub-directories of 1Mb or more:
    R         1.7Mb
    extdata   5.8Mb
* checking package directory ... OK
* checking 'build' directory ... OK
* checking DESCRIPTION meta-information ... NOTE
Packages listed in more than one of Depends, Imports, Suggests, Enhances:
  'methods' 'BiocGenerics' 'S4Vectors' 'IRanges' 'GenomeInfoDb' 'GenomicRanges' 'Biostrings' 'rtracklayer'
A package should be listed in only one of these fields.
* checking top-level files ... OK
* checking for left-over files ... OK
* checking index information ... OK
* checking package subdirectories ... OK
* checking R files for non-ASCII characters ... OK
* checking R files for syntax errors ... OK
* loading checks for arch 'i386'
** checking whether the package can be loaded ... OK
** checking whether the package can be loaded with stated dependencies ... OK
** checking whether the package can be unloaded cleanly ... OK
** checking whether the namespace can be loaded with stated dependencies ... OK
** checking whether the namespace can be unloaded cleanly ... OK
* loading checks for arch 'x64'
** checking whether the package can be loaded ... OK
** checking whether the package can be loaded with stated dependencies ... OK
** checking whether the package can be unloaded cleanly ... OK
** checking whether the namespace can be loaded with stated dependencies ... OK
** checking whether the namespace can be unloaded cleanly ... OK
* checking dependencies in R code ... NOTE
':::' calls which should be '::':
  'S4Vectors:::makeClassinfoRowForCompactPrinting'
  'S4Vectors:::makePrettyMatrixForCompactPrinting'
  See the note in ?`:::` about the use of this operator.
Unexported objects imported by ':::' calls:
  'GenomeInfoDb:::compactPrintNamedAtomicVector'
  'GenomicRanges:::get_out_of_bound_index' 'IRanges:::.normargSEW'
  'IRanges:::unlist_as_integer' 'S4Vectors:::anyMissing'
  'S4Vectors:::anyMissingOrOutside' 'S4Vectors:::decodeRle'
  'S4Vectors:::diffWithInitialZero'
  'S4Vectors:::make_zero_col_DataFrame' 'S4Vectors:::quick_unlist'
  'S4Vectors:::quick_unsplit' 'S4Vectors:::recycleVector'
  'rtracklayer:::.DNAString_to_twoBit' 'rtracklayer:::.TwoBits_export'
  'rtracklayer:::checkArgFormat' 'rtracklayer:::twoBitPath'
  See the note in ?`:::` about the use of this operator.
* checking S3 generic/method consistency ... OK
* checking replacement functions ... OK
* checking foreign function calls ... OK
* checking R code for possible problems ... OK
* checking Rd files ... OK
* checking Rd metadata ... OK
* checking Rd cross-references ... OK
* checking for missing documentation entries ... WARNING
Undocumented code objects:
  'MaskedBSgenome' 'OnDiskLongTable' 'OnDiskLongTable_old'
  'as.data.frame.BSgenomeViews' 'batchsizes' 'blocksizes' 'breakpoints'
  'forgeMaskedBSgenomeDataPkg'
  'getBatchesByOverlapsFromOnDiskLongTable'
  'getBatchesBySeqnameFromOnDiskLongTable'
  'getBatchesFromOnDiskLongTable' 'getBatchesFromOnDiskLongTable_old'
  'getRowsByIdFromOnDiskLongTable' 'getRowsByIdFromOnDiskLongTable_old'
  'getRowsByIndexFromOnDiskLongTable_old' 'getRowsFromOnDiskLongTable'
  'rowids' 'saveAsOnDiskLongTable_old'
  'saveRowidsForOnDiskLongTable_old' 'spatialIndex'
  'writeOnDiskLongTable' 'writeOnDiskLongTableRowids'
Undocumented S4 classes:
  'OnDiskLongTable_old' 'OnDiskLongTable' 'MaskedBSgenome'
  'GRanges_OR_NULL'
Undocumented S4 methods:
  generic '[' and siglist 'XStringSet,GRangesList,ANY,ANY'
  generic '[' and siglist 'XStringSet,GenomicRanges,ANY,ANY'
  generic '[[' and siglist 'BSgenome,ANY,ANY'
  generic 'batchsizes' and siglist 'OnDiskLongTable'
  generic 'blocksizes' and siglist 'OnDiskLongTable_old'
  generic 'breakpoints' and siglist 'OnDiskLongTable'
  generic 'breakpoints' and siglist 'OnDiskLongTable_old'
  generic 'coerce' and siglist 'RdsCollection,RdsNamedSequences'
  generic 'dim' and siglist 'OnDiskLongTable'
  generic 'dim' and siglist 'OnDiskLongTable_old'
  generic 'dimnames' and siglist 'OnDiskLongTable'
  generic 'dimnames' and siglist 'OnDiskLongTable_old'
  generic 'dimnames' and siglist 'XtraSNPlocs'
  generic 'extractAt' and siglist 'BSgenome'
  generic 'forgeMaskedBSgenomeDataPkg' and siglist
    'MaskedBSgenomeDataPkgSeed'
  generic 'forgeMaskedBSgenomeDataPkg' and siglist 'character'
  generic 'forgeMaskedBSgenomeDataPkg' and siglist 'list'
  generic 'length' and siglist 'OnDiskNamedSequences'
  generic 'names' and siglist 'FastaNamedSequences'
  generic 'names' and siglist 'TwobitNamedSequences'
  generic 'rowids' and siglist 'OnDiskLongTable'
  generic 'rowids' and siglist 'OnDiskLongTable_old'
  generic 'seqinfo' and siglist 'FastaNamedSequences'
  generic 'seqinfo' and siglist 'RdaNamedSequences'
  generic 'seqinfo' and siglist 'RdsNamedSequences'
  generic 'seqinfo' and siglist 'TwobitNamedSequences'
  generic 'seqnames' and siglist 'OnDiskNamedSequences'
  generic 'show' and siglist 'OnDiskLongTable'
  generic 'show' and siglist 'OnDiskLongTable_old'
  generic 'show' and siglist 'OnDiskNamedSequences'
  generic 'spatialIndex' and siglist 'OnDiskLongTable'
All user-level objects in a package (including S4 classes and methods)
should have documentation entries.
See chapter 'Writing R documentation files' in the 'Writing R
Extensions' manual.
* checking for code/documentation mismatches ... OK
* checking Rd \usage sections ... OK
* checking Rd contents ... OK
* checking for unstated dependencies in examples ... OK
* checking files in 'vignettes' ... OK
* checking examples ...
** running examples for arch 'i386' ... OK
Examples with CPU (user + system) or elapsed time > 5s
                     user system elapsed
SNPlocs-class       40.30   3.57   53.90
BSgenome-utils      34.83   1.01   35.84
BSgenomeViews-class 25.09   3.82   30.49
BSgenome-class      26.89   0.74   38.02
injectSNPs          16.95   0.87   42.35
bsapply             16.80   0.42   17.30
XtraSNPlocs-class    9.81   0.36   16.32
export-methods       8.84   0.85    9.69
getSeq-methods       7.72   0.89    8.61
BSgenomeForge        7.67   0.07    8.40
** running examples for arch 'x64' ... OK
Examples with CPU (user + system) or elapsed time > 5s
                     user system elapsed
SNPlocs-class       64.98   3.38   69.67
BSgenome-utils      31.20   0.44   31.64
BSgenomeViews-class 21.39   2.59   25.58
BSgenome-class      22.09   0.64   22.73
injectSNPs          20.58   2.14   22.75
bsapply             11.67   0.39   12.06
getSeq-methods       9.95   0.54   10.48
export-methods       8.64   1.03    9.69
XtraSNPlocs-class    6.81   0.50    7.33
BSgenomeForge        5.89   0.05    5.94
* checking for unstated dependencies in vignettes ... OK
* checking package vignettes in 'inst/doc' ... OK
* checking running R code from vignettes ... SKIPPED
* checking re-building of vignette outputs ... SKIPPED
* checking PDF version of manual ... OK
* DONE

Status: 2 WARNINGs, 5 NOTEs
See
  'C:/Users/biocbuild/bbs-3.12-bioc/meat/BSgenome.Rcheck/00check.log'
for details.



Installation output

BSgenome.Rcheck/00install.out

##############################################################################
##############################################################################
###
### Running command:
###
###   C:\cygwin\bin\curl.exe -O http://172.29.0.3/BBS/3.12/bioc/src/contrib/BSgenome_1.58.0.tar.gz && rm -rf BSgenome.buildbin-libdir && mkdir BSgenome.buildbin-libdir && C:\Users\biocbuild\bbs-3.12-bioc\R\bin\R.exe CMD INSTALL --merge-multiarch --build --library=BSgenome.buildbin-libdir BSgenome_1.58.0.tar.gz && C:\Users\biocbuild\bbs-3.12-bioc\R\bin\R.exe CMD INSTALL BSgenome_1.58.0.zip && rm BSgenome_1.58.0.tar.gz BSgenome_1.58.0.zip
###
##############################################################################
##############################################################################


  % Total    % Received % Xferd  Average Speed   Time    Time     Time  Current
                                 Dload  Upload   Total   Spent    Left  Speed

  0     0    0     0    0     0      0      0 --:--:-- --:--:-- --:--:--     0
100 5485k  100 5485k    0     0  46.8M      0 --:--:-- --:--:-- --:--:-- 47.4M

install for i386

* installing *source* package 'BSgenome' ...
** using staged installation
** R
** inst
** byte-compile and prepare package for lazy loading
** help
*** installing help indices
  converting help for package 'BSgenome'
    finding HTML links ... done
    BSParams-class                          html  
    finding level-2 HTML links ... done

    BSgenome-class                          html  
Rd warning: C:/Users/biocbuild/bbs-3.12-bioc/tmpdir/RtmpIFRkye/R.INSTALL15c074a387f/BSgenome/man/BSgenome-class.Rd:83: file link 'DNAString' in package 'Biostrings' does not exist and so has been treated as a topic
Rd warning: C:/Users/biocbuild/bbs-3.12-bioc/tmpdir/RtmpIFRkye/R.INSTALL15c074a387f/BSgenome/man/BSgenome-class.Rd:84: file link 'MaskedDNAString' in package 'Biostrings' does not exist and so has been treated as a topic
Rd warning: C:/Users/biocbuild/bbs-3.12-bioc/tmpdir/RtmpIFRkye/R.INSTALL15c074a387f/BSgenome/man/BSgenome-class.Rd:93: file link 'length,XVector-method' in package 'XVector' does not exist and so has been treated as a topic
Rd warning: C:/Users/biocbuild/bbs-3.12-bioc/tmpdir/RtmpIFRkye/R.INSTALL15c074a387f/BSgenome/man/BSgenome-class.Rd:94: file link 'length,MaskedXString-method' in package 'Biostrings' does not exist and so has been treated as a topic
Rd warning: C:/Users/biocbuild/bbs-3.12-bioc/tmpdir/RtmpIFRkye/R.INSTALL15c074a387f/BSgenome/man/BSgenome-class.Rd:95: file link 'DNAString' in package 'Biostrings' does not exist and so has been treated as a topic
Rd warning: C:/Users/biocbuild/bbs-3.12-bioc/tmpdir/RtmpIFRkye/R.INSTALL15c074a387f/BSgenome/man/BSgenome-class.Rd:96: file link 'MaskedDNAString' in package 'Biostrings' does not exist and so has been treated as a topic
Rd warning: C:/Users/biocbuild/bbs-3.12-bioc/tmpdir/RtmpIFRkye/R.INSTALL15c074a387f/BSgenome/man/BSgenome-class.Rd:98: file link 'MaskedXString' in package 'Biostrings' does not exist and so has been treated as a topic
Rd warning: C:/Users/biocbuild/bbs-3.12-bioc/tmpdir/RtmpIFRkye/R.INSTALL15c074a387f/BSgenome/man/BSgenome-class.Rd:100: file link 'MaskedXString' in package 'Biostrings' does not exist and so has been treated as a topic
Rd warning: C:/Users/biocbuild/bbs-3.12-bioc/tmpdir/RtmpIFRkye/R.INSTALL15c074a387f/BSgenome/man/BSgenome-class.Rd:108: file link 'DNAStringSet' in package 'Biostrings' does not exist and so has been treated as a topic
Rd warning: C:/Users/biocbuild/bbs-3.12-bioc/tmpdir/RtmpIFRkye/R.INSTALL15c074a387f/BSgenome/man/BSgenome-class.Rd:168: file link 'BSgenome.Hsapiens.UCSC.hg38' in package 'BSgenome.Hsapiens.UCSC.hg38' does not exist and so has been treated as a topic
Rd warning: C:/Users/biocbuild/bbs-3.12-bioc/tmpdir/RtmpIFRkye/R.INSTALL15c074a387f/BSgenome/man/BSgenome-class.Rd:180: file link 'DNAStringSet-class' in package 'Biostrings' does not exist and so has been treated as a topic
Rd warning: C:/Users/biocbuild/bbs-3.12-bioc/tmpdir/RtmpIFRkye/R.INSTALL15c074a387f/BSgenome/man/BSgenome-class.Rd:181: file link 'MaskedDNAString-class' in package 'Biostrings' does not exist and so has been treated as a topic
Rd warning: C:/Users/biocbuild/bbs-3.12-bioc/tmpdir/RtmpIFRkye/R.INSTALL15c074a387f/BSgenome/man/BSgenome-class.Rd:184: file link 'subseq,XVector-method' in package 'XVector' does not exist and so has been treated as a topic
    BSgenome-utils                          html  
Rd warning: C:/Users/biocbuild/bbs-3.12-bioc/tmpdir/RtmpIFRkye/R.INSTALL15c074a387f/BSgenome/man/BSgenome-utils.Rd:41: file link 'DNAString' in package 'Biostrings' does not exist and so has been treated as a topic
Rd warning: C:/Users/biocbuild/bbs-3.12-bioc/tmpdir/RtmpIFRkye/R.INSTALL15c074a387f/BSgenome/man/BSgenome-utils.Rd:90: file link 'PDict' in package 'Biostrings' does not exist and so has been treated as a topic
Rd warning: C:/Users/biocbuild/bbs-3.12-bioc/tmpdir/RtmpIFRkye/R.INSTALL15c074a387f/BSgenome/man/BSgenome-utils.Rd:90: file link 'DNAStringSet' in package 'Biostrings' does not exist and so has been treated as a topic
Rd warning: C:/Users/biocbuild/bbs-3.12-bioc/tmpdir/RtmpIFRkye/R.INSTALL15c074a387f/BSgenome/man/BSgenome-utils.Rd:108: file link 'GRanges' in package 'GenomicRanges' does not exist and so has been treated as a topic
Rd warning: C:/Users/biocbuild/bbs-3.12-bioc/tmpdir/RtmpIFRkye/R.INSTALL15c074a387f/BSgenome/man/BSgenome-utils.Rd:114: file link 'GRanges' in package 'GenomicRanges' does not exist and so has been treated as a topic
Rd warning: C:/Users/biocbuild/bbs-3.12-bioc/tmpdir/RtmpIFRkye/R.INSTALL15c074a387f/BSgenome/man/BSgenome-utils.Rd:118: file link 'DataFrame' in package 'S4Vectors' does not exist and so has been treated as a topic
Rd warning: C:/Users/biocbuild/bbs-3.12-bioc/tmpdir/RtmpIFRkye/R.INSTALL15c074a387f/BSgenome/man/BSgenome-utils.Rd:124: file link 'GRanges' in package 'GenomicRanges' does not exist and so has been treated as a topic
Rd warning: C:/Users/biocbuild/bbs-3.12-bioc/tmpdir/RtmpIFRkye/R.INSTALL15c074a387f/BSgenome/man/BSgenome-utils.Rd:132: file link 'matchPDict' in package 'Biostrings' does not exist and so has been treated as a topic
    BSgenomeForge                           html  
Rd warning: C:/Users/biocbuild/bbs-3.12-bioc/tmpdir/RtmpIFRkye/R.INSTALL15c074a387f/BSgenome/man/BSgenomeForge.Rd:120: file link 'XString' in package 'Biostrings' does not exist and so has been treated as a topic
    BSgenomeViews-class                     html  
Rd warning: C:/Users/biocbuild/bbs-3.12-bioc/tmpdir/RtmpIFRkye/R.INSTALL15c074a387f/BSgenome/man/BSgenomeViews-class.Rd:120: file link 'GRanges' in package 'GenomicRanges' does not exist and so has been treated as a topic
Rd warning: C:/Users/biocbuild/bbs-3.12-bioc/tmpdir/RtmpIFRkye/R.INSTALL15c074a387f/BSgenome/man/BSgenomeViews-class.Rd:135: file link 'alphabetFrequency' in package 'Biostrings' does not exist and so has been treated as a topic
Rd warning: C:/Users/biocbuild/bbs-3.12-bioc/tmpdir/RtmpIFRkye/R.INSTALL15c074a387f/BSgenome/man/BSgenomeViews-class.Rd:136: file link 'oligonucleotideFrequency' in package 'Biostrings' does not exist and so has been treated as a topic
Rd warning: C:/Users/biocbuild/bbs-3.12-bioc/tmpdir/RtmpIFRkye/R.INSTALL15c074a387f/BSgenome/man/BSgenomeViews-class.Rd:140: file link 'alphabetFrequency' in package 'Biostrings' does not exist and so has been treated as a topic
Rd warning: C:/Users/biocbuild/bbs-3.12-bioc/tmpdir/RtmpIFRkye/R.INSTALL15c074a387f/BSgenome/man/BSgenomeViews-class.Rd:144: file link 'oligonucleotideFrequency' in package 'Biostrings' does not exist and so has been treated as a topic
Rd warning: C:/Users/biocbuild/bbs-3.12-bioc/tmpdir/RtmpIFRkye/R.INSTALL15c074a387f/BSgenome/man/BSgenomeViews-class.Rd:148: file link 'consensusMatrix' in package 'Biostrings' does not exist and so has been treated as a topic
Rd warning: C:/Users/biocbuild/bbs-3.12-bioc/tmpdir/RtmpIFRkye/R.INSTALL15c074a387f/BSgenome/man/BSgenomeViews-class.Rd:179: file link 'GRanges' in package 'GenomicRanges' does not exist and so has been treated as a topic
Rd warning: C:/Users/biocbuild/bbs-3.12-bioc/tmpdir/RtmpIFRkye/R.INSTALL15c074a387f/BSgenome/man/BSgenomeViews-class.Rd:215: file link 'DNAStringSet' in package 'Biostrings' does not exist and so has been treated as a topic
Rd warning: C:/Users/biocbuild/bbs-3.12-bioc/tmpdir/RtmpIFRkye/R.INSTALL15c074a387f/BSgenome/man/BSgenomeViews-class.Rd:241: file link 'DNAStringSet' in package 'Biostrings' does not exist and so has been treated as a topic
Rd warning: C:/Users/biocbuild/bbs-3.12-bioc/tmpdir/RtmpIFRkye/R.INSTALL15c074a387f/BSgenome/man/BSgenomeViews-class.Rd:245: file link 'DNAStringSet' in package 'Biostrings' does not exist and so has been treated as a topic
Rd warning: C:/Users/biocbuild/bbs-3.12-bioc/tmpdir/RtmpIFRkye/R.INSTALL15c074a387f/BSgenome/man/BSgenomeViews-class.Rd:246: file link 'DNAStringSet' in package 'Biostrings' does not exist and so has been treated as a topic
Rd warning: C:/Users/biocbuild/bbs-3.12-bioc/tmpdir/RtmpIFRkye/R.INSTALL15c074a387f/BSgenome/man/BSgenomeViews-class.Rd:249: file link 'seqtype' in package 'Biostrings' does not exist and so has been treated as a topic
Rd warning: C:/Users/biocbuild/bbs-3.12-bioc/tmpdir/RtmpIFRkye/R.INSTALL15c074a387f/BSgenome/man/BSgenomeViews-class.Rd:250: file link 'nchar,XStringSet-method' in package 'Biostrings' does not exist and so has been treated as a topic
Rd warning: C:/Users/biocbuild/bbs-3.12-bioc/tmpdir/RtmpIFRkye/R.INSTALL15c074a387f/BSgenome/man/BSgenomeViews-class.Rd:251: file link 'unlist,XStringSet-method' in package 'Biostrings' does not exist and so has been treated as a topic
Rd warning: C:/Users/biocbuild/bbs-3.12-bioc/tmpdir/RtmpIFRkye/R.INSTALL15c074a387f/BSgenome/man/BSgenomeViews-class.Rd:252: file link 'alphabetFrequency' in package 'Biostrings' does not exist and so has been treated as a topic
Rd warning: C:/Users/biocbuild/bbs-3.12-bioc/tmpdir/RtmpIFRkye/R.INSTALL15c074a387f/BSgenome/man/BSgenomeViews-class.Rd:253: file link 'hasOnlyBaseLetters' in package 'Biostrings' does not exist and so has been treated as a topic
Rd warning: C:/Users/biocbuild/bbs-3.12-bioc/tmpdir/RtmpIFRkye/R.INSTALL15c074a387f/BSgenome/man/BSgenomeViews-class.Rd:254: file link 'uniqueLetters' in package 'Biostrings' does not exist and so has been treated as a topic
Rd warning: C:/Users/biocbuild/bbs-3.12-bioc/tmpdir/RtmpIFRkye/R.INSTALL15c074a387f/BSgenome/man/BSgenomeViews-class.Rd:256: file link 'oligonucleotideFrequency' in package 'Biostrings' does not exist and so has been treated as a topic
Rd warning: C:/Users/biocbuild/bbs-3.12-bioc/tmpdir/RtmpIFRkye/R.INSTALL15c074a387f/BSgenome/man/BSgenomeViews-class.Rd:257: file link 'nucleotideFrequencyAt' in package 'Biostrings' does not exist and so has been treated as a topic
Rd warning: C:/Users/biocbuild/bbs-3.12-bioc/tmpdir/RtmpIFRkye/R.INSTALL15c074a387f/BSgenome/man/BSgenomeViews-class.Rd:258: file link 'consensusMatrix' in package 'Biostrings' does not exist and so has been treated as a topic
Rd warning: C:/Users/biocbuild/bbs-3.12-bioc/tmpdir/RtmpIFRkye/R.INSTALL15c074a387f/BSgenome/man/BSgenomeViews-class.Rd:259: file link 'consensusString' in package 'Biostrings' does not exist and so has been treated as a topic
Rd warning: C:/Users/biocbuild/bbs-3.12-bioc/tmpdir/RtmpIFRkye/R.INSTALL15c074a387f/BSgenome/man/BSgenomeViews-class.Rd:271: file link 'GRanges' in package 'GenomicRanges' does not exist and so has been treated as a topic
Rd warning: C:/Users/biocbuild/bbs-3.12-bioc/tmpdir/RtmpIFRkye/R.INSTALL15c074a387f/BSgenome/man/BSgenomeViews-class.Rd:274: file link 'DNAStringSet' in package 'Biostrings' does not exist and so has been treated as a topic
Rd warning: C:/Users/biocbuild/bbs-3.12-bioc/tmpdir/RtmpIFRkye/R.INSTALL15c074a387f/BSgenome/man/BSgenomeViews-class.Rd:281: file link 'TxDb' in package 'GenomicFeatures' does not exist and so has been treated as a topic
    SNPlocs-class                           html  
Rd warning: C:/Users/biocbuild/bbs-3.12-bioc/tmpdir/RtmpIFRkye/R.INSTALL15c074a387f/BSgenome/man/SNPlocs-class.Rd:115: file link 'subsetByOverlaps' in package 'IRanges' does not exist and so has been treated as a topic
Rd warning: C:/Users/biocbuild/bbs-3.12-bioc/tmpdir/RtmpIFRkye/R.INSTALL15c074a387f/BSgenome/man/SNPlocs-class.Rd:116: file link 'subsetByOverlaps' in package 'IRanges' does not exist and so has been treated as a topic
Rd warning: C:/Users/biocbuild/bbs-3.12-bioc/tmpdir/RtmpIFRkye/R.INSTALL15c074a387f/BSgenome/man/SNPlocs-class.Rd:117: file link 'subsetByOverlaps' in package 'GenomicRanges' does not exist and so has been treated as a topic
Rd warning: C:/Users/biocbuild/bbs-3.12-bioc/tmpdir/RtmpIFRkye/R.INSTALL15c074a387f/BSgenome/man/SNPlocs-class.Rd:120: file link 'GenomicRanges' in package 'GenomicRanges' does not exist and so has been treated as a topic
Rd warning: C:/Users/biocbuild/bbs-3.12-bioc/tmpdir/RtmpIFRkye/R.INSTALL15c074a387f/BSgenome/man/SNPlocs-class.Rd:139: file link 'GPos' in package 'GenomicRanges' does not exist and so has been treated as a topic
Rd warning: C:/Users/biocbuild/bbs-3.12-bioc/tmpdir/RtmpIFRkye/R.INSTALL15c074a387f/BSgenome/man/SNPlocs-class.Rd:157: file link 'GRanges' in package 'GenomicRanges' does not exist and so has been treated as a topic
Rd warning: C:/Users/biocbuild/bbs-3.12-bioc/tmpdir/RtmpIFRkye/R.INSTALL15c074a387f/BSgenome/man/SNPlocs-class.Rd:157: file link 'GPos' in package 'GenomicRanges' does not exist and so has been treated as a topic
Rd warning: C:/Users/biocbuild/bbs-3.12-bioc/tmpdir/RtmpIFRkye/R.INSTALL15c074a387f/BSgenome/man/SNPlocs-class.Rd:169: file link 'GPos' in package 'GenomicRanges' does not exist and so has been treated as a topic
Rd warning: C:/Users/biocbuild/bbs-3.12-bioc/tmpdir/RtmpIFRkye/R.INSTALL15c074a387f/BSgenome/man/SNPlocs-class.Rd:196: file link 'GPos' in package 'GenomicRanges' does not exist and so has been treated as a topic
Rd warning: C:/Users/biocbuild/bbs-3.12-bioc/tmpdir/RtmpIFRkye/R.INSTALL15c074a387f/BSgenome/man/SNPlocs-class.Rd:215: file link 'CharacterList' in package 'IRanges' does not exist and so has been treated as a topic
Rd warning: C:/Users/biocbuild/bbs-3.12-bioc/tmpdir/RtmpIFRkye/R.INSTALL15c074a387f/BSgenome/man/SNPlocs-class.Rd:220: file link 'GPos' in package 'GenomicRanges' does not exist and so has been treated as a topic
Rd warning: C:/Users/biocbuild/bbs-3.12-bioc/tmpdir/RtmpIFRkye/R.INSTALL15c074a387f/BSgenome/man/SNPlocs-class.Rd:226: file link 'GPos' in package 'GenomicRanges' does not exist and so has been treated as a topic
Rd warning: C:/Users/biocbuild/bbs-3.12-bioc/tmpdir/RtmpIFRkye/R.INSTALL15c074a387f/BSgenome/man/SNPlocs-class.Rd:229: file link 'DataFrame' in package 'S4Vectors' does not exist and so has been treated as a topic
Rd warning: C:/Users/biocbuild/bbs-3.12-bioc/tmpdir/RtmpIFRkye/R.INSTALL15c074a387f/BSgenome/man/SNPlocs-class.Rd:242: file link 'GPos' in package 'GenomicRanges' does not exist and so has been treated as a topic
Rd warning: C:/Users/biocbuild/bbs-3.12-bioc/tmpdir/RtmpIFRkye/R.INSTALL15c074a387f/BSgenome/man/SNPlocs-class.Rd:242: file link 'GRanges' in package 'GenomicRanges' does not exist and so has been treated as a topic
Rd warning: C:/Users/biocbuild/bbs-3.12-bioc/tmpdir/RtmpIFRkye/R.INSTALL15c074a387f/BSgenome/man/SNPlocs-class.Rd:249: file link 'subsetByOverlaps' in package 'IRanges' does not exist and so has been treated as a topic
Rd warning: C:/Users/biocbuild/bbs-3.12-bioc/tmpdir/RtmpIFRkye/R.INSTALL15c074a387f/BSgenome/man/SNPlocs-class.Rd:251: file link 'subsetByOverlaps' in package 'GenomicRanges' does not exist and so has been treated as a topic
Rd warning: C:/Users/biocbuild/bbs-3.12-bioc/tmpdir/RtmpIFRkye/R.INSTALL15c074a387f/BSgenome/man/SNPlocs-class.Rd:254: file link 'GenomicRanges' in package 'GenomicRanges' does not exist and so has been treated as a topic
    XtraSNPlocs-class                       html  
Rd warning: C:/Users/biocbuild/bbs-3.12-bioc/tmpdir/RtmpIFRkye/R.INSTALL15c074a387f/BSgenome/man/XtraSNPlocs-class.Rd:93: file link 'DataFrame' in package 'S4Vectors' does not exist and so has been treated as a topic
Rd warning: C:/Users/biocbuild/bbs-3.12-bioc/tmpdir/RtmpIFRkye/R.INSTALL15c074a387f/BSgenome/man/XtraSNPlocs-class.Rd:94: file link 'GRanges' in package 'GenomicRanges' does not exist and so has been treated as a topic
Rd warning: C:/Users/biocbuild/bbs-3.12-bioc/tmpdir/RtmpIFRkye/R.INSTALL15c074a387f/BSgenome/man/XtraSNPlocs-class.Rd:97: file link 'GRanges' in package 'GenomicRanges' does not exist and so has been treated as a topic
Rd warning: C:/Users/biocbuild/bbs-3.12-bioc/tmpdir/RtmpIFRkye/R.INSTALL15c074a387f/BSgenome/man/XtraSNPlocs-class.Rd:106: file link 'subsetByOverlaps' in package 'IRanges' does not exist and so has been treated as a topic
Rd warning: C:/Users/biocbuild/bbs-3.12-bioc/tmpdir/RtmpIFRkye/R.INSTALL15c074a387f/BSgenome/man/XtraSNPlocs-class.Rd:107: file link 'subsetByOverlaps' in package 'IRanges' does not exist and so has been treated as a topic
Rd warning: C:/Users/biocbuild/bbs-3.12-bioc/tmpdir/RtmpIFRkye/R.INSTALL15c074a387f/BSgenome/man/XtraSNPlocs-class.Rd:108: file link 'subsetByOverlaps' in package 'GenomicRanges' does not exist and so has been treated as a topic
Rd warning: C:/Users/biocbuild/bbs-3.12-bioc/tmpdir/RtmpIFRkye/R.INSTALL15c074a387f/BSgenome/man/XtraSNPlocs-class.Rd:111: file link 'GenomicRanges' in package 'GenomicRanges' does not exist and so has been treated as a topic
Rd warning: C:/Users/biocbuild/bbs-3.12-bioc/tmpdir/RtmpIFRkye/R.INSTALL15c074a387f/BSgenome/man/XtraSNPlocs-class.Rd:131: file link 'GRanges' in package 'GenomicRanges' does not exist and so has been treated as a topic
Rd warning: C:/Users/biocbuild/bbs-3.12-bioc/tmpdir/RtmpIFRkye/R.INSTALL15c074a387f/BSgenome/man/XtraSNPlocs-class.Rd:133: file link 'DataFrame' in package 'S4Vectors' does not exist and so has been treated as a topic
Rd warning: C:/Users/biocbuild/bbs-3.12-bioc/tmpdir/RtmpIFRkye/R.INSTALL15c074a387f/BSgenome/man/XtraSNPlocs-class.Rd:134: file link 'GRanges' in package 'GenomicRanges' does not exist and so has been treated as a topic
Rd warning: C:/Users/biocbuild/bbs-3.12-bioc/tmpdir/RtmpIFRkye/R.INSTALL15c074a387f/BSgenome/man/XtraSNPlocs-class.Rd:140: file link 'GRanges' in package 'GenomicRanges' does not exist and so has been treated as a topic
Rd warning: C:/Users/biocbuild/bbs-3.12-bioc/tmpdir/RtmpIFRkye/R.INSTALL15c074a387f/BSgenome/man/XtraSNPlocs-class.Rd:146: file link 'GRanges' in package 'GenomicRanges' does not exist and so has been treated as a topic
Rd warning: C:/Users/biocbuild/bbs-3.12-bioc/tmpdir/RtmpIFRkye/R.INSTALL15c074a387f/BSgenome/man/XtraSNPlocs-class.Rd:154: file link 'GRanges' in package 'GenomicRanges' does not exist and so has been treated as a topic
Rd warning: C:/Users/biocbuild/bbs-3.12-bioc/tmpdir/RtmpIFRkye/R.INSTALL15c074a387f/BSgenome/man/XtraSNPlocs-class.Rd:159: file link 'GRanges' in package 'GenomicRanges' does not exist and so has been treated as a topic
Rd warning: C:/Users/biocbuild/bbs-3.12-bioc/tmpdir/RtmpIFRkye/R.INSTALL15c074a387f/BSgenome/man/XtraSNPlocs-class.Rd:163: file link 'GRanges' in package 'GenomicRanges' does not exist and so has been treated as a topic
Rd warning: C:/Users/biocbuild/bbs-3.12-bioc/tmpdir/RtmpIFRkye/R.INSTALL15c074a387f/BSgenome/man/XtraSNPlocs-class.Rd:167: file link 'GRanges' in package 'GenomicRanges' does not exist and so has been treated as a topic
Rd warning: C:/Users/biocbuild/bbs-3.12-bioc/tmpdir/RtmpIFRkye/R.INSTALL15c074a387f/BSgenome/man/XtraSNPlocs-class.Rd:171: file link 'GRanges' in package 'GenomicRanges' does not exist and so has been treated as a topic
Rd warning: C:/Users/biocbuild/bbs-3.12-bioc/tmpdir/RtmpIFRkye/R.INSTALL15c074a387f/BSgenome/man/XtraSNPlocs-class.Rd:178: file link 'GRanges' in package 'GenomicRanges' does not exist and so has been treated as a topic
Rd warning: C:/Users/biocbuild/bbs-3.12-bioc/tmpdir/RtmpIFRkye/R.INSTALL15c074a387f/BSgenome/man/XtraSNPlocs-class.Rd:187: file link 'GRanges' in package 'GenomicRanges' does not exist and so has been treated as a topic
Rd warning: C:/Users/biocbuild/bbs-3.12-bioc/tmpdir/RtmpIFRkye/R.INSTALL15c074a387f/BSgenome/man/XtraSNPlocs-class.Rd:199: file link 'GRanges' in package 'GenomicRanges' does not exist and so has been treated as a topic
    available.genomes                       html  
    bsapply                                 html  
    export-methods                          html  
Rd warning: C:/Users/biocbuild/bbs-3.12-bioc/tmpdir/RtmpIFRkye/R.INSTALL15c074a387f/BSgenome/man/export-methods.Rd:33: file link 'FastaFile' in package 'rtracklayer' does not exist and so has been treated as a topic
Rd warning: C:/Users/biocbuild/bbs-3.12-bioc/tmpdir/RtmpIFRkye/R.INSTALL15c074a387f/BSgenome/man/export-methods.Rd:33: file link 'TwoBitFile' in package 'rtracklayer' does not exist and so has been treated as a topic
Rd warning: C:/Users/biocbuild/bbs-3.12-bioc/tmpdir/RtmpIFRkye/R.INSTALL15c074a387f/BSgenome/man/export-methods.Rd:61: file link 'TwoBitFile' in package 'rtracklayer' does not exist and so has been treated as a topic
Rd warning: C:/Users/biocbuild/bbs-3.12-bioc/tmpdir/RtmpIFRkye/R.INSTALL15c074a387f/BSgenome/man/export-methods.Rd:71: file link 'FastaFile' in package 'rtracklayer' does not exist and so has been treated as a topic
Rd warning: C:/Users/biocbuild/bbs-3.12-bioc/tmpdir/RtmpIFRkye/R.INSTALL15c074a387f/BSgenome/man/export-methods.Rd:71: file link 'TwoBitFile' in package 'rtracklayer' does not exist and so has been treated as a topic
    getSeq-methods                          html  
Rd warning: C:/Users/biocbuild/bbs-3.12-bioc/tmpdir/RtmpIFRkye/R.INSTALL15c074a387f/BSgenome/man/getSeq-methods.Rd:15: file link 'XStringSet' in package 'Biostrings' does not exist and so has been treated as a topic
Rd warning: C:/Users/biocbuild/bbs-3.12-bioc/tmpdir/RtmpIFRkye/R.INSTALL15c074a387f/BSgenome/man/getSeq-methods.Rd:27: file link 'XStringSet' in package 'Biostrings' does not exist and so has been treated as a topic
Rd warning: C:/Users/biocbuild/bbs-3.12-bioc/tmpdir/RtmpIFRkye/R.INSTALL15c074a387f/BSgenome/man/getSeq-methods.Rd:35: file link 'GRanges' in package 'GenomicRanges' does not exist and so has been treated as a topic
Rd warning: C:/Users/biocbuild/bbs-3.12-bioc/tmpdir/RtmpIFRkye/R.INSTALL15c074a387f/BSgenome/man/getSeq-methods.Rd:36: file link 'GRangesList' in package 'GenomicRanges' does not exist and so has been treated as a topic
Rd warning: C:/Users/biocbuild/bbs-3.12-bioc/tmpdir/RtmpIFRkye/R.INSTALL15c074a387f/BSgenome/man/getSeq-methods.Rd:37: file link 'IntegerRangesList' in package 'IRanges' does not exist and so has been treated as a topic
Rd warning: C:/Users/biocbuild/bbs-3.12-bioc/tmpdir/RtmpIFRkye/R.INSTALL15c074a387f/BSgenome/man/getSeq-methods.Rd:38: file link 'IntegerRanges' in package 'IRanges' does not exist and so has been treated as a topic
Rd warning: C:/Users/biocbuild/bbs-3.12-bioc/tmpdir/RtmpIFRkye/R.INSTALL15c074a387f/BSgenome/man/getSeq-methods.Rd:39: file link 'IntegerRangesList' in package 'IRanges' does not exist and so has been treated as a topic
Rd warning: C:/Users/biocbuild/bbs-3.12-bioc/tmpdir/RtmpIFRkye/R.INSTALL15c074a387f/BSgenome/man/getSeq-methods.Rd:39: file link 'IntegerRanges' in package 'IRanges' does not exist and so has been treated as a topic
Rd warning: C:/Users/biocbuild/bbs-3.12-bioc/tmpdir/RtmpIFRkye/R.INSTALL15c074a387f/BSgenome/man/getSeq-methods.Rd:49: file link 'XStringSet' in package 'Biostrings' does not exist and so has been treated as a topic
Rd warning: C:/Users/biocbuild/bbs-3.12-bioc/tmpdir/RtmpIFRkye/R.INSTALL15c074a387f/BSgenome/man/getSeq-methods.Rd:50: file link 'GRanges' in package 'GenomicRanges' does not exist and so has been treated as a topic
Rd warning: C:/Users/biocbuild/bbs-3.12-bioc/tmpdir/RtmpIFRkye/R.INSTALL15c074a387f/BSgenome/man/getSeq-methods.Rd:51: file link 'GRangesList' in package 'GenomicRanges' does not exist and so has been treated as a topic
Rd warning: C:/Users/biocbuild/bbs-3.12-bioc/tmpdir/RtmpIFRkye/R.INSTALL15c074a387f/BSgenome/man/getSeq-methods.Rd:57: file link 'GRanges' in package 'GenomicRanges' does not exist and so has been treated as a topic
Rd warning: C:/Users/biocbuild/bbs-3.12-bioc/tmpdir/RtmpIFRkye/R.INSTALL15c074a387f/BSgenome/man/getSeq-methods.Rd:58: file link 'GRangesList' in package 'GenomicRanges' does not exist and so has been treated as a topic
Rd warning: C:/Users/biocbuild/bbs-3.12-bioc/tmpdir/RtmpIFRkye/R.INSTALL15c074a387f/BSgenome/man/getSeq-methods.Rd:58: file link 'IntegerRangesList' in package 'IRanges' does not exist and so has been treated as a topic
Rd warning: C:/Users/biocbuild/bbs-3.12-bioc/tmpdir/RtmpIFRkye/R.INSTALL15c074a387f/BSgenome/man/getSeq-methods.Rd:59: file link 'IntegerRanges' in package 'IRanges' does not exist and so has been treated as a topic
Rd warning: C:/Users/biocbuild/bbs-3.12-bioc/tmpdir/RtmpIFRkye/R.INSTALL15c074a387f/BSgenome/man/getSeq-methods.Rd:64: file link 'GRanges' in package 'GenomicRanges' does not exist and so has been treated as a topic
Rd warning: C:/Users/biocbuild/bbs-3.12-bioc/tmpdir/RtmpIFRkye/R.INSTALL15c074a387f/BSgenome/man/getSeq-methods.Rd:65: file link 'GRangesList' in package 'GenomicRanges' does not exist and so has been treated as a topic
Rd warning: C:/Users/biocbuild/bbs-3.12-bioc/tmpdir/RtmpIFRkye/R.INSTALL15c074a387f/BSgenome/man/getSeq-methods.Rd:76: file link 'GRanges' in package 'GenomicRanges' does not exist and so has been treated as a topic
Rd warning: C:/Users/biocbuild/bbs-3.12-bioc/tmpdir/RtmpIFRkye/R.INSTALL15c074a387f/BSgenome/man/getSeq-methods.Rd:77: file link 'IntegerRanges' in package 'IRanges' does not exist and so has been treated as a topic
Rd warning: C:/Users/biocbuild/bbs-3.12-bioc/tmpdir/RtmpIFRkye/R.INSTALL15c074a387f/BSgenome/man/getSeq-methods.Rd:78: file link 'GRangesList' in package 'GenomicRanges' does not exist and so has been treated as a topic
Rd warning: C:/Users/biocbuild/bbs-3.12-bioc/tmpdir/RtmpIFRkye/R.INSTALL15c074a387f/BSgenome/man/getSeq-methods.Rd:79: file link 'IntegerRangesList' in package 'IRanges' does not exist and so has been treated as a topic
Rd warning: C:/Users/biocbuild/bbs-3.12-bioc/tmpdir/RtmpIFRkye/R.INSTALL15c074a387f/BSgenome/man/getSeq-methods.Rd:86: file link 'solveUserSEW' in package 'IRanges' does not exist and so has been treated as a topic
Rd warning: C:/Users/biocbuild/bbs-3.12-bioc/tmpdir/RtmpIFRkye/R.INSTALL15c074a387f/BSgenome/man/getSeq-methods.Rd:90: file link 'GRanges' in package 'GenomicRanges' does not exist and so has been treated as a topic
Rd warning: C:/Users/biocbuild/bbs-3.12-bioc/tmpdir/RtmpIFRkye/R.INSTALL15c074a387f/BSgenome/man/getSeq-methods.Rd:91: file link 'GRangesList' in package 'GenomicRanges' does not exist and so has been treated as a topic
Rd warning: C:/Users/biocbuild/bbs-3.12-bioc/tmpdir/RtmpIFRkye/R.INSTALL15c074a387f/BSgenome/man/getSeq-methods.Rd:105: file link 'GRanges' in package 'GenomicRanges' does not exist and so has been treated as a topic
Rd warning: C:/Users/biocbuild/bbs-3.12-bioc/tmpdir/RtmpIFRkye/R.INSTALL15c074a387f/BSgenome/man/getSeq-methods.Rd:106: file link 'GRangesList' in package 'GenomicRanges' does not exist and so has been treated as a topic
Rd warning: C:/Users/biocbuild/bbs-3.12-bioc/tmpdir/RtmpIFRkye/R.INSTALL15c074a387f/BSgenome/man/getSeq-methods.Rd:113: file link 'XStringSet' in package 'Biostrings' does not exist and so has been treated as a topic
Rd warning: C:/Users/biocbuild/bbs-3.12-bioc/tmpdir/RtmpIFRkye/R.INSTALL15c074a387f/BSgenome/man/getSeq-methods.Rd:114: file link 'GenomicRanges' in package 'GenomicRanges' does not exist and so has been treated as a topic
Rd warning: C:/Users/biocbuild/bbs-3.12-bioc/tmpdir/RtmpIFRkye/R.INSTALL15c074a387f/BSgenome/man/getSeq-methods.Rd:114: file link 'GRangesList' in package 'GenomicRanges' does not exist and so has been treated as a topic
Rd warning: C:/Users/biocbuild/bbs-3.12-bioc/tmpdir/RtmpIFRkye/R.INSTALL15c074a387f/BSgenome/man/getSeq-methods.Rd:123: file link 'DNAStringSet' in package 'Biostrings' does not exist and so has been treated as a topic
Rd warning: C:/Users/biocbuild/bbs-3.12-bioc/tmpdir/RtmpIFRkye/R.INSTALL15c074a387f/BSgenome/man/getSeq-methods.Rd:128: file link 'DNAStringSetList' in package 'Biostrings' does not exist and so has been treated as a topic
Rd warning: C:/Users/biocbuild/bbs-3.12-bioc/tmpdir/RtmpIFRkye/R.INSTALL15c074a387f/BSgenome/man/getSeq-methods.Rd:129: file link 'CharacterList' in package 'IRanges' does not exist and so has been treated as a topic
Rd warning: C:/Users/biocbuild/bbs-3.12-bioc/tmpdir/RtmpIFRkye/R.INSTALL15c074a387f/BSgenome/man/getSeq-methods.Rd:131: file link 'GRangesList' in package 'GenomicRanges' does not exist and so has been treated as a topic
Rd warning: C:/Users/biocbuild/bbs-3.12-bioc/tmpdir/RtmpIFRkye/R.INSTALL15c074a387f/BSgenome/man/getSeq-methods.Rd:132: file link 'DNAString' in package 'Biostrings' does not exist and so has been treated as a topic
Rd warning: C:/Users/biocbuild/bbs-3.12-bioc/tmpdir/RtmpIFRkye/R.INSTALL15c074a387f/BSgenome/man/getSeq-methods.Rd:134: file link 'GRanges' in package 'GenomicRanges' does not exist and so has been treated as a topic
Rd warning: C:/Users/biocbuild/bbs-3.12-bioc/tmpdir/RtmpIFRkye/R.INSTALL15c074a387f/BSgenome/man/getSeq-methods.Rd:135: file link 'GRangesList' in package 'GenomicRanges' does not exist and so has been treated as a topic
Rd warning: C:/Users/biocbuild/bbs-3.12-bioc/tmpdir/RtmpIFRkye/R.INSTALL15c074a387f/BSgenome/man/getSeq-methods.Rd:135: file link 'IntegerRangesList' in package 'IRanges' does not exist and so has been treated as a topic
Rd warning: C:/Users/biocbuild/bbs-3.12-bioc/tmpdir/RtmpIFRkye/R.INSTALL15c074a387f/BSgenome/man/getSeq-methods.Rd:136: file link 'IntegerRanges' in package 'IRanges' does not exist and so has been treated as a topic
Rd warning: C:/Users/biocbuild/bbs-3.12-bioc/tmpdir/RtmpIFRkye/R.INSTALL15c074a387f/BSgenome/man/getSeq-methods.Rd:148: file link 'MaskedDNAString-class' in package 'Biostrings' does not exist and so has been treated as a topic
Rd warning: C:/Users/biocbuild/bbs-3.12-bioc/tmpdir/RtmpIFRkye/R.INSTALL15c074a387f/BSgenome/man/getSeq-methods.Rd:159: file link 'DNAStringSet-class' in package 'Biostrings' does not exist and so has been treated as a topic
Rd warning: C:/Users/biocbuild/bbs-3.12-bioc/tmpdir/RtmpIFRkye/R.INSTALL15c074a387f/BSgenome/man/getSeq-methods.Rd:160: file link 'MaskedDNAString-class' in package 'Biostrings' does not exist and so has been treated as a topic
    injectSNPs                              html  
Rd warning: C:/Users/biocbuild/bbs-3.12-bioc/tmpdir/RtmpIFRkye/R.INSTALL15c074a387f/BSgenome/man/injectSNPs.Rd:105: file link 'letterFrequencyInSlidingView' in package 'Biostrings' does not exist and so has been treated as a topic
Rd warning: C:/Users/biocbuild/bbs-3.12-bioc/tmpdir/RtmpIFRkye/R.INSTALL15c074a387f/BSgenome/man/injectSNPs.Rd:106: file link '.inplaceReplaceLetterAt' in package 'Biostrings' does not exist and so has been treated as a topic
** building package indices
** installing vignettes
** testing if installed package can be loaded from temporary location
** testing if installed package can be loaded from final location
** testing if installed package keeps a record of temporary installation path

install for x64

* installing *source* package 'BSgenome' ...
** testing if installed package can be loaded
* MD5 sums
packaged installation of 'BSgenome' as BSgenome_1.58.0.zip
* DONE (BSgenome)
* installing to library 'C:/Users/biocbuild/bbs-3.12-bioc/R/library'
package 'BSgenome' successfully unpacked and MD5 sums checked

Tests output


Example timings

BSgenome.Rcheck/examples_i386/BSgenome-Ex.timings

nameusersystemelapsed
BSgenome-class26.89 0.7438.02
BSgenome-utils34.83 1.0135.84
BSgenomeForge7.670.078.40
BSgenomeViews-class25.09 3.8230.49
SNPlocs-class40.30 3.5753.90
XtraSNPlocs-class 9.81 0.3616.32
available.genomes2.530.124.11
bsapply16.80 0.4217.30
export-methods8.840.859.69
getSeq-methods7.720.898.61
injectSNPs16.95 0.8742.35

BSgenome.Rcheck/examples_x64/BSgenome-Ex.timings

nameusersystemelapsed
BSgenome-class22.09 0.6422.73
BSgenome-utils31.20 0.4431.64
BSgenomeForge5.890.055.94
BSgenomeViews-class21.39 2.5925.58
SNPlocs-class64.98 3.3869.67
XtraSNPlocs-class6.810.507.33
available.genomes1.380.121.63
bsapply11.67 0.3912.06
export-methods8.641.039.69
getSeq-methods 9.95 0.5410.48
injectSNPs20.58 2.1422.75