Back to Mac ARM64 build report for BioC 3.18
ABCDEFGHIJKLMNOPQR[S]TUVWXYZ

This page was generated on 2024-03-28 11:32:32 -0400 (Thu, 28 Mar 2024).

HostnameOSArch (*)R versionInstalled pkgs
kjohnson1macOS 13.6.1 Venturaarm644.3.3 (2024-02-29) -- "Angel Food Cake" 4376
Click on any hostname to see more info about the system (e.g. compilers)      (*) as reported by 'uname -p', except on Windows and Mac OS X

Package 2054/2266HostnameOS / ArchINSTALLBUILDCHECKBUILD BIN
stageR 1.24.0  (landing page)
Koen Van den Berge
Snapshot Date: 2024-03-26 09:00:03 -0400 (Tue, 26 Mar 2024)
git_url: https://git.bioconductor.org/packages/stageR
git_branch: RELEASE_3_18
git_last_commit: c4ff87e
git_last_commit_date: 2023-10-24 11:00:52 -0400 (Tue, 24 Oct 2023)
kjohnson1macOS 13.6.1 Ventura / arm64  OK    OK    WARNINGS    OK  UNNEEDED, same version is already published

CHECK results for stageR on kjohnson1


To the developers/maintainers of the stageR package:
- Use the following Renviron settings to reproduce errors and warnings.
- If 'R CMD check' started to fail recently on the Linux builder(s) over a missing dependency, add the missing dependency to 'Suggests:' in your DESCRIPTION file. See Renviron.bioc for more information.

raw results


Summary

Package: stageR
Version: 1.24.0
Command: /Library/Frameworks/R.framework/Resources/bin/R CMD check --install=check:stageR.install-out.txt --library=/Library/Frameworks/R.framework/Resources/library --no-vignettes --timings stageR_1.24.0.tar.gz
StartedAt: 2024-03-28 04:24:02 -0400 (Thu, 28 Mar 2024)
EndedAt: 2024-03-28 04:27:08 -0400 (Thu, 28 Mar 2024)
EllapsedTime: 186.4 seconds
RetCode: 0
Status:   WARNINGS  
CheckDir: stageR.Rcheck
Warnings: 3

Command output

##############################################################################
##############################################################################
###
### Running command:
###
###   /Library/Frameworks/R.framework/Resources/bin/R CMD check --install=check:stageR.install-out.txt --library=/Library/Frameworks/R.framework/Resources/library --no-vignettes --timings stageR_1.24.0.tar.gz
###
##############################################################################
##############################################################################


* using log directory ‘/Users/biocbuild/bbs-3.18-bioc-mac-arm64/meat/stageR.Rcheck’
* using R version 4.3.3 (2024-02-29)
* using platform: aarch64-apple-darwin20 (64-bit)
* R was compiled by
    Apple clang version 14.0.0 (clang-1400.0.29.202)
    GNU Fortran (GCC) 12.2.0
* running under: macOS Ventura 13.6.1
* using session charset: UTF-8
* using option ‘--no-vignettes’
* checking for file ‘stageR/DESCRIPTION’ ... OK
* checking extension type ... Package
* this is package ‘stageR’ version ‘1.24.0’
* checking package namespace information ... OK
* checking package dependencies ... OK
* checking if this is a source package ... OK
* checking if there is a namespace ... OK
* checking for hidden files and directories ... OK
* checking for portable file names ... OK
* checking for sufficient/correct file permissions ... OK
* checking whether package ‘stageR’ can be installed ... OK
* checking installed package size ... OK
* checking package directory ... OK
* checking ‘build’ directory ... OK
* checking DESCRIPTION meta-information ... NOTE
Malformed Description field: should contain one or more complete sentences.
Package listed in more than one of Depends, Imports, Suggests, Enhances:
  ‘methods’
A package should be listed in only one of these fields.
* checking top-level files ... OK
* checking for left-over files ... OK
* checking index information ... OK
* checking package subdirectories ... OK
* checking R files for non-ASCII characters ... OK
* checking R files for syntax errors ... OK
* checking whether the package can be loaded ... OK
* checking whether the package can be loaded with stated dependencies ... OK
* checking whether the package can be unloaded cleanly ... OK
* checking whether the namespace can be loaded with stated dependencies ... OK
* checking whether the namespace can be unloaded cleanly ... OK
* checking dependencies in R code ... NOTE
Namespaces in Imports field not imported from:
  ‘methods’ ‘stats’
  All declared Imports should be used.
* checking S3 generic/method consistency ... OK
* checking replacement functions ... OK
* checking foreign function calls ... OK
* checking R code for possible problems ... NOTE
.stageWiseTest : <anonymous>: warning in gsub(x = paste(namesList[ii],
  namesListElements[[ii]]), pattern = " ", replace = ":"): partial
  argument match of 'replace' to 'replacement'
.stageWiseTest: no visible global function definition for ‘p.adjust’
stageR: no visible global function definition for ‘new’
stageRTx: no visible global function definition for ‘new’
Undefined global functions or variables:
  new p.adjust
Consider adding
  importFrom("methods", "new")
  importFrom("stats", "p.adjust")
to your NAMESPACE file (and ensure that your DESCRIPTION Imports field
contains 'methods').
* checking Rd files ... OK
* checking Rd metadata ... OK
* checking Rd cross-references ... WARNING
Missing link or links in documentation object 'getAdjustedPValues.Rd':
  ‘stageWiseAdjustment,stageR,character,numeric-method’

Missing link or links in documentation object 'stageRClass.Rd':
  ‘getAdjustedPValues,stageR,logical,logical-method’
  ‘getResults,stageR-method’

See section 'Cross-references' in the 'Writing R Extensions' manual.
* checking for missing documentation entries ... WARNING
Undocumented S4 classes:
  ‘stageRTx’ ‘stageR’
Undocumented S4 methods:
  generic 'adjustedAlphaLevel' and siglist 'stageR'
  generic 'getAdjustedPValues' and siglist 'stageR,logical,logical'
  generic 'getAlpha' and siglist 'stageR'
  generic 'getMethod' and siglist 'stageR'
  generic 'getPConfirmation' and siglist 'stageR'
  generic 'getPScreen' and siglist 'stageR'
  generic 'getResults' and siglist 'stageR'
  generic 'getSignificantGenes' and siglist 'stageRTx'
  generic 'getSignificantTx' and siglist 'stageRTx'
  generic 'getTx2gene' and siglist 'stageRTx'
  generic 'isAdjusted' and siglist 'stageR'
  generic 'isPScreenAdjusted' and siglist 'stageR'
  generic 'stageWiseAdjustment' and siglist 'stageR,character,numeric'
All user-level objects in a package (including S4 classes and methods)
should have documentation entries.
See chapter ‘Writing R documentation files’ in the ‘Writing R
Extensions’ manual.
* checking for code/documentation mismatches ... OK
* checking Rd \usage sections ... WARNING
Undocumented arguments in documentation object 'adjustedAlphaLevel'
  ‘...’
Objects in \usage without \alias in documentation object 'adjustedAlphaLevel':
  ‘\S4method{adjustedAlphaLevel}{stageR}’

Objects in \usage without \alias in documentation object 'getAdjustedPValues':
  ‘\S4method{getAdjustedPValues}{stageR,logical,logical}’

Objects in \usage without \alias in documentation object 'getAlpha':
  ‘\S4method{getAlpha}{stageR}’

Objects in \usage without \alias in documentation object 'getMethod':
  ‘\S4method{getMethod}{stageR}’

Undocumented arguments in documentation object 'getPConfirmation'
  ‘...’
Objects in \usage without \alias in documentation object 'getPConfirmation':
  ‘\S4method{getPConfirmation}{stageR}’

Objects in \usage without \alias in documentation object 'getPScreen':
  ‘\S4method{getPScreen}{stageR}’

Undocumented arguments in documentation object 'getResults'
  ‘...’
Objects in \usage without \alias in documentation object 'getResults':
  ‘\S4method{getResults}{stageR}’

Undocumented arguments in documentation object 'getSignificantGenes'
  ‘...’
Objects in \usage without \alias in documentation object 'getSignificantGenes':
  ‘\S4method{getSignificantGenes}{stageRTx}’

Undocumented arguments in documentation object 'getSignificantTx'
  ‘...’
Objects in \usage without \alias in documentation object 'getSignificantTx':
  ‘\S4method{getSignificantTx}{stageRTx}’

Objects in \usage without \alias in documentation object 'getTx2gene':
  ‘\S4method{getTx2gene}{stageRTx}’

Objects in \usage without \alias in documentation object 'isAdjusted':
  ‘\S4method{isAdjusted}{stageR}’

Objects in \usage without \alias in documentation object 'isPScreenAdjusted':
  ‘\S4method{isPScreenAdjusted}{stageR}’

Documented arguments not in \usage in documentation object 'stageR':
  ‘...’

Documented arguments not in \usage in documentation object 'stageRTx':
  ‘...’

Objects in \usage without \alias in documentation object 'stageWiseAdjustment':
  ‘\S4method{stageWiseAdjustment}{stageR,character,numeric}’

Functions with \usage entries need to have the appropriate \alias
entries, and all their arguments documented.
The \usage entries must correspond to syntactically valid R code.
See chapter ‘Writing R documentation files’ in the ‘Writing R
Extensions’ manual.
* checking Rd contents ... OK
* checking for unstated dependencies in examples ... OK
* checking contents of ‘data’ directory ... OK
* checking data for non-ASCII characters ... OK
* checking LazyData ... OK
* checking data for ASCII and uncompressed saves ... OK
* checking files in ‘vignettes’ ... OK
* checking examples ... OK
* checking for unstated dependencies in ‘tests’ ... OK
* checking tests ...
  Running ‘testthat.R’
 OK
* checking for unstated dependencies in vignettes ... OK
* checking package vignettes in ‘inst/doc’ ... OK
* checking running R code from vignettes ... SKIPPED
* checking re-building of vignette outputs ... SKIPPED
* checking PDF version of manual ... OK
* DONE

Status: 3 WARNINGs, 3 NOTEs
See
  ‘/Users/biocbuild/bbs-3.18-bioc-mac-arm64/meat/stageR.Rcheck/00check.log’
for details.



Installation output

stageR.Rcheck/00install.out

##############################################################################
##############################################################################
###
### Running command:
###
###   /Library/Frameworks/R.framework/Resources/bin/R CMD INSTALL stageR
###
##############################################################################
##############################################################################


* installing to library ‘/Library/Frameworks/R.framework/Versions/4.3-arm64/Resources/library’
* installing *source* package ‘stageR’ ...
** using staged installation
** R
** data
*** moving datasets to lazyload DB
** inst
** byte-compile and prepare package for lazy loading
** help
*** installing help indices
** building package indices
** installing vignettes
** testing if installed package can be loaded from temporary location
** testing if installed package can be loaded from final location
** testing if installed package keeps a record of temporary installation path
* DONE (stageR)

Tests output

stageR.Rcheck/tests/testthat.Rout


R version 4.3.3 (2024-02-29) -- "Angel Food Cake"
Copyright (C) 2024 The R Foundation for Statistical Computing
Platform: aarch64-apple-darwin20 (64-bit)

R is free software and comes with ABSOLUTELY NO WARRANTY.
You are welcome to redistribute it under certain conditions.
Type 'license()' or 'licence()' for distribution details.

R is a collaborative project with many contributors.
Type 'contributors()' for more information and
'citation()' on how to cite R or R packages in publications.

Type 'demo()' for some demos, 'help()' for on-line help, or
'help.start()' for an HTML browser interface to help.
Type 'q()' to quit R.

> library(testthat)
> library(stageR)
Loading required package: SummarizedExperiment
Loading required package: MatrixGenerics
Loading required package: matrixStats

Attaching package: 'MatrixGenerics'

The following objects are masked from 'package:matrixStats':

    colAlls, colAnyNAs, colAnys, colAvgsPerRowSet, colCollapse,
    colCounts, colCummaxs, colCummins, colCumprods, colCumsums,
    colDiffs, colIQRDiffs, colIQRs, colLogSumExps, colMadDiffs,
    colMads, colMaxs, colMeans2, colMedians, colMins, colOrderStats,
    colProds, colQuantiles, colRanges, colRanks, colSdDiffs, colSds,
    colSums2, colTabulates, colVarDiffs, colVars, colWeightedMads,
    colWeightedMeans, colWeightedMedians, colWeightedSds,
    colWeightedVars, rowAlls, rowAnyNAs, rowAnys, rowAvgsPerColSet,
    rowCollapse, rowCounts, rowCummaxs, rowCummins, rowCumprods,
    rowCumsums, rowDiffs, rowIQRDiffs, rowIQRs, rowLogSumExps,
    rowMadDiffs, rowMads, rowMaxs, rowMeans2, rowMedians, rowMins,
    rowOrderStats, rowProds, rowQuantiles, rowRanges, rowRanks,
    rowSdDiffs, rowSds, rowSums2, rowTabulates, rowVarDiffs, rowVars,
    rowWeightedMads, rowWeightedMeans, rowWeightedMedians,
    rowWeightedSds, rowWeightedVars

Loading required package: GenomicRanges
Loading required package: stats4
Loading required package: BiocGenerics

Attaching package: 'BiocGenerics'

The following objects are masked from 'package:stats':

    IQR, mad, sd, var, xtabs

The following objects are masked from 'package:base':

    Filter, Find, Map, Position, Reduce, anyDuplicated, aperm, append,
    as.data.frame, basename, cbind, colnames, dirname, do.call,
    duplicated, eval, evalq, get, grep, grepl, intersect, is.unsorted,
    lapply, mapply, match, mget, order, paste, pmax, pmax.int, pmin,
    pmin.int, rank, rbind, rownames, sapply, setdiff, sort, table,
    tapply, union, unique, unsplit, which.max, which.min

Loading required package: S4Vectors

Attaching package: 'S4Vectors'

The following object is masked from 'package:utils':

    findMatches

The following objects are masked from 'package:base':

    I, expand.grid, unname

Loading required package: IRanges
Loading required package: GenomeInfoDb
Loading required package: Biobase
Welcome to Bioconductor

    Vignettes contain introductory material; view with
    'browseVignettes()'. To cite Bioconductor, see
    'citation("Biobase")', and for packages 'citation("pkgname")'.


Attaching package: 'Biobase'

The following object is masked from 'package:MatrixGenerics':

    rowMedians

The following objects are masked from 'package:matrixStats':

    anyMissing, rowMedians


Attaching package: 'stageR'

The following object is masked from 'package:methods':

    getMethod

> 
> test_check("stageR")
[ FAIL 0 | WARN 0 | SKIP 0 | PASS 5 ]
> 
> proc.time()
   user  system elapsed 
  8.695   0.403   9.293 

Example timings

stageR.Rcheck/stageR-Ex.timings

nameusersystemelapsed
adjustedAlphaLevel0.0260.0010.029
getAdjustedPValues0.0310.0010.033
getAlpha0.0180.0030.021
getMethod0.0180.0030.020
getPConfirmation0.0030.0060.009
getPScreen0.0020.0030.005
getResults0.0190.0030.022
getSignificantGenes0.1150.0040.129
getSignificantTx0.0410.0020.042
getTx2gene0.0150.0120.028
isAdjusted0.0180.0000.018
isPScreenAdjusted0.0010.0000.002
stageR0.0020.0010.003
stageRTx0.0010.0000.001
stageWiseAdjustment0.0210.0020.025