Back to Mac ARM64 build report for BioC 3.18
ABCDEFGHIJKL[M]NOPQRSTUVWXYZ

This page was generated on 2024-03-28 11:32:25 -0400 (Thu, 28 Mar 2024).

HostnameOSArch (*)R versionInstalled pkgs
kjohnson1macOS 13.6.1 Venturaarm644.3.3 (2024-02-29) -- "Angel Food Cake" 4376
Click on any hostname to see more info about the system (e.g. compilers)      (*) as reported by 'uname -p', except on Windows and Mac OS X

Package 1375/2266HostnameOS / ArchINSTALLBUILDCHECKBUILD BIN
musicatk 1.12.0  (landing page)
Aaron Chevalier
Snapshot Date: 2024-03-26 09:00:03 -0400 (Tue, 26 Mar 2024)
git_url: https://git.bioconductor.org/packages/musicatk
git_branch: RELEASE_3_18
git_last_commit: 69a345e
git_last_commit_date: 2023-10-24 11:27:12 -0400 (Tue, 24 Oct 2023)
kjohnson1macOS 13.6.1 Ventura / arm64  OK    ERROR  skippedskipped

BUILD results for musicatk on kjohnson1


To the developers/maintainers of the musicatk package:
- Use the following Renviron settings to reproduce errors and warnings.
- If 'R CMD check' started to fail recently on the Linux builder(s) over a missing dependency, add the missing dependency to 'Suggests:' in your DESCRIPTION file. See Renviron.bioc for more information.

raw results


Summary

Package: musicatk
Version: 1.12.0
Command: /Library/Frameworks/R.framework/Resources/bin/R CMD build --keep-empty-dirs --no-resave-data musicatk
StartedAt: 2024-03-26 22:24:27 -0400 (Tue, 26 Mar 2024)
EndedAt: 2024-03-26 22:26:41 -0400 (Tue, 26 Mar 2024)
EllapsedTime: 133.9 seconds
RetCode: 1
Status:   ERROR  
PackageFile: None
PackageFileSize: NA

Command output

##############################################################################
##############################################################################
###
### Running command:
###
###   /Library/Frameworks/R.framework/Resources/bin/R CMD build --keep-empty-dirs --no-resave-data musicatk
###
##############################################################################
##############################################################################


* checking for file ‘musicatk/DESCRIPTION’ ... OK
* preparing ‘musicatk’:
* checking DESCRIPTION meta-information ... OK
* installing the package to build vignettes
* creating vignettes ... ERROR
--- re-building ‘musicatk.Rmd’ using rmarkdown
2024-03-26 22:26:22.500 R[40921:394092093] XType: Using static font registry.

Quitting from lines 338-339 [umap_create] (musicatk.Rmd)
Error: processing vignette 'musicatk.Rmd' failed with diagnostics:
function 'as_cholmod_sparse' not provided by package 'Matrix'
--- failed re-building ‘musicatk.Rmd’

SUMMARY: processing the following file failed:
  ‘musicatk.Rmd’

Error: Vignette re-building failed.
Execution halted