Back to Mac ARM64 build report for BioC 3.18
ABCDEF[G]HIJKLMNOPQRSTUVWXYZ

This page was generated on 2024-03-28 11:32:21 -0400 (Thu, 28 Mar 2024).

HostnameOSArch (*)R versionInstalled pkgs
kjohnson1macOS 13.6.1 Venturaarm644.3.3 (2024-02-29) -- "Angel Food Cake" 4376
Click on any hostname to see more info about the system (e.g. compilers)      (*) as reported by 'uname -p', except on Windows and Mac OS X

Package 788/2266HostnameOS / ArchINSTALLBUILDCHECKBUILD BIN
genbankr 1.30.0  (landing page)
Gabriel Becker
Snapshot Date: 2024-03-26 09:00:03 -0400 (Tue, 26 Mar 2024)
git_url: https://git.bioconductor.org/packages/genbankr
git_branch: RELEASE_3_18
git_last_commit: 900ea05
git_last_commit_date: 2023-10-24 10:49:41 -0400 (Tue, 24 Oct 2023)
kjohnson1macOS 13.6.1 Ventura / arm64  OK    ERROR  skippedskipped

BUILD results for genbankr on kjohnson1


To the developers/maintainers of the genbankr package:
- Use the following Renviron settings to reproduce errors and warnings.
- If 'R CMD check' started to fail recently on the Linux builder(s) over a missing dependency, add the missing dependency to 'Suggests:' in your DESCRIPTION file. See Renviron.bioc for more information.

raw results


Summary

Package: genbankr
Version: 1.30.0
Command: /Library/Frameworks/R.framework/Resources/bin/R CMD build --keep-empty-dirs --no-resave-data genbankr
StartedAt: 2024-03-26 18:26:20 -0400 (Tue, 26 Mar 2024)
EndedAt: 2024-03-26 18:27:39 -0400 (Tue, 26 Mar 2024)
EllapsedTime: 78.6 seconds
RetCode: 1
Status:   ERROR  
PackageFile: None
PackageFileSize: NA

Command output

##############################################################################
##############################################################################
###
### Running command:
###
###   /Library/Frameworks/R.framework/Resources/bin/R CMD build --keep-empty-dirs --no-resave-data genbankr
###
##############################################################################
##############################################################################


* checking for file ‘genbankr/DESCRIPTION’ ... OK
* preparing ‘genbankr’:
* checking DESCRIPTION meta-information ... OK
* installing the package to build vignettes
* creating vignettes ... ERROR
--- re-building ‘genbankr.Rmd’ using rmarkdown

Quitting from lines 95-97 [unnamed-chunk-10] (genbankr.Rmd)
Error: processing vignette 'genbankr.Rmd' failed with diagnostics:
unable to find an inherited method for function 'resource' for signature '"GenBankFile"'
--- failed re-building ‘genbankr.Rmd’

SUMMARY: processing the following file failed:
  ‘genbankr.Rmd’

Error: Vignette re-building failed.
Execution halted