Back to Mac ARM64 build report for BioC 3.18
ABCDEFGHIJKL[M]NOPQRSTUVWXYZ

This page was generated on 2024-03-28 11:32:25 -0400 (Thu, 28 Mar 2024).

HostnameOSArch (*)R versionInstalled pkgs
kjohnson1macOS 13.6.1 Venturaarm644.3.3 (2024-02-29) -- "Angel Food Cake" 4376
Click on any hostname to see more info about the system (e.g. compilers)      (*) as reported by 'uname -p', except on Windows and Mac OS X

Package 1376/2266HostnameOS / ArchINSTALLBUILDCHECKBUILD BIN
MutationalPatterns 3.12.0  (landing page)
Mark van Roosmalen
Snapshot Date: 2024-03-26 09:00:03 -0400 (Tue, 26 Mar 2024)
git_url: https://git.bioconductor.org/packages/MutationalPatterns
git_branch: RELEASE_3_18
git_last_commit: 072c251
git_last_commit_date: 2023-10-24 10:53:35 -0400 (Tue, 24 Oct 2023)
kjohnson1macOS 13.6.1 Ventura / arm64  OK    ERROR  skippedskipped

BUILD results for MutationalPatterns on kjohnson1


To the developers/maintainers of the MutationalPatterns package:
- Use the following Renviron settings to reproduce errors and warnings.
- If 'R CMD check' started to fail recently on the Linux builder(s) over a missing dependency, add the missing dependency to 'Suggests:' in your DESCRIPTION file. See Renviron.bioc for more information.

raw results


Summary

Package: MutationalPatterns
Version: 3.12.0
Command: /Library/Frameworks/R.framework/Resources/bin/R CMD build --keep-empty-dirs --no-resave-data MutationalPatterns
StartedAt: 2024-03-26 22:25:01 -0400 (Tue, 26 Mar 2024)
EndedAt: 2024-03-26 22:28:20 -0400 (Tue, 26 Mar 2024)
EllapsedTime: 199.0 seconds
RetCode: 1
Status:   ERROR  
PackageFile: None
PackageFileSize: NA

Command output

##############################################################################
##############################################################################
###
### Running command:
###
###   /Library/Frameworks/R.framework/Resources/bin/R CMD build --keep-empty-dirs --no-resave-data MutationalPatterns
###
##############################################################################
##############################################################################


* checking for file ‘MutationalPatterns/DESCRIPTION’ ... OK
* preparing ‘MutationalPatterns’:
* checking DESCRIPTION meta-information ... OK
* installing the package to build vignettes
* creating vignettes ... ERROR
--- re-building ‘Introduction_to_MutationalPatterns.Rmd’ using rmarkdown
2024-03-26 22:26:18.764 R[40824:394091879] XType: Using static font registry.

Quitting from lines 536-543 [use_bayesnmf] (Introduction_to_MutationalPatterns.Rmd)
Error: processing vignette 'Introduction_to_MutationalPatterns.Rmd' failed with diagnostics:
there is no package called 'ccfindR'
--- failed re-building ‘Introduction_to_MutationalPatterns.Rmd’

SUMMARY: processing the following file failed:
  ‘Introduction_to_MutationalPatterns.Rmd’

Error: Vignette re-building failed.
Execution halted