Back to Mac ARM64 build report for BioC 3.18
ABC[D]EFGHIJKLMNOPQRSTUVWXYZ

This page was generated on 2024-03-28 11:32:19 -0400 (Thu, 28 Mar 2024).

HostnameOSArch (*)R versionInstalled pkgs
kjohnson1macOS 13.6.1 Venturaarm644.3.3 (2024-02-29) -- "Angel Food Cake" 4376
Click on any hostname to see more info about the system (e.g. compilers)      (*) as reported by 'uname -p', except on Windows and Mac OS X

Package 590/2266HostnameOS / ArchINSTALLBUILDCHECKBUILD BIN
DominoEffect 1.22.0  (landing page)
Marija Buljan
Snapshot Date: 2024-03-26 09:00:03 -0400 (Tue, 26 Mar 2024)
git_url: https://git.bioconductor.org/packages/DominoEffect
git_branch: RELEASE_3_18
git_last_commit: 58dcf55
git_last_commit_date: 2023-10-24 11:02:58 -0400 (Tue, 24 Oct 2023)
kjohnson1macOS 13.6.1 Ventura / arm64  OK    ERROR  skippedskipped

BUILD results for DominoEffect on kjohnson1


To the developers/maintainers of the DominoEffect package:
- Use the following Renviron settings to reproduce errors and warnings.
- If 'R CMD check' started to fail recently on the Linux builder(s) over a missing dependency, add the missing dependency to 'Suggests:' in your DESCRIPTION file. See Renviron.bioc for more information.

raw results


Summary

Package: DominoEffect
Version: 1.22.0
Command: /Library/Frameworks/R.framework/Resources/bin/R CMD build --keep-empty-dirs --no-resave-data DominoEffect
StartedAt: 2024-03-26 17:09:24 -0400 (Tue, 26 Mar 2024)
EndedAt: 2024-03-26 17:10:36 -0400 (Tue, 26 Mar 2024)
EllapsedTime: 71.8 seconds
RetCode: 1
Status:   ERROR  
PackageFile: None
PackageFileSize: NA

Command output

##############################################################################
##############################################################################
###
### Running command:
###
###   /Library/Frameworks/R.framework/Resources/bin/R CMD build --keep-empty-dirs --no-resave-data DominoEffect
###
##############################################################################
##############################################################################


* checking for file ‘DominoEffect/DESCRIPTION’ ... OK
* preparing ‘DominoEffect’:
* checking DESCRIPTION meta-information ... OK
* installing the package to build vignettes
* creating vignettes ... ERROR
--- re-building ‘Vignette.Rmd’ using rmarkdown

Quitting from lines 61-63 [unnamed-chunk-6] (Vignette.Rmd)
Error: processing vignette 'Vignette.Rmd' failed with diagnostics:
Invalid attribute(s): peptide 
Please use the function 'listAttributes' to get valid attribute names
--- failed re-building ‘Vignette.Rmd’

SUMMARY: processing the following file failed:
  ‘Vignette.Rmd’

Error: Vignette re-building failed.
Execution halted