Back to Multiple platform build/check report for BioC 3.14
ABCDEFGHIJKLMNOPQRS[T]UVWXYZ

This page was generated on 2022-01-26 13:08:56 -0500 (Wed, 26 Jan 2022).

HostnameOSArch (*)R versionInstalled pkgs
nebbiolo2Linux (Ubuntu 20.04.4 LTS)x86_644.1.2 (2021-11-01) -- "Bird Hippie" 4329
tokay2Windows Server 2012 R2 Standardx644.1.2 (2021-11-01) -- "Bird Hippie" 4080
machv2macOS 10.14.6 Mojavex86_644.1.2 (2021-11-01) -- "Bird Hippie" 4141
Click on any hostname to see more info about the system (e.g. compilers)      (*) as reported by 'uname -p', except on Windows and Mac OS X

CHECK results for trena on machv2


To the developers/maintainers of the trena package:
- Please allow up to 24 hours (and sometimes 48 hours) for your latest push to git@git.bioconductor.org:packages/trena.git to
reflect on this report. See How and When does the builder pull? When will my changes propagate? here for more information.
- Make sure to use the following settings in order to reproduce any error or warning you see on this page.

raw results

Package 1998/2083HostnameOS / ArchINSTALLBUILDCHECKBUILD BIN
trena 1.16.0  (landing page)
Paul Shannon
Snapshot Date: 2022-01-25 01:55:07 -0500 (Tue, 25 Jan 2022)
git_url: https://git.bioconductor.org/packages/trena
git_branch: RELEASE_3_14
git_last_commit: f742819
git_last_commit_date: 2021-10-26 12:35:29 -0500 (Tue, 26 Oct 2021)
nebbiolo2Linux (Ubuntu 20.04.4 LTS) / x86_64  OK    OK    WARNINGS  UNNEEDED, same version is already published
tokay2Windows Server 2012 R2 Standard / x64  OK    OK    WARNINGS    OK  UNNEEDED, same version is already published
machv2macOS 10.14.6 Mojave / x86_64  OK    OK    WARNINGS    OK  UNNEEDED, same version is already published

Summary

Package: trena
Version: 1.16.0
Command: /Library/Frameworks/R.framework/Resources/bin/R CMD check --install=check:trena.install-out.txt --library=/Library/Frameworks/R.framework/Resources/library --no-vignettes --timings trena_1.16.0.tar.gz
StartedAt: 2022-01-25 19:13:00 -0500 (Tue, 25 Jan 2022)
EndedAt: 2022-01-25 19:32:05 -0500 (Tue, 25 Jan 2022)
EllapsedTime: 1144.4 seconds
RetCode: 0
Status:   WARNINGS  
CheckDir: trena.Rcheck
Warnings: 1

Command output

##############################################################################
##############################################################################
###
### Running command:
###
###   /Library/Frameworks/R.framework/Resources/bin/R CMD check --install=check:trena.install-out.txt --library=/Library/Frameworks/R.framework/Resources/library --no-vignettes --timings trena_1.16.0.tar.gz
###
##############################################################################
##############################################################################


* using log directory ‘/Users/biocbuild/bbs-3.14-bioc/meat/trena.Rcheck’
* using R version 4.1.2 (2021-11-01)
* using platform: x86_64-apple-darwin17.0 (64-bit)
* using session charset: UTF-8
* using option ‘--no-vignettes’
* checking for file ‘trena/DESCRIPTION’ ... OK
* checking extension type ... Package
* this is package ‘trena’ version ‘1.16.0’
* package encoding: UTF-8
* checking package namespace information ... OK
* checking package dependencies ... OK
* checking if this is a source package ... OK
* checking if there is a namespace ... OK
* checking for hidden files and directories ... OK
* checking for portable file names ... OK
* checking for sufficient/correct file permissions ... OK
* checking whether package ‘trena’ can be installed ... OK
* checking installed package size ... NOTE
  installed size is  5.9Mb
  sub-directories of 1Mb or more:
    R         2.0Mb
    extdata   2.6Mb
* checking package directory ... OK
* checking ‘build’ directory ... OK
* checking DESCRIPTION meta-information ... OK
* checking top-level files ... OK
* checking for left-over files ... OK
* checking index information ... OK
* checking package subdirectories ... OK
* checking R files for non-ASCII characters ... OK
* checking R files for syntax errors ... OK
* checking whether the package can be loaded ... OK
* checking whether the package can be loaded with stated dependencies ... OK
* checking whether the package can be unloaded cleanly ... OK
* checking whether the namespace can be loaded with stated dependencies ... OK
* checking whether the namespace can be unloaded cleanly ... OK
* checking dependencies in R code ... OK
* checking S3 generic/method consistency ... OK
* checking replacement functions ... OK
* checking foreign function calls ... OK
* checking R code for possible problems ... OK
* checking Rd files ... OK
* checking Rd metadata ... OK
* checking Rd cross-references ... OK
* checking for missing documentation entries ... OK
* checking for code/documentation mismatches ... OK
* checking Rd \usage sections ... OK
* checking Rd contents ... OK
* checking for unstated dependencies in examples ... OK
* checking include directives in Makefiles ... OK
* checking files in ‘vignettes’ ... OK
* checking examples ... OK
* checking for unstated dependencies in ‘tests’ ... OK
* checking tests ...
  Running ‘runTests.R’
 OK
* checking for unstated dependencies in vignettes ... OK
* checking package vignettes in ‘inst/doc’ ... WARNING
  Found ‘inst/doc/makefile’: should be ‘Makefile’ and will be ignored
* checking running R code from vignettes ... SKIPPED
* checking re-building of vignette outputs ... SKIPPED
* checking PDF version of manual ... OK
* DONE

Status: 1 WARNING, 1 NOTE
See
  ‘/Users/biocbuild/bbs-3.14-bioc/meat/trena.Rcheck/00check.log’
for details.



Installation output

trena.Rcheck/00install.out

##############################################################################
##############################################################################
###
### Running command:
###
###   /Library/Frameworks/R.framework/Resources/bin/R CMD INSTALL trena
###
##############################################################################
##############################################################################


* installing to library ‘/Library/Frameworks/R.framework/Versions/4.1/Resources/library’
* installing *source* package ‘trena’ ...
** using staged installation
** R
** inst
** byte-compile and prepare package for lazy loading
See system.file("LICENSE", package="MotifDb") for use restrictions.
** help
*** installing help indices
** building package indices
** installing vignettes
** testing if installed package can be loaded from temporary location
See system.file("LICENSE", package="MotifDb") for use restrictions.
** testing if installed package can be loaded from final location
See system.file("LICENSE", package="MotifDb") for use restrictions.
** testing if installed package keeps a record of temporary installation path
* DONE (trena)

Tests output

trena.Rcheck/tests/runTests.Rout


R version 4.1.2 (2021-11-01) -- "Bird Hippie"
Copyright (C) 2021 The R Foundation for Statistical Computing
Platform: x86_64-apple-darwin17.0 (64-bit)

R is free software and comes with ABSOLUTELY NO WARRANTY.
You are welcome to redistribute it under certain conditions.
Type 'license()' or 'licence()' for distribution details.

R is a collaborative project with many contributors.
Type 'contributors()' for more information and
'citation()' on how to cite R or R packages in publications.

Type 'demo()' for some demos, 'help()' for on-line help, or
'help.start()' for an HTML browser interface to help.
Type 'q()' to quit R.

> require(trena) || stop("unable to load trena Package")
Loading required package: trena
Loading required package: glmnet
Loading required package: Matrix
Loaded glmnet 4.1-3
Loading required package: MotifDb
Loading required package: BiocGenerics

Attaching package: 'BiocGenerics'

The following objects are masked from 'package:stats':

    IQR, mad, sd, var, xtabs

The following objects are masked from 'package:base':

    Filter, Find, Map, Position, Reduce, anyDuplicated, append,
    as.data.frame, basename, cbind, colnames, dirname, do.call,
    duplicated, eval, evalq, get, grep, grepl, intersect, is.unsorted,
    lapply, mapply, match, mget, order, paste, pmax, pmax.int, pmin,
    pmin.int, rank, rbind, rownames, sapply, setdiff, sort, table,
    tapply, union, unique, unsplit, which.max, which.min

Loading required package: S4Vectors
Loading required package: stats4

Attaching package: 'S4Vectors'

The following objects are masked from 'package:Matrix':

    expand, unname

The following objects are masked from 'package:base':

    I, expand.grid, unname

Loading required package: IRanges
Loading required package: GenomicRanges
Loading required package: GenomeInfoDb
Loading required package: Biostrings
Loading required package: XVector

Attaching package: 'Biostrings'

The following object is masked from 'package:base':

    strsplit

See system.file("LICENSE", package="MotifDb") for use restrictions.


[1] TRUE
> BiocGenerics:::testPackage('trena')
[1] --- test_BayesSpikeSolverConstructor
[1] --- test_ampAD.mef2c.154tfs.278samples.bayesSpike
[1] --- test_nOrderings
[1] --- test_BayesSpikeSolverConstructor
[1] --- test_ampAD.mef2c.154tfs.278samples.bayesSpike
[1] --- test_nOrderings
[1] --- test_BicorSolverConstructor
[1] --- test_ampAD.mef2c.154tfs.278samples.bicor
[1] --- test_BicorSolverConstructor
[1] --- test_ampAD.mef2c.154tfs.278samples.bicor
[1] --- test_CandidateFilter
[1] --- test_CandidateFilter
[1] --- test_EnsembleSolverConstructor
[1] --- test_getSolverNames
[1] --- test_ampAD.mef2c.154tfs.278samples.ensemble
[1] --- test_ampAD.mef2c.154tfs.278samples.randomForestAndXGBoost
[1] --- test_selectedSolversOnly
[1] --- test_oneSolver
[1] --- test_invalidSolvers
[1] --- test_EnsembleSolverConstructor
[1] --- test_ampAD.mef2c.154tfs.278samples.ensemble
Warning in WGCNA::bicor(x = x, y = y, use = "pairwise.complete.obs") :
  bicor: zero MAD in variable 'x'. Pearson correlation was used for individual columns with zero (or missing) MAD.
[1] --- test_ampAD.mef2c.154tfs.278samples.randomForestAndXGBoost
[1] --- test_getSolverNames
[1] --- test_invalidSolvers
[1] --- test_oneSolver
[1] --- test_selectedSolversOnly
Warning in WGCNA::bicor(x = x, y = y, use = "pairwise.complete.obs") :
  bicor: zero MAD in variable 'x'. Pearson correlation was used for individual columns with zero (or missing) MAD.
[1] --- test_FootprintFilter.byRegion
[1] --- test_FootprintFilter.byTwoRegions
[1] --- test_FootprintFilter.byRegion
[1] --- test_FootprintFilter.byTwoRegions
Loading required package: DBI
[1] --- test_parseDatabaseUri
[1] --- test_constructor
[1] --- test_getGtfGeneBioTypes
[1] --- test_getGtfMoleculeTypes
[1] --- test_getChromLoc
[1] --- test_getGenePromoterRegion
[1] --- test_getFootprintsInRegion
[1] --- test_getFootprintsInRegionWithVariants
[1] --- test_getFootprintsForGene
[1] --- test_constructor
[1] --- test_getChromLoc
[1] --- test_getFootprintsForGene
[1] --- test_getFootprintsInRegion
[1] --- test_getFootprintsInRegionWithVariants
[1] --- test_getGenePromoterRegion
[1] --- test_getGtfGeneBioTypes
[1] --- test_getGtfMoleculeTypes
[1] --- test_parseDatabaseUri
[1] --- test_directMode
Loading required package: org.Hs.eg.db
Loading required package: AnnotationDbi
Loading required package: Biobase
Welcome to Bioconductor

    Vignettes contain introductory material; view with
    'browseVignettes()'. To cite Bioconductor, see
    'citation("Biobase")', and for packages 'citation("pkgname")'.

[1] --- test_directMode
[1] --- test_getOpenChromatinFastAndSimple
[1] --- test_getOpenChromatinFastAndSimple
[1] --- test_LassoPvSolverConstructor
Warning in Solver(mtx.assay = mtx.assay, quiet = quiet, targetGene = targetGene,  :
  Target gene mean expression is in the bottom 10% of all genes in the assay matrix
[1] --- test_ampAD.mef2c.154tfs.278samples.lassopv
[1] --- test_LassoPvSolverConstructor
Warning in Solver(mtx.assay = mtx.assay, quiet = quiet, targetGene = targetGene,  :
  Target gene mean expression is in the bottom 10% of all genes in the assay matrix
[1] --- test_ampAD.mef2c.154tfs.278samples.lassopv
[1] --- test_LassoSolverConstructor
Warning in Solver(mtx.assay = mtx.assay, quiet = quiet, targetGene = targetGene,  :
  Target gene mean expression is in the bottom 10% of all genes in the assay matrix
[1] --- test_developAndFitDummyTestData
[1] --- test_fitDummyData
[1] --- test_ampAD.mef2c.154tfs.278samples.lasso
[1] --- test_alpha.lasso
[1] --- test_lambda.lasso
[1] --- test_keep.metrics.lasso
[1] --- test_scalePredictorPenalties.lasso
Warning in Solver(mtx.assay = mtx.assay, quiet = quiet, targetGene = targetGene,  :
  Target gene mean expression is in the bottom 10% of all genes in the assay matrix
[1] --- test_LassoSolverConstructor
Warning in Solver(mtx.assay = mtx.assay, quiet = quiet, targetGene = targetGene,  :
  Target gene mean expression is in the bottom 10% of all genes in the assay matrix
[1] --- test_alpha.lasso
[1] --- test_ampAD.mef2c.154tfs.278samples.lasso
[1] --- test_developAndFitDummyTestData
[1] --- test_fitDummyData
[1] --- test_keep.metrics.lasso
[1] --- test_lambda.lasso
[1] --- test_scalePredictorPenalties.lasso
Warning in Solver(mtx.assay = mtx.assay, quiet = quiet, targetGene = targetGene,  :
  Target gene mean expression is in the bottom 10% of all genes in the assay matrix
[1] --- test_getSequence
[1] --- test_bugInStartEndOfMinusStrandHits
Warning: call dbDisconnect() when finished working with a connection
[1] --- test_.injectSnp
[1] --- test_.getScoredMotifs
[1] --- test_noMatch
[1] --- test_findMatchesByChromosomalRegion
[1] --- test_findMatchesByChromosomalRegion.twoAlternateAlleles
[1] --- test_findMatchesByChromosomalRegion.yeast
[1] --- test_findMatchesByChromosomalRegion.athaliana
[1] --- test_.getScoredMotifs
[1] --- test_.injectSnp
[1] --- test_basicConstructor
[1] --- test_bugInStartEndOfMinusStrandHits
[1] --- test_findMatchesByChromosomalRegion
[1] --- test_findMatchesByChromosomalRegion.athaliana
[1] --- test_findMatchesByChromosomalRegion.twoAlternateAlleles
[1] --- test_findMatchesByChromosomalRegion.yeast
[1] --- test_findMatchesByMultipleChromosomalRegions
[1] --- test_getSequence
[1] --- test_noMatch
[1] --- test_PearsonSolverConstructor
Warning in Solver(mtx.assay = mtx.assay, quiet = quiet, targetGene = targetGene,  :
  Target gene mean expression is in the bottom 10% of all genes in the assay matrix
[1] --- test_ampAD.mef2c.154tfs.278samples.pearson
[1] --- test_PearsonSolverConstructor
Warning in Solver(mtx.assay = mtx.assay, quiet = quiet, targetGene = targetGene,  :
  Target gene mean expression is in the bottom 10% of all genes in the assay matrix
[1] --- test_ampAD.mef2c.154tfs.278samples.pearson
[1] --- test_RandomForestSolverConstructor
[1] --- test_RandomForestSolverFewCandidates
[1] --- test_ampAD.mef2c.154tfs.278samples.randomForest
[1] --- test_RandomForestSolverConstructor
[1] --- test_RandomForestSolverFewCandidates
[1] --- test_ampAD.mef2c.154tfs.278samples.randomForest
[1] --- test_RidgeSolverConstructor
Warning in Solver(mtx.assay = mtx.assay, quiet = quiet, targetGene = targetGene,  :
  Target gene mean expression is in the bottom 10% of all genes in the assay matrix
[1] --- test_ampAD.mef2c.154tfs.278samples.ridge
[1] --- test_alpha.ridge
[1] --- test_lambda.ridge
[1] --- test_keep.metrics.ridge
[1] --- test_RidgeSolverConstructor
Warning in Solver(mtx.assay = mtx.assay, quiet = quiet, targetGene = targetGene,  :
  Target gene mean expression is in the bottom 10% of all genes in the assay matrix
[1] --- test_alpha.ridge
[1] --- test_ampAD.mef2c.154tfs.278samples.ridge
[1] --- test_keep.metrics.ridge
[1] --- test_lambda.ridge
[1] --- test_getAssayData
[1] --- test_getTarget
Warning in Solver(mtx, "gene1", c("gene2", "gene3")) :
  Target gene mean expression is in the bottom 10% of all genes in the assay matrix
[1] --- test_getRegulators
[1] --- test_eliminateSelfTFs
[1] --- test_MatrixWarnings
[1] --- test_TargetAndRegulatorWarnings
[1] --- test_MatrixWarnings
[1] --- test_TargetAndRegulatorWarnings
[1] --- test_eliminateSelfTFs
[1] --- test_getAssayData
Warning in Solver(mtx, "gene1", c("gene2", "gene3")) :
  Target gene mean expression is in the bottom 10% of all genes in the assay matrix
[1] --- test_getRegulators
[1] --- test_getTarget
[1] --- test_SpearmanSolverConstructor
Warning in Solver(mtx.assay = mtx.assay, quiet = quiet, targetGene = targetGene,  :
  Target gene mean expression is in the bottom 10% of all genes in the assay matrix
[1] --- test_ampAD.mef2c.154tfs.278samples.spearman
[1] --- test_SpearmanSolverConstructor
Warning in Solver(mtx.assay = mtx.assay, quiet = quiet, targetGene = targetGene,  :
  Target gene mean expression is in the bottom 10% of all genes in the assay matrix
[1] --- test_ampAD.mef2c.154tfs.278samples.spearman
[1] --- test_VarianceFilter
[1] --- test_VarianceFilter
--- test_XGBoostSolverConstructor
Warning in Solver(mtx.assay = mtx.assay, quiet = quiet, targetGene = targetGene,  :
  Target gene mean expression is in the bottom 10% of all genes in the assay matrix
--- test_ampAD.mef2c.154tfs.278samples.XGBoost
--- test_XGBoostSolverConstructor
Warning in Solver(mtx.assay = mtx.assay, quiet = quiet, targetGene = targetGene,  :
  Target gene mean expression is in the bottom 10% of all genes in the assay matrix
--- test_ampAD.mef2c.154tfs.278samples.XGBoost


RUNIT TEST PROTOCOL -- Tue Jan 25 19:31:52 2022 
*********************************************** 
Number of test functions: 79 
Number of errors: 0 
Number of failures: 0 

 
1 Test Suite : 
trena RUnit Tests - 79 test functions, 0 errors, 0 failures
Number of test functions: 79 
Number of errors: 0 
Number of failures: 0 
Warning messages:
1: In Solver(mtx.assay = mtx.assay, quiet = quiet, targetGene = targetGene,  :
  Target gene mean expression is in the bottom 10% of all genes in the assay matrix
2: In WGCNA::bicor(x = x, y = y, use = "pairwise.complete.obs") :
  bicor: zero MAD in variable 'x'. Pearson correlation was used for individual columns with zero (or missing) MAD.
3: In Solver(mtx.assay = mtx.assay, quiet = quiet, targetGene = targetGene,  :
  Target gene mean expression is in the bottom 10% of all genes in the assay matrix
4: In WGCNA::bicor(x = x, y = y, use = "pairwise.complete.obs") :
  bicor: zero MAD in variable 'x'. Pearson correlation was used for individual columns with zero (or missing) MAD.
5: In WGCNA::bicor(x = x, y = y, use = "pairwise.complete.obs") :
  bicor: zero MAD in variable 'x'. Pearson correlation was used for individual columns with zero (or missing) MAD.
6: In WGCNA::bicor(x = x, y = y, use = "pairwise.complete.obs") :
  bicor: zero MAD in variable 'x'. Pearson correlation was used for individual columns with zero (or missing) MAD.
> 
> proc.time()
   user  system elapsed 
591.570   3.344 599.423 

Example timings

trena.Rcheck/trena-Ex.timings

nameusersystemelapsed
BayesSpikeSolver0.0220.0030.026
BicorSolver0.0160.0010.018
CandidateFilter-class0.0020.0000.002
EnsembleSolver0.0170.0020.019
FootprintFilter-class0.0000.0010.001
GeneOntologyFilter-class0.0850.0050.090
HumanDHSFilter-class0.0020.0010.002
LassoPVSolver0.0160.0010.017
LassoSolver0.0540.0030.058
MotifMatcher-class0.3140.0040.318
PearsonSolver0.0160.0010.017
RandomForestSolver0.0160.0010.017
RidgeSolver0.0000.0010.001
Solver-class0.0130.0020.015
SpearmanSolver0.0170.0020.019
Trena-class0.0010.0000.002
VarianceFilter-class0.0080.0010.008
XGBoostSolver0.0160.0010.016
assessSnp0.0000.0000.001
createGeneModelFromRegulatoryRegions0.0010.0000.002
createGeneModelFromTfList0.0010.0000.002
findMatchesByChromosomalRegion000
getAssayData0.0110.0010.012
getAvailableSolvers0.0010.0000.000
getCandidates-FootprintFilter-method0.0000.0000.001
getCandidates-GeneOntologyFilter-method1.0580.1431.202
getCandidates-HumanDHSFilter-method0.0000.0010.001
getCandidates-VarianceFilter-method0.0130.0020.015
getChromLoc0.0130.0020.015
getEncodeRegulatoryTableNames-HumanDHSFilter0.0000.0010.000
getFootprintsForGene0.0120.0020.049
getFootprintsInRegion0.0180.0020.060
getGeneModelTableColumnNames0.0010.0000.000
getGenePromoterRegion0.0120.0010.013
getGtfGeneBioTypes0.0120.0010.014
getGtfMoleculeTypes0.0140.0010.015
getPfms0.2680.0010.270
getPromoterRegionsAllGenes0.0700.0010.071
getProximalPromoter000
getRegulators0.0800.0020.081
getRegulatoryChromosomalRegions0.0010.0000.002
getRegulatoryRegions0.0000.0000.001
getRegulatoryTableColumnNames0.0000.0000.001
getSequence0.0000.0000.001
getSolverNames0.0190.0010.019
getTarget0.0120.0010.013
parseChromLocString0.0010.0000.001
parseDatabaseUri0.0010.0000.001
rescalePredictorWeights0.0140.0010.014
show-HumanDHSFilter-method0.0000.0010.000
show.BayesSpikeSolver0.0150.0000.015
show.BicorSolver0.0210.0010.021
show.EnsembleSolver0.0120.0010.012
show.LassoPVSolver0.0180.0010.019
show.LassoSolver0.0150.0000.015
show.MotifMatcher0.0140.0010.015
show.PearsonSolver0.0210.0000.021
show.RandomForestSolver0.0210.0010.023
show.RidgeSolver0.0180.0010.018
show.SpearmanSolver0.0220.0020.023
show.XGBoostSolver0.0170.0010.019
solve.BayesSpike0.0000.0010.000
solve.Bicor0.0440.0030.047
solve.Ensemble0.0010.0010.001
solve.Lasso3.0420.0303.077
solve.LassoPV0.2190.0220.242
solve.Pearson0.0150.0010.016
solve.RandomForest4.5460.0224.570
solve.Ridge4.4030.0504.543
solve.Spearman0.0370.0010.038
solve.XGBoost1.9590.0051.966