Back to Multiple platform build/check report for BioC 3.14
ABCDEFGHIJKLMNOPQR[S]TUVWXYZ

This page was generated on 2022-01-14 13:07:15 -0500 (Fri, 14 Jan 2022).

HostnameOSArch (*)R versionInstalled pkgs
nebbiolo2Linux (Ubuntu 20.04.4 LTS)x86_644.1.2 (2021-11-01) -- "Bird Hippie" 4327
tokay2Windows Server 2012 R2 Standardx644.1.2 (2021-11-01) -- "Bird Hippie" 4076
machv2macOS 10.14.6 Mojavex86_644.1.2 (2021-11-01) -- "Bird Hippie" 4137
Click on any hostname to see more info about the system (e.g. compilers)      (*) as reported by 'uname -p', except on Windows and Mac OS X

CHECK results for stageR on tokay2


To the developers/maintainers of the stageR package:
- Please allow up to 24 hours (and sometimes 48 hours) for your latest push to git@git.bioconductor.org:packages/stageR.git to
reflect on this report. See How and When does the builder pull? When will my changes propagate? here for more information.
- Make sure to use the following settings in order to reproduce any error or warning you see on this page.

raw results

Package 1883/2083HostnameOS / ArchINSTALLBUILDCHECKBUILD BIN
stageR 1.16.0  (landing page)
Koen Van den Berge
Snapshot Date: 2022-01-13 01:55:04 -0500 (Thu, 13 Jan 2022)
git_url: https://git.bioconductor.org/packages/stageR
git_branch: RELEASE_3_14
git_last_commit: 816d3b2
git_last_commit_date: 2021-10-26 12:39:22 -0500 (Tue, 26 Oct 2021)
nebbiolo2Linux (Ubuntu 20.04.4 LTS) / x86_64  OK    OK    WARNINGS  UNNEEDED, same version is already published
tokay2Windows Server 2012 R2 Standard / x64  OK    OK    WARNINGS    OK  UNNEEDED, same version is already published
machv2macOS 10.14.6 Mojave / x86_64  OK    OK    WARNINGS    OK  UNNEEDED, same version is already published

Summary

Package: stageR
Version: 1.16.0
Command: C:\Users\biocbuild\bbs-3.14-bioc\R\bin\R.exe CMD check --force-multiarch --install=check:stageR.install-out.txt --library=C:\Users\biocbuild\bbs-3.14-bioc\R\library --no-vignettes --timings stageR_1.16.0.tar.gz
StartedAt: 2022-01-14 02:59:48 -0500 (Fri, 14 Jan 2022)
EndedAt: 2022-01-14 03:02:47 -0500 (Fri, 14 Jan 2022)
EllapsedTime: 178.5 seconds
RetCode: 0
Status:   WARNINGS  
CheckDir: stageR.Rcheck
Warnings: 4

Command output

##############################################################################
##############################################################################
###
### Running command:
###
###   C:\Users\biocbuild\bbs-3.14-bioc\R\bin\R.exe CMD check --force-multiarch --install=check:stageR.install-out.txt --library=C:\Users\biocbuild\bbs-3.14-bioc\R\library --no-vignettes --timings stageR_1.16.0.tar.gz
###
##############################################################################
##############################################################################


* using log directory 'C:/Users/biocbuild/bbs-3.14-bioc/meat/stageR.Rcheck'
* using R version 4.1.2 (2021-11-01)
* using platform: x86_64-w64-mingw32 (64-bit)
* using session charset: ISO8859-1
* using option '--no-vignettes'
* checking for file 'stageR/DESCRIPTION' ... OK
* checking extension type ... Package
* this is package 'stageR' version '1.16.0'
* checking package namespace information ... OK
* checking package dependencies ... OK
* checking if this is a source package ... OK
* checking if there is a namespace ... OK
* checking for hidden files and directories ... OK
* checking for portable file names ... OK
* checking whether package 'stageR' can be installed ... WARNING
Found the following significant warnings:
  Rd warning: C:/Users/biocbuild/bbs-3.14-bioc/tmpdir/RtmpKMcoQH/R.INSTALL1df040036a30/stageR/man/getAdjustedPValues.Rd:34: missing link 'stageWiseAdjustment,stageR,character,numeric-method'
  Rd warning: C:/Users/biocbuild/bbs-3.14-bioc/tmpdir/RtmpKMcoQH/R.INSTALL1df040036a30/stageR/man/stageRClass.Rd:19: missing link 'getAdjustedPValues,stageR,logical,logical-method'
  Rd warning: C:/Users/biocbuild/bbs-3.14-bioc/tmpdir/RtmpKMcoQH/R.INSTALL1df040036a30/stageR/man/stageRClass.Rd:19: missing link 'getResults,stageR-method'
See 'C:/Users/biocbuild/bbs-3.14-bioc/meat/stageR.Rcheck/00install.out' for details.
* checking installed package size ... OK
* checking package directory ... OK
* checking 'build' directory ... OK
* checking DESCRIPTION meta-information ... NOTE
Malformed Description field: should contain one or more complete sentences.
Package listed in more than one of Depends, Imports, Suggests, Enhances:
  'methods'
A package should be listed in only one of these fields.
* checking top-level files ... OK
* checking for left-over files ... OK
* checking index information ... OK
* checking package subdirectories ... OK
* checking R files for non-ASCII characters ... OK
* checking R files for syntax errors ... OK
* loading checks for arch 'i386'
** checking whether the package can be loaded ... OK
** checking whether the package can be loaded with stated dependencies ... OK
** checking whether the package can be unloaded cleanly ... OK
** checking whether the namespace can be loaded with stated dependencies ... OK
** checking whether the namespace can be unloaded cleanly ... OK
* loading checks for arch 'x64'
** checking whether the package can be loaded ... OK
** checking whether the package can be loaded with stated dependencies ... OK
** checking whether the package can be unloaded cleanly ... OK
** checking whether the namespace can be loaded with stated dependencies ... OK
** checking whether the namespace can be unloaded cleanly ... OK
* checking dependencies in R code ... NOTE
Namespaces in Imports field not imported from:
  'methods' 'stats'
  All declared Imports should be used.
* checking S3 generic/method consistency ... OK
* checking replacement functions ... OK
* checking foreign function calls ... OK
* checking R code for possible problems ... NOTE
.stageWiseTest : <anonymous>: warning in gsub(x = paste(namesList[ii],
  namesListElements[[ii]]), pattern = " ", replace = ":"): partial
  argument match of 'replace' to 'replacement'
.stageWiseTest: no visible global function definition for 'p.adjust'
stageR: no visible global function definition for 'new'
stageRTx: no visible global function definition for 'new'
Undefined global functions or variables:
  new p.adjust
Consider adding
  importFrom("methods", "new")
  importFrom("stats", "p.adjust")
to your NAMESPACE file (and ensure that your DESCRIPTION Imports field
contains 'methods').
* checking Rd files ... OK
* checking Rd metadata ... OK
* checking Rd cross-references ... WARNING
Missing link or links in documentation object 'getAdjustedPValues.Rd':
  'stageWiseAdjustment,stageR,character,numeric-method'

Missing link or links in documentation object 'stageRClass.Rd':
  'getAdjustedPValues,stageR,logical,logical-method'
  'getResults,stageR-method'

See section 'Cross-references' in the 'Writing R Extensions' manual.
* checking for missing documentation entries ... WARNING
Undocumented S4 classes:
  'stageR' 'stageRTx'
Undocumented S4 methods:
  generic 'adjustedAlphaLevel' and siglist 'stageR'
  generic 'getAdjustedPValues' and siglist 'stageR,logical,logical'
  generic 'getAlpha' and siglist 'stageR'
  generic 'getMethod' and siglist 'stageR'
  generic 'getPConfirmation' and siglist 'stageR'
  generic 'getPScreen' and siglist 'stageR'
  generic 'getResults' and siglist 'stageR'
  generic 'getSignificantGenes' and siglist 'stageRTx'
  generic 'getSignificantTx' and siglist 'stageRTx'
  generic 'getTx2gene' and siglist 'stageRTx'
  generic 'isAdjusted' and siglist 'stageR'
  generic 'isPScreenAdjusted' and siglist 'stageR'
  generic 'stageWiseAdjustment' and siglist 'stageR,character,numeric'
All user-level objects in a package (including S4 classes and methods)
should have documentation entries.
See chapter 'Writing R documentation files' in the 'Writing R
Extensions' manual.
* checking for code/documentation mismatches ... OK
* checking Rd \usage sections ... WARNING
Undocumented arguments in documentation object 'adjustedAlphaLevel'
  '...'
Objects in \usage without \alias in documentation object 'adjustedAlphaLevel':
  '\S4method{adjustedAlphaLevel}{stageR}'

Objects in \usage without \alias in documentation object 'getAdjustedPValues':
  '\S4method{getAdjustedPValues}{stageR,logical,logical}'

Objects in \usage without \alias in documentation object 'getAlpha':
  '\S4method{getAlpha}{stageR}'

Objects in \usage without \alias in documentation object 'getMethod':
  '\S4method{getMethod}{stageR}'

Undocumented arguments in documentation object 'getPConfirmation'
  '...'
Objects in \usage without \alias in documentation object 'getPConfirmation':
  '\S4method{getPConfirmation}{stageR}'

Objects in \usage without \alias in documentation object 'getPScreen':
  '\S4method{getPScreen}{stageR}'

Undocumented arguments in documentation object 'getResults'
  '...'
Objects in \usage without \alias in documentation object 'getResults':
  '\S4method{getResults}{stageR}'

Undocumented arguments in documentation object 'getSignificantGenes'
  '...'
Objects in \usage without \alias in documentation object 'getSignificantGenes':
  '\S4method{getSignificantGenes}{stageRTx}'

Undocumented arguments in documentation object 'getSignificantTx'
  '...'
Objects in \usage without \alias in documentation object 'getSignificantTx':
  '\S4method{getSignificantTx}{stageRTx}'

Objects in \usage without \alias in documentation object 'getTx2gene':
  '\S4method{getTx2gene}{stageRTx}'

Objects in \usage without \alias in documentation object 'isAdjusted':
  '\S4method{isAdjusted}{stageR}'

Objects in \usage without \alias in documentation object 'isPScreenAdjusted':
  '\S4method{isPScreenAdjusted}{stageR}'

Documented arguments not in \usage in documentation object 'stageR':
  '...'

Documented arguments not in \usage in documentation object 'stageRTx':
  '...'

Objects in \usage without \alias in documentation object 'stageWiseAdjustment':
  '\S4method{stageWiseAdjustment}{stageR,character,numeric}'

Functions with \usage entries need to have the appropriate \alias
entries, and all their arguments documented.
The \usage entries must correspond to syntactically valid R code.
See chapter 'Writing R documentation files' in the 'Writing R
Extensions' manual.
* checking Rd contents ... OK
* checking for unstated dependencies in examples ... OK
* checking contents of 'data' directory ... OK
* checking data for non-ASCII characters ... OK
* checking LazyData ... OK
* checking data for ASCII and uncompressed saves ... OK
* checking files in 'vignettes' ... OK
* checking examples ...
** running examples for arch 'i386' ... OK
** running examples for arch 'x64' ... OK
* checking for unstated dependencies in 'tests' ... OK
* checking tests ...
** running tests for arch 'i386' ...
  Running 'testthat.R'
 OK
** running tests for arch 'x64' ...
  Running 'testthat.R'
 OK
* checking for unstated dependencies in vignettes ... OK
* checking package vignettes in 'inst/doc' ... OK
* checking running R code from vignettes ... SKIPPED
* checking re-building of vignette outputs ... SKIPPED
* checking PDF version of manual ... OK
* DONE

Status: 4 WARNINGs, 3 NOTEs
See
  'C:/Users/biocbuild/bbs-3.14-bioc/meat/stageR.Rcheck/00check.log'
for details.



Installation output

stageR.Rcheck/00install.out

##############################################################################
##############################################################################
###
### Running command:
###
###   C:\cygwin\bin\curl.exe -O http://155.52.207.166/BBS/3.14/bioc/src/contrib/stageR_1.16.0.tar.gz && rm -rf stageR.buildbin-libdir && mkdir stageR.buildbin-libdir && C:\Users\biocbuild\bbs-3.14-bioc\R\bin\R.exe CMD INSTALL --merge-multiarch --build --library=stageR.buildbin-libdir stageR_1.16.0.tar.gz && C:\Users\biocbuild\bbs-3.14-bioc\R\bin\R.exe CMD INSTALL stageR_1.16.0.zip && rm stageR_1.16.0.tar.gz stageR_1.16.0.zip
###
##############################################################################
##############################################################################


  % Total    % Received % Xferd  Average Speed   Time    Time     Time  Current
                                 Dload  Upload   Total   Spent    Left  Speed

  0     0    0     0    0     0      0      0 --:--:-- --:--:-- --:--:--     0
  1  910k    1 12177    0     0   200k      0  0:00:04 --:--:--  0:00:04  201k
100  910k  100  910k    0     0  2511k      0 --:--:-- --:--:-- --:--:-- 2508k

install for i386

* installing *source* package 'stageR' ...
** using staged installation
** R
** data
*** moving datasets to lazyload DB
** inst
** byte-compile and prepare package for lazy loading
** help
*** installing help indices
  converting help for package 'stageR'
    finding HTML links ... done
    adjustedAlphaLevel                      html  
    esetProstate                            html  
    getAdjustedPValues                      html  
    finding level-2 HTML links ... done

Rd warning: C:/Users/biocbuild/bbs-3.14-bioc/tmpdir/RtmpKMcoQH/R.INSTALL1df040036a30/stageR/man/getAdjustedPValues.Rd:34: missing link 'stageWiseAdjustment,stageR,character,numeric-method'
    getAlpha                                html  
    getMethod                               html  
    getPConfirmation                        html  
    getPScreen                              html  
    getResults                              html  
    getSignificantGenes                     html  
    getSignificantTx                        html  
    getTx2gene                              html  
    hammer.eset                             html  
    isAdjusted                              html  
    isPScreenAdjusted                       html  
    stageR                                  html  
    stageRClass                             html  
Rd warning: C:/Users/biocbuild/bbs-3.14-bioc/tmpdir/RtmpKMcoQH/R.INSTALL1df040036a30/stageR/man/stageRClass.Rd:19: missing link 'getAdjustedPValues,stageR,logical,logical-method'
Rd warning: C:/Users/biocbuild/bbs-3.14-bioc/tmpdir/RtmpKMcoQH/R.INSTALL1df040036a30/stageR/man/stageRClass.Rd:19: missing link 'getResults,stageR-method'
    stageRTx                                html  
    stageWiseAdjustment                     html  
** building package indices
** installing vignettes
** testing if installed package can be loaded from temporary location
** testing if installed package can be loaded from final location
** testing if installed package keeps a record of temporary installation path

install for x64

* installing *source* package 'stageR' ...
** testing if installed package can be loaded
* MD5 sums
packaged installation of 'stageR' as stageR_1.16.0.zip
* DONE (stageR)
* installing to library 'C:/Users/biocbuild/bbs-3.14-bioc/R/library'
package 'stageR' successfully unpacked and MD5 sums checked

Tests output

stageR.Rcheck/tests_i386/testthat.Rout


R version 4.1.2 (2021-11-01) -- "Bird Hippie"
Copyright (C) 2021 The R Foundation for Statistical Computing
Platform: i386-w64-mingw32/i386 (32-bit)

R is free software and comes with ABSOLUTELY NO WARRANTY.
You are welcome to redistribute it under certain conditions.
Type 'license()' or 'licence()' for distribution details.

R is a collaborative project with many contributors.
Type 'contributors()' for more information and
'citation()' on how to cite R or R packages in publications.

Type 'demo()' for some demos, 'help()' for on-line help, or
'help.start()' for an HTML browser interface to help.
Type 'q()' to quit R.

> library(testthat)
> library(stageR)
Loading required package: SummarizedExperiment
Loading required package: MatrixGenerics
Loading required package: matrixStats

Attaching package: 'MatrixGenerics'

The following objects are masked from 'package:matrixStats':

    colAlls, colAnyNAs, colAnys, colAvgsPerRowSet, colCollapse,
    colCounts, colCummaxs, colCummins, colCumprods, colCumsums,
    colDiffs, colIQRDiffs, colIQRs, colLogSumExps, colMadDiffs,
    colMads, colMaxs, colMeans2, colMedians, colMins, colOrderStats,
    colProds, colQuantiles, colRanges, colRanks, colSdDiffs, colSds,
    colSums2, colTabulates, colVarDiffs, colVars, colWeightedMads,
    colWeightedMeans, colWeightedMedians, colWeightedSds,
    colWeightedVars, rowAlls, rowAnyNAs, rowAnys, rowAvgsPerColSet,
    rowCollapse, rowCounts, rowCummaxs, rowCummins, rowCumprods,
    rowCumsums, rowDiffs, rowIQRDiffs, rowIQRs, rowLogSumExps,
    rowMadDiffs, rowMads, rowMaxs, rowMeans2, rowMedians, rowMins,
    rowOrderStats, rowProds, rowQuantiles, rowRanges, rowRanks,
    rowSdDiffs, rowSds, rowSums2, rowTabulates, rowVarDiffs, rowVars,
    rowWeightedMads, rowWeightedMeans, rowWeightedMedians,
    rowWeightedSds, rowWeightedVars

Loading required package: GenomicRanges
Loading required package: stats4
Loading required package: BiocGenerics

Attaching package: 'BiocGenerics'

The following objects are masked from 'package:stats':

    IQR, mad, sd, var, xtabs

The following objects are masked from 'package:base':

    Filter, Find, Map, Position, Reduce, anyDuplicated, append,
    as.data.frame, basename, cbind, colnames, dirname, do.call,
    duplicated, eval, evalq, get, grep, grepl, intersect, is.unsorted,
    lapply, mapply, match, mget, order, paste, pmax, pmax.int, pmin,
    pmin.int, rank, rbind, rownames, sapply, setdiff, sort, table,
    tapply, union, unique, unsplit, which.max, which.min

Loading required package: S4Vectors

Attaching package: 'S4Vectors'

The following objects are masked from 'package:base':

    I, expand.grid, unname

Loading required package: IRanges

Attaching package: 'IRanges'

The following object is masked from 'package:grDevices':

    windows

Loading required package: GenomeInfoDb
Loading required package: Biobase
Welcome to Bioconductor

    Vignettes contain introductory material; view with
    'browseVignettes()'. To cite Bioconductor, see
    'citation("Biobase")', and for packages 'citation("pkgname")'.


Attaching package: 'Biobase'

The following object is masked from 'package:MatrixGenerics':

    rowMedians

The following objects are masked from 'package:matrixStats':

    anyMissing, rowMedians


Attaching package: 'stageR'

The following object is masked from 'package:methods':

    getMethod

> 
> test_check("stageR")
[ FAIL 0 | WARN 0 | SKIP 0 | PASS 5 ]
> 
> proc.time()
   user  system elapsed 
   6.42    0.37    6.78 

stageR.Rcheck/tests_x64/testthat.Rout


R version 4.1.2 (2021-11-01) -- "Bird Hippie"
Copyright (C) 2021 The R Foundation for Statistical Computing
Platform: x86_64-w64-mingw32/x64 (64-bit)

R is free software and comes with ABSOLUTELY NO WARRANTY.
You are welcome to redistribute it under certain conditions.
Type 'license()' or 'licence()' for distribution details.

R is a collaborative project with many contributors.
Type 'contributors()' for more information and
'citation()' on how to cite R or R packages in publications.

Type 'demo()' for some demos, 'help()' for on-line help, or
'help.start()' for an HTML browser interface to help.
Type 'q()' to quit R.

> library(testthat)
> library(stageR)
Loading required package: SummarizedExperiment
Loading required package: MatrixGenerics
Loading required package: matrixStats

Attaching package: 'MatrixGenerics'

The following objects are masked from 'package:matrixStats':

    colAlls, colAnyNAs, colAnys, colAvgsPerRowSet, colCollapse,
    colCounts, colCummaxs, colCummins, colCumprods, colCumsums,
    colDiffs, colIQRDiffs, colIQRs, colLogSumExps, colMadDiffs,
    colMads, colMaxs, colMeans2, colMedians, colMins, colOrderStats,
    colProds, colQuantiles, colRanges, colRanks, colSdDiffs, colSds,
    colSums2, colTabulates, colVarDiffs, colVars, colWeightedMads,
    colWeightedMeans, colWeightedMedians, colWeightedSds,
    colWeightedVars, rowAlls, rowAnyNAs, rowAnys, rowAvgsPerColSet,
    rowCollapse, rowCounts, rowCummaxs, rowCummins, rowCumprods,
    rowCumsums, rowDiffs, rowIQRDiffs, rowIQRs, rowLogSumExps,
    rowMadDiffs, rowMads, rowMaxs, rowMeans2, rowMedians, rowMins,
    rowOrderStats, rowProds, rowQuantiles, rowRanges, rowRanks,
    rowSdDiffs, rowSds, rowSums2, rowTabulates, rowVarDiffs, rowVars,
    rowWeightedMads, rowWeightedMeans, rowWeightedMedians,
    rowWeightedSds, rowWeightedVars

Loading required package: GenomicRanges
Loading required package: stats4
Loading required package: BiocGenerics

Attaching package: 'BiocGenerics'

The following objects are masked from 'package:stats':

    IQR, mad, sd, var, xtabs

The following objects are masked from 'package:base':

    Filter, Find, Map, Position, Reduce, anyDuplicated, append,
    as.data.frame, basename, cbind, colnames, dirname, do.call,
    duplicated, eval, evalq, get, grep, grepl, intersect, is.unsorted,
    lapply, mapply, match, mget, order, paste, pmax, pmax.int, pmin,
    pmin.int, rank, rbind, rownames, sapply, setdiff, sort, table,
    tapply, union, unique, unsplit, which.max, which.min

Loading required package: S4Vectors

Attaching package: 'S4Vectors'

The following objects are masked from 'package:base':

    I, expand.grid, unname

Loading required package: IRanges

Attaching package: 'IRanges'

The following object is masked from 'package:grDevices':

    windows

Loading required package: GenomeInfoDb
Loading required package: Biobase
Welcome to Bioconductor

    Vignettes contain introductory material; view with
    'browseVignettes()'. To cite Bioconductor, see
    'citation("Biobase")', and for packages 'citation("pkgname")'.


Attaching package: 'Biobase'

The following object is masked from 'package:MatrixGenerics':

    rowMedians

The following objects are masked from 'package:matrixStats':

    anyMissing, rowMedians


Attaching package: 'stageR'

The following object is masked from 'package:methods':

    getMethod

> 
> test_check("stageR")
[ FAIL 0 | WARN 0 | SKIP 0 | PASS 5 ]
> 
> proc.time()
   user  system elapsed 
   5.95    0.32    6.26 

Example timings

stageR.Rcheck/examples_i386/stageR-Ex.timings

nameusersystemelapsed
adjustedAlphaLevel0.020.000.01
getAdjustedPValues0.030.010.05
getAlpha0.010.020.03
getMethod0.020.010.03
getPConfirmation0.000.020.01
getPScreen000
getResults0.030.000.04
getSignificantGenes0.040.000.05
getSignificantTx0.070.020.08
getTx2gene0.010.000.01
isAdjusted0.020.020.03
isPScreenAdjusted000
stageR000
stageRTx000
stageWiseAdjustment0.010.030.05

stageR.Rcheck/examples_x64/stageR-Ex.timings

nameusersystemelapsed
adjustedAlphaLevel0.020.010.03
getAdjustedPValues0.040.000.05
getAlpha0.020.020.03
getMethod0.030.000.03
getPConfirmation000
getPScreen000
getResults0.030.000.03
getSignificantGenes0.060.000.07
getSignificantTx0.030.020.04
getTx2gene000
isAdjusted0.50.00.5
isPScreenAdjusted000
stageR000
stageRTx000
stageWiseAdjustment0.030.000.03