Back to Multiple platform build/check report for BioC 3.17: simplified long |
|
This page was generated on 2023-10-03 11:37:54 -0400 (Tue, 03 Oct 2023).
Hostname | OS | Arch (*) | R version | Installed pkgs |
---|---|---|---|---|
nebbiolo1 | Linux (Ubuntu 22.04.2 LTS) | x86_64 | 4.3.1 (2023-06-16) -- "Beagle Scouts" | 4626 |
palomino3 | Windows Server 2022 Datacenter | x64 | 4.3.1 (2023-06-16 ucrt) -- "Beagle Scouts" | 4379 |
merida1 | macOS 12.6.4 Monterey | x86_64 | 4.3.1 (2023-06-16) -- "Beagle Scouts" | 4395 |
Click on any hostname to see more info about the system (e.g. compilers) (*) as reported by 'uname -p', except on Windows and Mac OS X |
Package 1914/2230 | Hostname | OS / Arch | INSTALL | BUILD | CHECK | BUILD BIN | ||||||||
signatureSearch 1.14.0 (landing page) Brendan Gongol
| nebbiolo1 | Linux (Ubuntu 22.04.2 LTS) / x86_64 | OK | OK | OK | ![]() | ||||||||
palomino3 | Windows Server 2022 Datacenter / x64 | OK | OK | OK | OK | ![]() | ||||||||
merida1 | macOS 12.6.4 Monterey / x86_64 | OK | OK | ERROR | OK | |||||||||
To the developers/maintainers of the signatureSearch package: - Allow up to 24 hours (and sometimes 48 hours) for your latest push to git@git.bioconductor.org:packages/signatureSearch.git to reflect on this report. See Troubleshooting Build Report for more information. - Use the following Renviron settings to reproduce errors and warnings. - If 'R CMD check' started to fail recently on the Linux builder(s) over a missing dependency, add the missing dependency to 'Suggests:' in your DESCRIPTION file. See Renviron.bioc for more information. |
Package: signatureSearch |
Version: 1.14.0 |
Command: /Library/Frameworks/R.framework/Resources/bin/R CMD check --install=check:signatureSearch.install-out.txt --library=/Library/Frameworks/R.framework/Resources/library --no-vignettes --timings signatureSearch_1.14.0.tar.gz |
StartedAt: 2023-10-03 07:07:55 -0400 (Tue, 03 Oct 2023) |
EndedAt: 2023-10-03 07:23:58 -0400 (Tue, 03 Oct 2023) |
EllapsedTime: 962.7 seconds |
RetCode: 1 |
Status: ERROR |
CheckDir: signatureSearch.Rcheck |
Warnings: NA |
############################################################################## ############################################################################## ### ### Running command: ### ### /Library/Frameworks/R.framework/Resources/bin/R CMD check --install=check:signatureSearch.install-out.txt --library=/Library/Frameworks/R.framework/Resources/library --no-vignettes --timings signatureSearch_1.14.0.tar.gz ### ############################################################################## ############################################################################## * using log directory ‘/Users/biocbuild/bbs-3.17-bioc/meat/signatureSearch.Rcheck’ * using R version 4.3.1 (2023-06-16) * using platform: x86_64-apple-darwin20 (64-bit) * R was compiled by Apple clang version 14.0.3 (clang-1403.0.22.14.1) GNU Fortran (GCC) 12.2.0 * running under: macOS Monterey 12.6.4 * using session charset: UTF-8 * using option ‘--no-vignettes’ * checking for file ‘signatureSearch/DESCRIPTION’ ... OK * this is package ‘signatureSearch’ version ‘1.14.0’ * package encoding: UTF-8 * checking package namespace information ... OK * checking package dependencies ... OK * checking if this is a source package ... OK * checking if there is a namespace ... OK * checking for hidden files and directories ... NOTE Found the following hidden files and directories: inst/extdata/.batchtools.conf.R These were most likely included in error. See section ‘Package structure’ in the ‘Writing R Extensions’ manual. * checking for portable file names ... OK * checking for sufficient/correct file permissions ... OK * checking whether package ‘signatureSearch’ can be installed ... OK * used C compiler: ‘Apple clang version 14.0.0 (clang-1400.0.29.202)’ * used C++ compiler: ‘Apple clang version 14.0.0 (clang-1400.0.29.202)’ * used SDK: ‘MacOSX11.3.sdk’ * checking C++ specification ... NOTE Specified C++11: please drop specification unless essential * checking installed package size ... NOTE installed size is 100.9Mb sub-directories of 1Mb or more: R 96.1Mb data 2.9Mb extdata 1.5Mb * checking package directory ... OK * checking ‘build’ directory ... OK * checking DESCRIPTION meta-information ... OK * checking top-level files ... OK * checking for left-over files ... OK * checking index information ... OK * checking package subdirectories ... OK * checking R files for non-ASCII characters ... OK * checking R files for syntax errors ... OK * checking whether the package can be loaded ... OK * checking whether the package can be loaded with stated dependencies ... OK * checking whether the package can be unloaded cleanly ... OK * checking whether the namespace can be loaded with stated dependencies ... OK * checking whether the namespace can be unloaded cleanly ... OK * checking dependencies in R code ... OK * checking S3 generic/method consistency ... OK * checking replacement functions ... OK * checking foreign function calls ... OK * checking R code for possible problems ... OK * checking Rd files ... OK * checking Rd metadata ... OK * checking Rd cross-references ... OK * checking for missing documentation entries ... OK * checking for code/documentation mismatches ... OK * checking Rd \usage sections ... OK * checking Rd contents ... OK * checking for unstated dependencies in examples ... OK * checking contents of ‘data’ directory ... OK * checking data for non-ASCII characters ... NOTE Note: found 147 marked UTF-8 strings * checking LazyData ... OK * checking data for ASCII and uncompressed saves ... OK * checking R/sysdata.rda ... OK * checking line endings in C/C++/Fortran sources/headers ... OK * checking compiled code ... NOTE Note: information on .o files is not available * checking files in ‘vignettes’ ... OK * checking examples ... ERROR Running examples in ‘signatureSearch-Ex.R’ failed The error most likely occurred in: > base::assign(".ptime", proc.time(), pos = "CheckExEnv") > ### Name: runWF > ### Title: Run the Entire GESS/FEA Workflow > ### Aliases: runWF > > ### ** Examples > > drug <- "vorinostat"; cell <- "SKB" > refdb <- system.file("extdata", "sample_db.h5", package="signatureSearch") > env_dir <- tempdir() > wf_list <- runWF(drug, cell, refdb, gess_method="LINCS", + fea_method="dup_hyperG", N_gess_drugs=10, env_dir=env_dir, tau=FALSE) 150 / 150 genes in up set share identifiers with reference database 150 / 150 genes in down set share identifiers with reference database No targets found in all databases for 2 drugs: scopolamine-n-oxide / i-070759 No targets found in all databases for 2 drugs: scopolamine-n-oxide / i-070759 No targets found in all databases for 2 drugs: scopolamine-n-oxide / i-070759 Reading KEGG annotation online: "https://rest.kegg.jp/link/hsa/pathway"... Reading KEGG annotation online: "https://rest.kegg.jp/list/pathway/hsa"... Quitting from lines 54-60 [gess_res] (GESS_FEA_report.Rmd) Error in `vroom_()`: ! bad value Backtrace: 1. base::suppressMessages(read_tsv("results/LINCS_res.tsv")) 3. readr::read_tsv("results/LINCS_res.tsv") 4. vroom::vroom(...) 5. vroom:::vroom_(...) Execution halted * checking for unstated dependencies in ‘tests’ ... OK * checking tests ... Running ‘testthat.R’ OK * checking for unstated dependencies in vignettes ... OK * checking package vignettes in ‘inst/doc’ ... OK * checking running R code from vignettes ... SKIPPED * checking re-building of vignette outputs ... SKIPPED * checking PDF version of manual ... OK * DONE Status: 1 ERROR, 5 NOTEs See ‘/Users/biocbuild/bbs-3.17-bioc/meat/signatureSearch.Rcheck/00check.log’ for details.
signatureSearch.Rcheck/00install.out
############################################################################## ############################################################################## ### ### Running command: ### ### /Library/Frameworks/R.framework/Resources/bin/R CMD INSTALL signatureSearch ### ############################################################################## ############################################################################## * installing to library ‘/Library/Frameworks/R.framework/Versions/4.3-x86_64/Resources/library’ * installing *source* package ‘signatureSearch’ ... ** using staged installation ** libs using C compiler: ‘Apple clang version 14.0.0 (clang-1400.0.29.202)’ using C++ compiler: ‘Apple clang version 14.0.0 (clang-1400.0.29.202)’ using C++11 using SDK: ‘MacOSX11.3.sdk’ clang++ -arch x86_64 -std=gnu++11 -I"/Library/Frameworks/R.framework/Resources/include" -DNDEBUG -I'/Library/Frameworks/R.framework/Versions/4.3-x86_64/Resources/library/Rcpp/include' -I/opt/R/x86_64/include -fPIC -falign-functions=64 -Wall -g -O2 -c RcppExports.cpp -o RcppExports.o clang++ -arch x86_64 -std=gnu++11 -I"/Library/Frameworks/R.framework/Resources/include" -DNDEBUG -I'/Library/Frameworks/R.framework/Versions/4.3-x86_64/Resources/library/Rcpp/include' -I/opt/R/x86_64/include -fPIC -falign-functions=64 -Wall -g -O2 -c fastGSEA.cpp -o fastGSEA.o clang -arch x86_64 -I"/Library/Frameworks/R.framework/Resources/include" -DNDEBUG -I'/Library/Frameworks/R.framework/Versions/4.3-x86_64/Resources/library/Rcpp/include' -I/opt/R/x86_64/include -fPIC -falign-functions=64 -Wall -g -O2 -c fgsea_init.c -o fgsea_init.o clang++ -arch x86_64 -std=gnu++11 -dynamiclib -Wl,-headerpad_max_install_names -undefined dynamic_lookup -single_module -multiply_defined suppress -L/Library/Frameworks/R.framework/Resources/lib -L/opt/R/x86_64/lib -o signatureSearch.so RcppExports.o fastGSEA.o fgsea_init.o -F/Library/Frameworks/R.framework/.. -framework R -Wl,-framework -Wl,CoreFoundation installing to /Library/Frameworks/R.framework/Versions/4.3-x86_64/Resources/library/00LOCK-signatureSearch/00new/signatureSearch/libs ** R ** data *** moving datasets to lazyload DB ** inst ** byte-compile and prepare package for lazy loading ** help *** installing help indices ** building package indices ** installing vignettes ** testing if installed package can be loaded from temporary location ** checking absolute paths in shared objects and dynamic libraries ** testing if installed package can be loaded from final location ** testing if installed package keeps a record of temporary installation path * DONE (signatureSearch)
signatureSearch.Rcheck/tests/testthat.Rout
R version 4.3.1 (2023-06-16) -- "Beagle Scouts" Copyright (C) 2023 The R Foundation for Statistical Computing Platform: x86_64-apple-darwin20 (64-bit) R is free software and comes with ABSOLUTELY NO WARRANTY. You are welcome to redistribute it under certain conditions. Type 'license()' or 'licence()' for distribution details. R is a collaborative project with many contributors. Type 'contributors()' for more information and 'citation()' on how to cite R or R packages in publications. Type 'demo()' for some demos, 'help()' for on-line help, or 'help.start()' for an HTML browser interface to help. Type 'q()' to quit R. > # library(testthat) > # library(signatureSearch) > # > # test_check("signatureSearch") > > proc.time() user system elapsed 0.353 0.121 0.478
signatureSearch.Rcheck/signatureSearch-Ex.timings
name | user | system | elapsed | |
addGESSannot | 7.503 | 1.533 | 11.866 | |
addMOA | 0.546 | 0.008 | 0.708 | |
add_pcid | 0.002 | 0.004 | 0.008 | |
append2H5 | 0.138 | 0.012 | 0.195 | |
build_custom_db | 0.543 | 0.071 | 0.779 | |
cellNtestPlot | 1.331 | 0.112 | 2.052 | |
cell_info | 0.045 | 0.005 | 0.062 | |
cell_info2 | 0.069 | 0.005 | 0.096 | |
chembl_moa_list | 0.006 | 0.006 | 0.015 | |
clue_moa_list | 0.006 | 0.004 | 0.013 | |
comp_fea_res | 0.403 | 0.005 | 0.519 | |
create_empty_h5 | 0.044 | 0.004 | 0.063 | |
dim-methods | 0.014 | 0.001 | 0.017 | |
drug_cell_ranks | 0.019 | 0.001 | 0.024 | |
drugs-methods | 0.004 | 0.001 | 0.005 | |
drugs10 | 0.003 | 0.005 | 0.009 | |
dtnetplot | 3.388 | 0.282 | 4.835 | |
enrichGO2 | 0 | 0 | 0 | |
enrichKEGG2 | 0.000 | 0.000 | 0.001 | |
enrichMOA | 0.066 | 0.008 | 0.096 | |
enrichReactome | 0.001 | 0.001 | 0.000 | |
fea | 0.004 | 0.006 | 0.013 | |
feaResult | 0.003 | 0.000 | 0.006 | |
gctx2h5 | 1.178 | 0.445 | 2.090 | |
gess | 0.003 | 0.002 | 0.006 | |
gessResult | 0.004 | 0.000 | 0.004 | |
gess_res_vis | 0.610 | 0.009 | 0.784 | |
getSig | 3.202 | 0.274 | 4.872 | |
getTreats | 0.774 | 0.099 | 1.246 | |
get_targets | 3.177 | 0.269 | 4.718 | |
gmt2h5 | 0.193 | 0.044 | 0.309 | |
gseGO2 | 0.002 | 0.004 | 0.008 | |
gseKEGG2 | 0.017 | 0.001 | 0.023 | |
gseReactome | 0.016 | 0.001 | 0.021 | |
head-methods | 0.011 | 0.001 | 0.017 | |
lincs_expr_inst_info | 0.066 | 0.006 | 0.084 | |
lincs_pert_info | 0.170 | 0.007 | 0.223 | |
lincs_pert_info2 | 0.582 | 0.038 | 0.790 | |
lincs_sig_info | 0.072 | 0.006 | 0.104 | |
list2df | 0.004 | 0.001 | 0.009 | |
list_rev | 0.003 | 0.000 | 0.004 | |
mabsGO | 0.002 | 0.004 | 0.009 | |
mabsKEGG | 0.017 | 0.001 | 0.022 | |
mabsReactome | 0.017 | 0.001 | 0.027 | |
matrix2h5 | 0.119 | 0.012 | 0.184 | |
meanExpr2h5 | 2.058 | 0.437 | 3.738 | |
moa_conn | 0.052 | 0.005 | 0.097 | |
parse_gctx | 0.134 | 0.007 | 0.197 | |
qSig | 1.586 | 0.214 | 2.660 | |
rand_query_ES | 11.099 | 4.073 | 18.479 | |
read_gmt | 0.005 | 0.003 | 0.009 | |
result-methods | 0.062 | 0.016 | 0.077 | |