Back to Multiple platform build/check report for BioC 3.18: simplified long |
|
This page was generated on 2024-03-18 11:37:14 -0400 (Mon, 18 Mar 2024).
Hostname | OS | Arch (*) | R version | Installed pkgs |
---|---|---|---|---|
nebbiolo2 | Linux (Ubuntu 22.04.3 LTS) | x86_64 | 4.3.3 (2024-02-29) -- "Angel Food Cake" | 4665 |
palomino4 | Windows Server 2022 Datacenter | x64 | 4.3.3 (2024-02-29 ucrt) -- "Angel Food Cake" | 4401 |
merida1 | macOS 12.7.1 Monterey | x86_64 | 4.3.3 (2024-02-29) -- "Angel Food Cake" | 4425 |
Click on any hostname to see more info about the system (e.g. compilers) (*) as reported by 'uname -p', except on Windows and Mac OS X |
Package 1892/2266 | Hostname | OS / Arch | INSTALL | BUILD | CHECK | BUILD BIN | ||||||||
scran 1.30.2 (landing page) Aaron Lun
| nebbiolo2 | Linux (Ubuntu 22.04.3 LTS) / x86_64 | OK | OK | ERROR | |||||||||
palomino4 | Windows Server 2022 Datacenter / x64 | OK | OK | ERROR | OK | |||||||||
merida1 | macOS 12.7.1 Monterey / x86_64 | OK | OK | ERROR | OK | |||||||||
kjohnson1 | macOS 13.6.1 Ventura / arm64 | see weekly results here | ||||||||||||
To the developers/maintainers of the scran package: - Allow up to 24 hours (and sometimes 48 hours) for your latest push to git@git.bioconductor.org:packages/scran.git to reflect on this report. See Troubleshooting Build Report for more information. - Use the following Renviron settings to reproduce errors and warnings. - If 'R CMD check' started to fail recently on the Linux builder(s) over a missing dependency, add the missing dependency to 'Suggests:' in your DESCRIPTION file. See Renviron.bioc for more information. |
Package: scran |
Version: 1.30.2 |
Command: F:\biocbuild\bbs-3.18-bioc\R\bin\R.exe CMD check --no-multiarch --install=check:scran.install-out.txt --library=F:\biocbuild\bbs-3.18-bioc\R\library --no-vignettes --timings scran_1.30.2.tar.gz |
StartedAt: 2024-03-16 04:51:12 -0400 (Sat, 16 Mar 2024) |
EndedAt: 2024-03-16 04:51:16 -0400 (Sat, 16 Mar 2024) |
EllapsedTime: 4.2 seconds |
RetCode: 1 |
Status: ERROR |
CheckDir: scran.Rcheck |
Warnings: NA |
############################################################################## ############################################################################## ### ### Running command: ### ### F:\biocbuild\bbs-3.18-bioc\R\bin\R.exe CMD check --no-multiarch --install=check:scran.install-out.txt --library=F:\biocbuild\bbs-3.18-bioc\R\library --no-vignettes --timings scran_1.30.2.tar.gz ### ############################################################################## ############################################################################## * using log directory 'F:/biocbuild/bbs-3.18-bioc/meat/scran.Rcheck' * using R version 4.3.3 (2024-02-29 ucrt) * using platform: x86_64-w64-mingw32 (64-bit) * R was compiled by gcc.exe (GCC) 12.3.0 GNU Fortran (GCC) 12.3.0 * running under: Windows Server 2022 x64 (build 20348) * using session charset: UTF-8 * using option '--no-vignettes' * checking for file 'scran/DESCRIPTION' ... OK * this is package 'scran' version '1.30.2' * checking package namespace information ... OK * checking package dependencies ... ERROR Package suggested but not available: 'monocle' The suggested packages are required for a complete check. Checking can be attempted without them by setting the environment variable _R_CHECK_FORCE_SUGGESTS_ to a false value. See section 'The DESCRIPTION file' in the 'Writing R Extensions' manual. * DONE Status: 1 ERROR See 'F:/biocbuild/bbs-3.18-bioc/meat/scran.Rcheck/00check.log' for details.