Back to Multiple platform build/check report for BioC 3.14
ABCDEFGHIJKLMNO[P]QRSTUVWXYZ

This page was generated on 2021-11-29 15:06:07 -0500 (Mon, 29 Nov 2021).

CHECK results for pwOmics on machv2

To the developers/maintainers of the pwOmics package:
- Please allow up to 24 hours (and sometimes 48 hours) for your latest push to git@git.bioconductor.org:packages/pwOmics.git to
reflect on this report. See How and When does the builder pull? When will my changes propagate? here for more information.
- Make sure to use the following settings in order to reproduce any error or warning you see on this page.

raw results

Package 1492/2083HostnameOS / ArchINSTALLBUILDCHECKBUILD BIN
pwOmics 1.26.0  (landing page)
Maren Sitte
Snapshot Date: 2021-11-28 04:15:06 -0500 (Sun, 28 Nov 2021)
git_url: https://git.bioconductor.org/packages/pwOmics
git_branch: RELEASE_3_14
git_last_commit: b5d245a
git_last_commit_date: 2021-10-26 12:20:38 -0500 (Tue, 26 Oct 2021)
nebbiolo2Linux (Ubuntu 20.04.3 LTS) / x86_64  OK    OK    WARNINGS  UNNEEDED, same version is already published
tokay2Windows Server 2012 R2 Standard / x64  OK    OK    WARNINGS    OK  UNNEEDED, same version is already published
machv2macOS 10.14.6 Mojave / x86_64  OK    OK    WARNINGS    OK  UNNEEDED, same version is already published

Summary

Package: pwOmics
Version: 1.26.0
Command: /Library/Frameworks/R.framework/Resources/bin/R CMD check --install=check:pwOmics.install-out.txt --library=/Library/Frameworks/R.framework/Resources/library --no-vignettes --timings pwOmics_1.26.0.tar.gz
StartedAt: 2021-11-28 20:01:57 -0500 (Sun, 28 Nov 2021)
EndedAt: 2021-11-28 20:09:48 -0500 (Sun, 28 Nov 2021)
EllapsedTime: 471.7 seconds
RetCode: 0
Status:   WARNINGS  
CheckDir: pwOmics.Rcheck
Warnings: 1

Command output

##############################################################################
##############################################################################
###
### Running command:
###
###   /Library/Frameworks/R.framework/Resources/bin/R CMD check --install=check:pwOmics.install-out.txt --library=/Library/Frameworks/R.framework/Resources/library --no-vignettes --timings pwOmics_1.26.0.tar.gz
###
##############################################################################
##############################################################################


* using log directory ‘/Users/biocbuild/bbs-3.14-bioc/meat/pwOmics.Rcheck’
* using R version 4.1.2 (2021-11-01)
* using platform: x86_64-apple-darwin17.0 (64-bit)
* using session charset: UTF-8
* using option ‘--no-vignettes’
* checking for file ‘pwOmics/DESCRIPTION’ ... OK
* checking extension type ... Package
* this is package ‘pwOmics’ version ‘1.26.0’
* checking package namespace information ... OK
* checking package dependencies ... OK
* checking if this is a source package ... OK
* checking if there is a namespace ... OK
* checking for hidden files and directories ... OK
* checking for portable file names ... OK
* checking for sufficient/correct file permissions ... OK
* checking whether package ‘pwOmics’ can be installed ... OK
* checking installed package size ... OK
* checking package directory ... OK
* checking DESCRIPTION meta-information ... OK
* checking top-level files ... OK
* checking for left-over files ... OK
* checking index information ... OK
* checking package subdirectories ... OK
* checking R files for non-ASCII characters ... OK
* checking R files for syntax errors ... OK
* checking whether the package can be loaded ... OK
* checking whether the package can be loaded with stated dependencies ... OK
* checking whether the package can be unloaded cleanly ... OK
* checking whether the namespace can be loaded with stated dependencies ... OK
* checking whether the namespace can be unloaded cleanly ... OK
* checking dependencies in R code ... OK
* checking S3 generic/method consistency ... OK
* checking replacement functions ... OK
* checking foreign function calls ... OK
* checking R code for possible problems ... NOTE
identifyPWTFTGs: no visible binding for global variable ‘upreg’
identifyPWTFTGs: no visible binding for global variable ‘phosphoeffect’
infoConsensusGraph: no visible global function definition for ‘from’
Undefined global functions or variables:
  from phosphoeffect upreg
* checking Rd files ... OK
* checking Rd metadata ... OK
* checking Rd cross-references ... OK
* checking for missing documentation entries ... OK
* checking for code/documentation mismatches ... OK
* checking Rd \usage sections ... WARNING
Documented arguments not in \usage in documentation object 'plotTimeProfileClusters':
  ‘...’

Documented arguments not in \usage in documentation object 'temp_correlations':
  ‘...’

Functions with \usage entries need to have the appropriate \alias
entries, and all their arguments documented.
The \usage entries must correspond to syntactically valid R code.
See chapter ‘Writing R documentation files’ in the ‘Writing R
Extensions’ manual.
* checking Rd contents ... OK
* checking for unstated dependencies in examples ... OK
* checking contents of ‘data’ directory ... OK
* checking data for non-ASCII characters ... OK
* checking data for ASCII and uncompressed saves ... OK
* checking examples ... OK
Examples with CPU (user + system) or elapsed time > 5s
                    user system elapsed
temp_correlations 265.88  1.318 270.023
* checking for unstated dependencies in ‘tests’ ... OK
* checking tests ...
  Running ‘runTests.R’
 OK
* checking PDF version of manual ... OK
* DONE

Status: 1 WARNING, 1 NOTE
See
  ‘/Users/biocbuild/bbs-3.14-bioc/meat/pwOmics.Rcheck/00check.log’
for details.



Installation output

pwOmics.Rcheck/00install.out

##############################################################################
##############################################################################
###
### Running command:
###
###   /Library/Frameworks/R.framework/Resources/bin/R CMD INSTALL pwOmics
###
##############################################################################
##############################################################################


* installing to library ‘/Library/Frameworks/R.framework/Versions/4.1/Resources/library’
* installing *source* package ‘pwOmics’ ...
** using staged installation
** R
** data
** inst
** byte-compile and prepare package for lazy loading
** help
*** installing help indices
** building package indices
** testing if installed package can be loaded from temporary location
** testing if installed package can be loaded from final location
** testing if installed package keeps a record of temporary installation path
* DONE (pwOmics)

Tests output

pwOmics.Rcheck/tests/runTests.Rout


R version 4.1.2 (2021-11-01) -- "Bird Hippie"
Copyright (C) 2021 The R Foundation for Statistical Computing
Platform: x86_64-apple-darwin17.0 (64-bit)

R is free software and comes with ABSOLUTELY NO WARRANTY.
You are welcome to redistribute it under certain conditions.
Type 'license()' or 'licence()' for distribution details.

R is a collaborative project with many contributors.
Type 'contributors()' for more information and
'citation()' on how to cite R or R packages in publications.

Type 'demo()' for some demos, 'help()' for on-line help, or
'help.start()' for an HTML browser interface to help.
Type 'q()' to quit R.

> BiocGenerics:::testPackage("pwOmics")


RUNIT TEST PROTOCOL -- Sun Nov 28 20:09:39 2021 
*********************************************** 
Number of test functions: 0 
Number of errors: 0 
Number of failures: 0 

 
1 Test Suite : 
pwOmics RUnit Tests - 0 test functions, 0 errors, 0 failures
Number of test functions: 0 
Number of errors: 0 
Number of failures: 0 
> 
> proc.time()
   user  system elapsed 
  8.877   0.424   9.291 

Example timings

pwOmics.Rcheck/pwOmics-Ex.timings

nameusersystemelapsed
clusterTimeProfiles0.0000.0010.001
consDynamicNet0.0000.0010.001
findSignalingAxes0.0010.0000.001
generate_DSSignalingBase0.0000.0000.001
getBiopaxModel0.0000.0010.001
getDS_PWs0.0000.0010.000
getDS_TFs0.0010.0010.001
getDS_TGs0.0010.0010.001
getGenesIntersection0.0010.0010.001
getOmicsDataset0.0010.0010.001
getOmicsTimepoints0.0000.0000.001
getOmicsallGeneIDs000
getOmicsallProteinIDs000
getProteinIntersection0.0000.0010.001
getTFIntersection0.0000.0010.000
getUS_PWs000
getUS_TFs0.0000.0010.001
getUS_regulators0.0000.0010.001
get_matching_transcripts0.0000.0000.001
gettpIntersection0.0010.0010.001
identifyPR0.0000.0000.001
identifyPWTFTGs0.0000.0000.001
identifyPWs0.0010.0010.000
identifyRsofTFs000
identifyTFs0.0000.0010.001
infoConsensusGraph0.0000.0000.001
plotConsDynNet000
plotConsensusGraph0.0000.0010.001
plotConsensusProfiles0.0000.0010.001
plotTimeProfileClusters000
readOmics000
readPWdata0.0000.0000.001
readPhosphodata0.0000.0010.000
readTFdata0.0010.0010.000
staticConsensusNet0.0010.0010.001
temp_correlations265.880 1.318270.023