Back to Multiple platform build/check report for BioC 3.17:   simplified   long
ABCDEFGHIJKLMNO[P]QRSTUVWXYZ

This page was generated on 2023-10-04 11:36:47 -0400 (Wed, 04 Oct 2023).

HostnameOSArch (*)R versionInstalled pkgs
nebbiolo1Linux (Ubuntu 22.04.2 LTS)x86_644.3.1 (2023-06-16) -- "Beagle Scouts" 4626
palomino3Windows Server 2022 Datacenterx644.3.1 (2023-06-16 ucrt) -- "Beagle Scouts" 4379
merida1macOS 12.6.4 Montereyx86_644.3.1 (2023-06-16) -- "Beagle Scouts" 4395
Click on any hostname to see more info about the system (e.g. compilers)      (*) as reported by 'uname -p', except on Windows and Mac OS X

Package 1583/2230HostnameOS / ArchINSTALLBUILDCHECKBUILD BIN
ptairMS 1.8.0  (landing page)
camille Roquencourt
Snapshot Date: 2023-10-03 14:00:15 -0400 (Tue, 03 Oct 2023)
git_url: https://git.bioconductor.org/packages/ptairMS
git_branch: RELEASE_3_17
git_last_commit: ee63330
git_last_commit_date: 2023-04-25 11:28:24 -0400 (Tue, 25 Apr 2023)
nebbiolo1Linux (Ubuntu 22.04.2 LTS) / x86_64  OK    OK    OK  UNNEEDED, same version is already published
palomino3Windows Server 2022 Datacenter / x64  OK    ERROR  skippedskipped
merida1macOS 12.6.4 Monterey / x86_64  OK    OK    OK    OK  UNNEEDED, same version is already published

BUILD results for ptairMS on palomino3


To the developers/maintainers of the ptairMS package:
- Allow up to 24 hours (and sometimes 48 hours) for your latest push to git@git.bioconductor.org:packages/ptairMS.git to reflect on this report. See Troubleshooting Build Report for more information.
- Use the following Renviron settings to reproduce errors and warnings.
- If 'R CMD check' started to fail recently on the Linux builder(s) over a missing dependency, add the missing dependency to 'Suggests:' in your DESCRIPTION file. See Renviron.bioc for more information.

raw results


Summary

Package: ptairMS
Version: 1.8.0
Command: chmod a+r ptairMS -R && F:\biocbuild\bbs-3.17-bioc\R\bin\R.exe CMD build --keep-empty-dirs --no-resave-data ptairMS
StartedAt: 2023-10-03 21:28:23 -0400 (Tue, 03 Oct 2023)
EndedAt: 2023-10-03 21:31:35 -0400 (Tue, 03 Oct 2023)
EllapsedTime: 192.1 seconds
RetCode: 1
Status:   ERROR  
PackageFile: None
PackageFileSize: NA

Command output

##############################################################################
##############################################################################
###
### Running command:
###
###   chmod a+r ptairMS -R && F:\biocbuild\bbs-3.17-bioc\R\bin\R.exe CMD build --keep-empty-dirs --no-resave-data ptairMS
###
##############################################################################
##############################################################################


* checking for file 'ptairMS/DESCRIPTION' ... OK
* preparing 'ptairMS':
* checking DESCRIPTION meta-information ... OK
* cleaning src
* installing the package to build vignettes
* creating vignettes ... ERROR
--- re-building 'ptairMS.Rmd' using rmarkdown

Quitting from lines 433-445 [unnamed-chunk-8] (ptairMS.Rmd)
Error: processing vignette 'ptairMS.Rmd' failed with diagnostics:
Lapack routine dgesv: system is exactly singular: U[6,6] = 0
--- failed re-building 'ptairMS.Rmd'

SUMMARY: processing the following file failed:
  'ptairMS.Rmd'

Error: Vignette re-building failed.
Execution halted