Back to Multiple platform build/check report for BioC 3.17:   simplified   long
ABCDEFGHIJKLMNO[P]QRSTUVWXYZ

This page was generated on 2023-09-23 11:35:16 -0400 (Sat, 23 Sep 2023).

HostnameOSArch (*)R versionInstalled pkgs
nebbiolo1Linux (Ubuntu 22.04.2 LTS)x86_644.3.1 (2023-06-16) -- "Beagle Scouts" 4625
palomino3Windows Server 2022 Datacenterx644.3.1 (2023-06-16 ucrt) -- "Beagle Scouts" 4378
merida1macOS 12.6.4 Montereyx86_644.3.1 (2023-06-16) -- "Beagle Scouts" 4394
Click on any hostname to see more info about the system (e.g. compilers)      (*) as reported by 'uname -p', except on Windows and Mac OS X

Package 1580/2230HostnameOS / ArchINSTALLBUILDCHECKBUILD BIN
psichomics 1.26.0  (landing page)
Nuno Saraiva-Agostinho
Snapshot Date: 2023-09-22 14:00:14 -0400 (Fri, 22 Sep 2023)
git_url: https://git.bioconductor.org/packages/psichomics
git_branch: RELEASE_3_17
git_last_commit: 44fe230
git_last_commit_date: 2023-04-25 10:50:25 -0400 (Tue, 25 Apr 2023)
nebbiolo1Linux (Ubuntu 22.04.2 LTS) / x86_64  OK    OK    WARNINGS  UNNEEDED, same version is already published
palomino3Windows Server 2022 Datacenter / x64  OK    OK    WARNINGS    OK  UNNEEDED, same version is already published
merida1macOS 12.6.4 Monterey / x86_64  OK    OK    ERROR    OK  

CHECK results for psichomics on nebbiolo1


To the developers/maintainers of the psichomics package:
- Allow up to 24 hours (and sometimes 48 hours) for your latest push to git@git.bioconductor.org:packages/psichomics.git to reflect on this report. See Troubleshooting Build Report for more information.
- Use the following Renviron settings to reproduce errors and warnings.
- If 'R CMD check' started to fail recently on the Linux builder(s) over a missing dependency, add the missing dependency to 'Suggests:' in your DESCRIPTION file. See Renviron.bioc for more information.

raw results


Summary

Package: psichomics
Version: 1.26.0
Command: /home/biocbuild/bbs-3.17-bioc/R/bin/R CMD check --install=check:psichomics.install-out.txt --library=/home/biocbuild/bbs-3.17-bioc/R/site-library --timings psichomics_1.26.0.tar.gz
StartedAt: 2023-09-23 00:25:34 -0400 (Sat, 23 Sep 2023)
EndedAt: 2023-09-23 00:33:58 -0400 (Sat, 23 Sep 2023)
EllapsedTime: 504.4 seconds
RetCode: 0
Status:   WARNINGS  
CheckDir: psichomics.Rcheck
Warnings: 1

Command output

##############################################################################
##############################################################################
###
### Running command:
###
###   /home/biocbuild/bbs-3.17-bioc/R/bin/R CMD check --install=check:psichomics.install-out.txt --library=/home/biocbuild/bbs-3.17-bioc/R/site-library --timings psichomics_1.26.0.tar.gz
###
##############################################################################
##############################################################################


* using log directory ‘/home/biocbuild/bbs-3.17-bioc/meat/psichomics.Rcheck’
* using R version 4.3.1 (2023-06-16)
* using platform: x86_64-pc-linux-gnu (64-bit)
* R was compiled by
    gcc (Ubuntu 11.3.0-1ubuntu1~22.04.1) 11.3.0
    GNU Fortran (Ubuntu 11.3.0-1ubuntu1~22.04.1) 11.3.0
* running under: Ubuntu 22.04.3 LTS
* using session charset: UTF-8
* checking for file ‘psichomics/DESCRIPTION’ ... OK
* this is package ‘psichomics’ version ‘1.26.0’
* package encoding: UTF-8
* checking package namespace information ... OK
* checking package dependencies ... OK
* checking if this is a source package ... OK
* checking if there is a namespace ... OK
* checking for hidden files and directories ... NOTE
Found the following hidden files and directories:
  .devcontainer
These were most likely included in error. See section ‘Package
structure’ in the ‘Writing R Extensions’ manual.
* checking for portable file names ... OK
* checking for sufficient/correct file permissions ... OK
* checking whether package ‘psichomics’ can be installed ... OK
* used C++ compiler: ‘g++ (Ubuntu 11.4.0-1ubuntu1~22.04) 11.4.0’
* checking installed package size ... OK
* checking package directory ... OK
* checking ‘build’ directory ... OK
* checking DESCRIPTION meta-information ... OK
* checking top-level files ... OK
* checking for left-over files ... OK
* checking index information ... OK
* checking package subdirectories ... OK
* checking R files for non-ASCII characters ... OK
* checking R files for syntax errors ... OK
* checking whether the package can be loaded ... OK
* checking whether the package can be loaded with stated dependencies ... OK
* checking whether the package can be unloaded cleanly ... OK
* checking whether the namespace can be loaded with stated dependencies ... OK
* checking whether the namespace can be unloaded cleanly ... OK
* checking loading without being on the library search path ... OK
* checking startup messages can be suppressed ... OK
* checking dependencies in R code ... OK
* checking S3 generic/method consistency ... WARNING
survfit:
  function(formula, ...)
survfit.survTerms:
  function(survTerms, ...)
See section ‘Generic functions and methods’ in the ‘Writing R
Extensions’ manual.
* checking replacement functions ... OK
* checking foreign function calls ... OK
* checking R code for possible problems ... OK
* checking Rd files ... OK
* checking Rd metadata ... OK
* checking Rd cross-references ... OK
* checking for missing documentation entries ... OK
* checking for code/documentation mismatches ... OK
* checking Rd \usage sections ... OK
* checking Rd contents ... OK
* checking for unstated dependencies in examples ... OK
* checking line endings in C/C++/Fortran sources/headers ... OK
* checking compiled code ... NOTE
Note: information on .o files is not available
* checking files in ‘vignettes’ ... OK
* checking examples ... OK
Examples with CPU (user + system) or elapsed time > 5s
                          user system elapsed
convertGeneIdentifiers  15.474  2.246  19.044
listSplicingAnnotations 11.626  2.123  14.547
* checking for unstated dependencies in ‘tests’ ... OK
* checking tests ...
  Running ‘spelling.R’
  Running ‘testthat.R’
 OK
* checking for unstated dependencies in vignettes ... OK
* checking package vignettes in ‘inst/doc’ ... OK
* checking running R code from vignettes ...
  ‘AS_events_preparation.Rmd’ using ‘UTF-8’... OK
  ‘CLI_tutorial.Rmd’ using ‘UTF-8’... OK
  ‘GUI_tutorial.Rmd’ using ‘UTF-8’... OK
  ‘custom_data.Rmd’ using ‘UTF-8’... OK
 NONE
* checking re-building of vignette outputs ... OK
* checking PDF version of manual ... OK
* DONE

Status: 1 WARNING, 2 NOTEs
See
  ‘/home/biocbuild/bbs-3.17-bioc/meat/psichomics.Rcheck/00check.log’
for details.



Installation output

psichomics.Rcheck/00install.out

##############################################################################
##############################################################################
###
### Running command:
###
###   /home/biocbuild/bbs-3.17-bioc/R/bin/R CMD INSTALL psichomics
###
##############################################################################
##############################################################################


* installing to library ‘/home/biocbuild/bbs-3.17-bioc/R/site-library’
* installing *source* package ‘psichomics’ ...
** using staged installation
** libs
using C++ compiler: ‘g++ (Ubuntu 11.4.0-1ubuntu1~22.04) 11.4.0’
g++ -std=gnu++17 -I"/home/biocbuild/bbs-3.17-bioc/R/include" -DNDEBUG  -I'/home/biocbuild/bbs-3.17-bioc/R/site-library/Rcpp/include' -I/usr/local/include    -fpic  -g -O2  -Wall -c RcppExports.cpp -o RcppExports.o
g++ -std=gnu++17 -I"/home/biocbuild/bbs-3.17-bioc/R/include" -DNDEBUG  -I'/home/biocbuild/bbs-3.17-bioc/R/site-library/Rcpp/include' -I/usr/local/include    -fpic  -g -O2  -Wall -c progressBar.cpp -o progressBar.o
g++ -std=gnu++17 -I"/home/biocbuild/bbs-3.17-bioc/R/include" -DNDEBUG  -I'/home/biocbuild/bbs-3.17-bioc/R/site-library/Rcpp/include' -I/usr/local/include    -fpic  -g -O2  -Wall -c psiFastCalc.cpp -o psiFastCalc.o
g++ -std=gnu++17 -I"/home/biocbuild/bbs-3.17-bioc/R/include" -DNDEBUG  -I'/home/biocbuild/bbs-3.17-bioc/R/site-library/Rcpp/include' -I/usr/local/include    -fpic  -g -O2  -Wall -c vastToolsParser.cpp -o vastToolsParser.o
g++ -std=gnu++17 -shared -L/home/biocbuild/bbs-3.17-bioc/R/lib -L/usr/local/lib -o psichomics.so RcppExports.o progressBar.o psiFastCalc.o vastToolsParser.o -L/home/biocbuild/bbs-3.17-bioc/R/lib -lR
installing to /home/biocbuild/bbs-3.17-bioc/R/site-library/00LOCK-psichomics/00new/psichomics/libs
** R
** inst
** byte-compile and prepare package for lazy loading
Creating a generic function for ‘colSums’ from package ‘base’ in package ‘psichomics’
** help
*** installing help indices
*** copying figures
** building package indices
** installing vignettes
** testing if installed package can be loaded from temporary location
** checking absolute paths in shared objects and dynamic libraries
** testing if installed package can be loaded from final location
** testing if installed package keeps a record of temporary installation path
* DONE (psichomics)

Tests output

psichomics.Rcheck/tests/spelling.Rout


R version 4.3.1 (2023-06-16) -- "Beagle Scouts"
Copyright (C) 2023 The R Foundation for Statistical Computing
Platform: x86_64-pc-linux-gnu (64-bit)

R is free software and comes with ABSOLUTELY NO WARRANTY.
You are welcome to redistribute it under certain conditions.
Type 'license()' or 'licence()' for distribution details.

R is a collaborative project with many contributors.
Type 'contributors()' for more information and
'citation()' on how to cite R or R packages in publications.

Type 'demo()' for some demos, 'help()' for on-line help, or
'help.start()' for an HTML browser interface to help.
Type 'q()' to quit R.

> if(requireNamespace('spelling', quietly = TRUE))
+   spelling::spell_check_test(vignettes = TRUE, error = FALSE,
+                              skip_on_cran = TRUE)
NULL
> 
> proc.time()
   user  system elapsed 
  0.160   0.031   0.178 

psichomics.Rcheck/tests/testthat.Rout


R version 4.3.1 (2023-06-16) -- "Beagle Scouts"
Copyright (C) 2023 The R Foundation for Statistical Computing
Platform: x86_64-pc-linux-gnu (64-bit)

R is free software and comes with ABSOLUTELY NO WARRANTY.
You are welcome to redistribute it under certain conditions.
Type 'license()' or 'licence()' for distribution details.

R is a collaborative project with many contributors.
Type 'contributors()' for more information and
'citation()' on how to cite R or R packages in publications.

Type 'demo()' for some demos, 'help()' for on-line help, or
'help.start()' for an HTML browser interface to help.
Type 'q()' to quit R.

> library(testthat)
> library(psichomics)
Loading required package: shiny
Loading required package: shinyBS
Setting options('download.file.method.GEOquery'='auto')
Setting options('GEOquery.inmemory.gpl'=FALSE)

psichomics 1.26.0: start the visual interface by running psichomics()
Full documentation and tutorials at https://nuno-agostinho.github.io/psichomics
> 
> test_check("psichomics")
  |                                        |   0% 
  |========                                |  20% 
  |================                        |  40% 
  |========================                |  60% 
  |================================        |  80% 
  |========================================| 100% 
  |                                        |   0% 
  |========                                |  20% 
  |================                        |  40% 
  |========================                |  60% 
  |================================        |  80% 
  |========================================| 100% 
  |                                        |   0% 
  |========                                |  20% 
  |================                        |  40% 
  |========================                |  60% 
  |================================        |  80% 
  |========================================| 100% 
  |                                        |   0% 
  |========                                |  20% 
  |================                        |  40% 
  |========================                |  60% 
  |================================        |  80% 
  |========================================| 100% 





























Retrieving rMATS annotation...

Parsing rMATS annotation...

Retrieving rMATS annotation...

Parsing rMATS annotation...

Retrieving MISO annotation...

Parsing MISO annotation...
  |                                        |   0% 
  |========                                |  20% 
  |================                        |  40% 
  |========================                |  60% 
  |================================        |  80% 
  |========================================| 100% 
  |                                        |   0% 
  |========                                |  20% 
  |================                        |  40% 
  |========================                |  60% 
  |================================        |  80% 
  |========================================| 100% 
  |                                        |   0% 
  |========                                |  20% 
  |================                        |  40% 
  |========================                |  60% 
  |================================        |  80% 
  |========================================| 100% 
  |                                        |   0% 
  |========                                |  20% 
  |================                        |  40% 
  |========================                |  60% 
  |================================        |  80% 
  |========================================| 100% 
  |                                        |   0% 
  |========                                |  20% 
  |================                        |  40% 
  |========================                |  60% 
  |================================        |  80% 
  |========================================| 100% 
  |                                        |   0% 
  |========                                |  20% 
  |================                        |  40% 
  |========================                |  60% 
  |================================        |  80% 
  |========================================| 100% 
  |                                        |   0% 
  |========                                |  20% 
  |================                        |  40% 
  |========================                |  60% 
  |================================        |  80% 
  |========================================| 100% 
  |                                        |   0% 
  |========                                |  20% 
  |================                        |  40% 
  |========================                |  60% 
  |================================        |  80% 
  |========================================| 100% 

Retrieving SUPPA annotation...

Parsing SUPPA annotation...

Retrieving VAST-TOOLS annotation...

Parsing VAST-TOOLS annotation...

ALT3

ALT5

COMBI

EXSK

IR

MERGE3m

MIC

MULTI
[ FAIL 0 | WARN 1 | SKIP 4 | PASS 1418 ]

══ Skipped tests (4) ═══════════════════════════════════════════════════════════
• Couldn't resolve host name (1): 'testGeneInfo.R:99:5'
• On Bioconductor (2): 'testDiscardLowCoveragePSIs.R:61:5',
  'testGeneInfo.R:50:5'
• On CRAN (1): 'testSRAloading.R:4:5'

[ FAIL 0 | WARN 1 | SKIP 4 | PASS 1418 ]
> 
> proc.time()
   user  system elapsed 
 22.490   1.987  26.628 

Example timings

psichomics.Rcheck/psichomics-Ex.timings

nameusersystemelapsed
addObjectAttrs0.0000.0020.001
assignValuePerSubject0.0170.0050.022
blendColours0.0000.0000.001
calculateLoadingsContribution0.0100.0000.011
convertGeneIdentifiers15.474 2.24619.044
correlateGEandAS0.0110.0110.022
createGroupByAttribute0.0010.0000.001
createJunctionsTemplate0.0030.0000.002
customRowMeans0.0010.0000.002
diffAnalyses0.0830.0040.087
downloadFiles0.0010.0000.000
ensemblToUniprot0.0270.0040.529
filterGeneExpr0.0070.0040.011
filterGroups0.0020.0000.002
filterPSI0.0190.0040.022
getAttributesTime0.0040.0000.004
getDownloadsFolder0.0010.0000.000
getFirebrowseDateFormat0.0010.0000.001
getGeneList0.0020.0040.006
getGtexDataTypes0.1050.0200.307
getGtexTissues0.0000.0000.001
getNumerics0.0010.0030.003
getSampleFromSubject0.0000.0000.002
getSplicingEventFromGenes0.0020.0030.005
getSplicingEventTypes0.0010.0000.000
getSubjectFromSample0.0010.0000.000
getTCGAdataTypes0.0630.0240.291
getValidEvents0.0020.0070.009
groupPerElem0.0000.0020.002
hchart.survfit0.3690.1060.494
isFirebrowseUp0.0060.0000.012
labelBasedOnCutoff0.0010.0000.000
leveneTest0.0090.0000.010
listAllAnnotations2.7080.6683.637
listSplicingAnnotations11.626 2.12314.547
loadAnnotation3.0110.5513.762
loadGtexData0.0010.0000.000
loadLocalFiles000
loadSRAproject000
loadTCGAdata0.0100.0060.029
missingDataModal000
normaliseGeneExpression0.0260.0110.037
optimalSurvivalCutoff0.1100.0080.118
parseCategoricalGroups0.0010.0000.002
parseFirebrowseMetadata0.0500.0040.102
parseMatsEvent0.0060.0000.006
parseMatsGeneric0.0150.0080.022
parseMisoAnnotation0.1360.0110.151
parseMisoEvent0.0050.0010.004
parseMisoEventID0.0000.0060.007
parseMisoGeneric0.0290.0080.037
parseMisoId0.0000.0000.001
parseSplicingEvent0.0050.0010.006
parseSuppaEvent0.0040.0000.004
parseSuppaGeneric0.0230.0000.023
parseTcgaSampleInfo0.0020.0030.006
parseUrlsFromFirebrowseResponse0.0340.0010.096
parseVastToolsEvent0.0050.0000.006
parseVastToolsSE0.0120.0070.020
performICA0.0020.0080.011
performPCA0.0020.0000.002
plot.GEandAScorrelation0.4310.0480.478
plotDistribution0.6590.0750.734
plotGeneExprPerSample0.0960.0080.103
plotGroupIndependence0.1550.0150.171
plotICA0.1100.0080.120
plotLibrarySize0.2320.0280.260
plotPCA0.2400.0520.293
plotPCAvariance0.0450.0110.056
plotProtein0.6750.1682.185
plotRowStats0.5090.2120.720
plotSingleICA0.1780.0880.267
plotSplicingEvent0.0480.0040.052
plotSurvivalCurves0.0760.0400.116
plotSurvivalPvaluesByCutoff0.4390.2620.701
plotTranscripts0.0210.0071.090
prepareAnnotationFromEvents0.1640.0280.192
prepareFirebrowseArchives0.0010.0000.001
prepareJunctionQuantSTAR0.0000.0000.001
prepareSRAmetadata000
processSurvTerms0.0070.0040.012
psichomics0.0000.0010.000
quantifySplicing0.0110.0030.014
queryEnsembl0.0200.0160.722
queryEnsemblByGene0.1570.0243.409
queryFirebrowseData0.0590.0010.160
queryPubMed0.1170.0110.670
queryUniprot0.0380.0040.569
readFile0.0020.0000.002
renameDuplicated0.0010.0000.001
renderBoxplot0.0900.0040.094
survdiffTerms0.0070.0000.008
survfit.survTerms0.0180.0120.030
testGroupIndependence0.0030.0000.004
testSurvival0.0170.0000.017
textSuggestions0.0010.0000.000
trimWhitespace000