Back to Multiple platform build/check report for BioC 3.18:   simplified   long
ABCDEFGHIJKLMNO[P]QRSTUVWXYZ

This page was generated on 2024-03-02 11:36:50 -0500 (Sat, 02 Mar 2024).

HostnameOSArch (*)R versionInstalled pkgs
nebbiolo2Linux (Ubuntu 22.04.3 LTS)x86_644.3.2 Patched (2023-11-13 r85521) -- "Eye Holes" 4692
palomino4Windows Server 2022 Datacenterx644.3.2 (2023-10-31 ucrt) -- "Eye Holes" 4445
lconwaymacOS 12.7.1 Montereyx86_644.3.2 Patched (2023-11-01 r85457) -- "Eye Holes" 4466
Click on any hostname to see more info about the system (e.g. compilers)      (*) as reported by 'uname -p', except on Windows and Mac OS X

Package 1549/2266HostnameOS / ArchINSTALLBUILDCHECKBUILD BIN
pickgene 1.74.0  (landing page)
Brian S. Yandell
Snapshot Date: 2024-03-01 14:05:09 -0500 (Fri, 01 Mar 2024)
git_url: https://git.bioconductor.org/packages/pickgene
git_branch: RELEASE_3_18
git_last_commit: f8683d0
git_last_commit_date: 2023-10-24 09:32:48 -0500 (Tue, 24 Oct 2023)
nebbiolo2Linux (Ubuntu 22.04.3 LTS) / x86_64  OK    OK    WARNINGS  UNNEEDED, same version is already published
palomino4Windows Server 2022 Datacenter / x64  OK    OK    WARNINGS    OK  UNNEEDED, same version is already published
lconwaymacOS 12.7.1 Monterey / x86_64  OK    OK    WARNINGS    OK  UNNEEDED, same version is already published
kjohnson1macOS 13.6.1 Ventura / arm64see weekly results here

CHECK results for pickgene on palomino4


To the developers/maintainers of the pickgene package:
- Allow up to 24 hours (and sometimes 48 hours) for your latest push to git@git.bioconductor.org:packages/pickgene.git to reflect on this report. See Troubleshooting Build Report for more information.
- Use the following Renviron settings to reproduce errors and warnings.
- If 'R CMD check' started to fail recently on the Linux builder(s) over a missing dependency, add the missing dependency to 'Suggests:' in your DESCRIPTION file. See Renviron.bioc for more information.

raw results


Summary

Package: pickgene
Version: 1.74.0
Command: F:\biocbuild\bbs-3.18-bioc\R\bin\R.exe CMD check --no-multiarch --install=check:pickgene.install-out.txt --library=F:\biocbuild\bbs-3.18-bioc\R\library --no-vignettes --timings pickgene_1.74.0.tar.gz
StartedAt: 2024-03-02 04:57:14 -0500 (Sat, 02 Mar 2024)
EndedAt: 2024-03-02 04:57:41 -0500 (Sat, 02 Mar 2024)
EllapsedTime: 27.0 seconds
RetCode: 0
Status:   WARNINGS  
CheckDir: pickgene.Rcheck
Warnings: 1

Command output

##############################################################################
##############################################################################
###
### Running command:
###
###   F:\biocbuild\bbs-3.18-bioc\R\bin\R.exe CMD check --no-multiarch --install=check:pickgene.install-out.txt --library=F:\biocbuild\bbs-3.18-bioc\R\library --no-vignettes --timings pickgene_1.74.0.tar.gz
###
##############################################################################
##############################################################################


* using log directory 'F:/biocbuild/bbs-3.18-bioc/meat/pickgene.Rcheck'
* using R version 4.3.2 (2023-10-31 ucrt)
* using platform: x86_64-w64-mingw32 (64-bit)
* R was compiled by
    gcc.exe (GCC) 12.3.0
    GNU Fortran (GCC) 12.3.0
* running under: Windows Server 2022 x64 (build 20348)
* using session charset: UTF-8
* using option '--no-vignettes'
* checking for file 'pickgene/DESCRIPTION' ... OK
* this is package 'pickgene' version '1.74.0'
* checking package namespace information ... OK
* checking package dependencies ... OK
* checking if this is a source package ... OK
* checking if there is a namespace ... OK
* checking for hidden files and directories ... OK
* checking for portable file names ... OK
* checking whether package 'pickgene' can be installed ... WARNING
Found the following significant warnings:
  Note: possible error in 'oddsplot(exp(data[[x]]), ': unused argument (chip = "") 
See 'F:/biocbuild/bbs-3.18-bioc/meat/pickgene.Rcheck/00install.out' for details.
Information on the location(s) of code generating the 'Note's can be
obtained by re-running with environment variable R_KEEP_PKG_SOURCE set
to 'yes'.
* checking installed package size ... OK
* checking package directory ... OK
* checking 'build' directory ... OK
* checking DESCRIPTION meta-information ... OK
* checking top-level files ... OK
* checking for left-over files ... OK
* checking index information ... OK
* checking package subdirectories ... OK
* checking R files for non-ASCII characters ... OK
* checking R files for syntax errors ... OK
* checking whether the package can be loaded ... OK
* checking whether the package can be loaded with stated dependencies ... OK
* checking whether the package can be unloaded cleanly ... OK
* checking whether the namespace can be loaded with stated dependencies ... OK
* checking whether the namespace can be unloaded cleanly ... OK
* checking dependencies in R code ... OK
* checking S3 generic/method consistency ... OK
* checking replacement functions ... OK
* checking foreign function calls ... OK
* checking R code for possible problems ... NOTE
do.oddsplot: warning in em.ggb(data[[conditions[1]]],
  data[[conditions[2]]], theta, theta[1:3], print = TRUE): partial
  argument match of 'print' to 'printit'
pickgene.poly: warning in pickgene.two(y[, i], intensity, geneid =
  geneID, singlelevel = singlelevel, npick = npickgene, ylab =
  ylabs[i], ...): partial argument match of 'npick' to 'npickgene'
lod.plot: possible error in oddsplot(exp(data[[x]]), exp(data[[y]]),
  theta, col = col, xlab = xlab, ylab = ylab, chip = ""): unused
  argument (chip = "")
nloglik: no visible binding for global variable '.fit.xx'
nloglik: no visible binding for global variable '.fit.yy'
nploglik: no visible binding for global variable '.fit.xx'
nploglik: no visible binding for global variable '.fit.yy'
nploglik: no visible binding for global variable '.fit.zz'
s.check1: no visible global function definition for 'lod'
s.marg: no visible binding for global variable 'x'
shrinkplot: no visible global function definition for 's.fits'
shrinkplot: no visible binding for global variable 'lims'
Undefined global functions or variables:
  .fit.xx .fit.yy .fit.zz lims lod s.fits x
* checking Rd files ... NOTE
prepare_Rd: Simulation.pickgene.Rd:8: Dropping empty section \keyword
prepare_Rd: Simulation.pickgene.Rd:5-6: Dropping empty section \usage
prepare_Rd: Simulation.pickgene.Rd:7: Dropping empty section \details
* checking Rd metadata ... OK
* checking Rd cross-references ... OK
* checking for missing documentation entries ... OK
* checking for code/documentation mismatches ... OK
* checking Rd \usage sections ... OK
* checking Rd contents ... OK
* checking for unstated dependencies in examples ... OK
* checking sizes of PDF files under 'inst/doc' ... OK
* checking files in 'vignettes' ... OK
* checking examples ... OK
* checking for unstated dependencies in vignettes ... OK
* checking package vignettes in 'inst/doc' ... OK
* checking running R code from vignettes ... SKIPPED
* checking re-building of vignette outputs ... SKIPPED
* checking PDF version of manual ... OK
* DONE

Status: 1 WARNING, 2 NOTEs
See
  'F:/biocbuild/bbs-3.18-bioc/meat/pickgene.Rcheck/00check.log'
for details.



Installation output

pickgene.Rcheck/00install.out

##############################################################################
##############################################################################
###
### Running command:
###
###   F:\biocbuild\bbs-3.18-bioc\R\bin\R.exe CMD INSTALL pickgene
###
##############################################################################
##############################################################################


* installing to library 'F:/biocbuild/bbs-3.18-bioc/R/library'
* installing *source* package 'pickgene' ...
** using staged installation
** R
** byte-compile and prepare package for lazy loading
Note: possible error in 'oddsplot(exp(data[[x]]), ': unused argument (chip = "") 
** help
*** installing help indices
** building package indices
** installing vignettes
** testing if installed package can be loaded from temporary location
** testing if installed package can be loaded from final location
** testing if installed package keeps a record of temporary installation path
* DONE (pickgene)

Tests output


Example timings

pickgene.Rcheck/pickgene-Ex.timings

nameusersystemelapsed
Simulation.pickgene1.070.061.14
em.ggb000
model.pickgene000
oddsplot000
pickgene000
robustscale0.010.000.02