Back to Multiple platform build/check report for BioC 3.16
ABCDEFGHIJKL[M]NOPQRSTUVWXYZ

This page was generated on 2023-01-28 11:07:00 -0500 (Sat, 28 Jan 2023).

HostnameOSArch (*)R versionInstalled pkgs
nebbiolo2Linux (Ubuntu 20.04.5 LTS)x86_644.2.2 (2022-10-31) -- "Innocent and Trusting" 4510
palomino4Windows Server 2022 Datacenterx644.2.2 (2022-10-31 ucrt) -- "Innocent and Trusting" 4288
lconwaymacOS 12.5.1 Montereyx86_644.2.2 (2022-10-31) -- "Innocent and Trusting" 4317
Click on any hostname to see more info about the system (e.g. compilers)      (*) as reported by 'uname -p', except on Windows and Mac OS X

CHECK results for metahdep on palomino4


To the developers/maintainers of the metahdep package:
- Please allow up to 24 hours (and sometimes 48 hours) for your latest push to git@git.bioconductor.org:packages/metahdep.git to
reflect on this report. See How and When does the builder pull? When will my changes propagate? for more information.
- Make sure to use the following settings in order to reproduce any error or warning you see on this page.

raw results

Package 1151/2183HostnameOS / ArchINSTALLBUILDCHECKBUILD BIN
metahdep 1.56.0  (landing page)
John R. Stevens
Snapshot Date: 2023-01-27 14:00:04 -0500 (Fri, 27 Jan 2023)
git_url: https://git.bioconductor.org/packages/metahdep
git_branch: RELEASE_3_16
git_last_commit: 97ce24c
git_last_commit_date: 2022-11-01 11:04:19 -0500 (Tue, 01 Nov 2022)
nebbiolo2Linux (Ubuntu 20.04.5 LTS) / x86_64  OK    OK    WARNINGS  UNNEEDED, same version is already published
palomino4Windows Server 2022 Datacenter / x64  OK    OK    WARNINGS    OK  UNNEEDED, same version is already published
lconwaymacOS 12.5.1 Monterey / x86_64  OK    OK    WARNINGS    OK  UNNEEDED, same version is already published

Summary

Package: metahdep
Version: 1.56.0
Command: F:\biocbuild\bbs-3.16-bioc\R\bin\R.exe CMD check --no-multiarch --install=check:metahdep.install-out.txt --library=F:\biocbuild\bbs-3.16-bioc\R\library --no-vignettes --timings metahdep_1.56.0.tar.gz
StartedAt: 2023-01-28 03:16:02 -0500 (Sat, 28 Jan 2023)
EndedAt: 2023-01-28 03:16:39 -0500 (Sat, 28 Jan 2023)
EllapsedTime: 36.1 seconds
RetCode: 0
Status:   WARNINGS  
CheckDir: metahdep.Rcheck
Warnings: 1

Command output

##############################################################################
##############################################################################
###
### Running command:
###
###   F:\biocbuild\bbs-3.16-bioc\R\bin\R.exe CMD check --no-multiarch --install=check:metahdep.install-out.txt --library=F:\biocbuild\bbs-3.16-bioc\R\library --no-vignettes --timings metahdep_1.56.0.tar.gz
###
##############################################################################
##############################################################################


* using log directory 'F:/biocbuild/bbs-3.16-bioc/meat/metahdep.Rcheck'
* using R version 4.2.2 (2022-10-31 ucrt)
* using platform: x86_64-w64-mingw32 (64-bit)
* using session charset: UTF-8
* using option '--no-vignettes'
* checking for file 'metahdep/DESCRIPTION' ... OK
* checking extension type ... Package
* this is package 'metahdep' version '1.56.0'
* checking package namespace information ... OK
* checking package dependencies ... OK
* checking if this is a source package ... OK
* checking if there is a namespace ... OK
* checking for hidden files and directories ... OK
* checking for portable file names ... OK
* checking whether package 'metahdep' can be installed ... WARNING
Found the following significant warnings:
  F:/biocbuild/bbs-3.16-bioc/R/include/Rinternals.h:197:17: warning: passing argument 5 of 'metan_binary_search_unique' makes integer from pointer without a cast [-Wint-conversion]
See 'F:/biocbuild/bbs-3.16-bioc/meat/metahdep.Rcheck/00install.out' for details.
* checking installed package size ... OK
* checking package directory ... OK
* checking 'build' directory ... OK
* checking DESCRIPTION meta-information ... NOTE
Malformed Description field: should contain one or more complete sentences.
* checking top-level files ... OK
* checking for left-over files ... OK
* checking index information ... OK
* checking package subdirectories ... OK
* checking R files for non-ASCII characters ... OK
* checking R files for syntax errors ... OK
* checking whether the package can be loaded ... OK
* checking whether the package can be loaded with stated dependencies ... OK
* checking whether the package can be unloaded cleanly ... OK
* checking whether the namespace can be loaded with stated dependencies ... OK
* checking whether the namespace can be unloaded cleanly ... OK
* checking dependencies in R code ... NOTE
'library' or 'require' call to 'affyPLM' in package code.
  Please use :: or requireNamespace() instead.
  See section 'Suggested packages' in the 'Writing R Extensions' manual.
Package in Depends field not imported from: 'methods'
  These packages need to be imported from (in the NAMESPACE file)
  for when this namespace is loaded but not attached.
* checking S3 generic/method consistency ... OK
* checking replacement functions ... OK
* checking foreign function calls ... OK
* checking R code for possible problems ... NOTE
LinMod.HBLM.fast.dep: no visible global function definition for 'pnorm'
LinMod.MetAn.dep.FEMA: no visible global function definition for
  'pchisq'
LinMod.MetAn.dep.FEMA: no visible global function definition for 'pt'
LinMod.MetAn.dep.REMA: no visible global function definition for
  'pchisq'
LinMod.MetAn.dep.REMA: no visible global function definition for 'pt'
LinMod.REMA.delta.split: no visible global function definition for 'pt'
LinMod.REMA.delta.split: no visible global function definition for
  'pchisq'
getPLM.es: no visible global function definition for 'fitPLM'
getPLM.es: no visible global function definition for 'coefs'
getPLM.es: no visible global function definition for 'varcov'
getPLM.es: no visible global function definition for 'new'
getPLM.es: no visible global function definition for 'annotation'
metahdep: no visible global function definition for 'flush.console'
metahdep.FEMA: no visible global function definition for 'pchisq'
metahdep.FEMA: no visible global function definition for 'pnorm'
metahdep.HBLM: no visible global function definition for 'new'
metahdep.REMA: no visible global function definition for 'new'
metahdep.format: no visible global function definition for 'sd'
metahdep.format: no visible global function definition for
  'flush.console'
metahdep.format: no visible global function definition for 'new'
new.LinMod.HBLM.fast.dep.delta.split: no visible global function
  definition for 'pnorm'
Undefined global functions or variables:
  annotation coefs fitPLM flush.console new pchisq pnorm pt sd varcov
Consider adding
  importFrom("methods", "new")
  importFrom("stats", "pchisq", "pnorm", "pt", "sd")
  importFrom("utils", "flush.console")
to your NAMESPACE file (and ensure that your DESCRIPTION Imports field
contains 'methods').
* checking Rd files ... NOTE
prepare_Rd: metahdep.other.Rd:40-42: Dropping empty section \usage
prepare_Rd: metahdep.other.Rd:43-45: Dropping empty section \arguments
prepare_Rd: metahdep.other.Rd:46-48: Dropping empty section \value
* checking Rd metadata ... OK
* checking Rd cross-references ... OK
* checking for missing documentation entries ... OK
* checking for code/documentation mismatches ... OK
* checking Rd \usage sections ... OK
* checking Rd contents ... OK
* checking for unstated dependencies in examples ... OK
* checking contents of 'data' directory ... OK
* checking data for non-ASCII characters ... OK
* checking data for ASCII and uncompressed saves ... OK
* checking line endings in C/C++/Fortran sources/headers ... OK
* checking compiled code ... NOTE
Note: information on .o files for x64 is not available
File 'F:/biocbuild/bbs-3.16-bioc/R/library/metahdep/libs/x64/metahdep.dll':
  Found 'abort', possibly from 'abort' (C), 'runtime' (Fortran)

Compiled code should not call entry points which might terminate R nor
write to stdout/stderr instead of to the console, nor use Fortran I/O
nor system RNGs. The detected symbols are linked into the code but
might come from libraries and not actually be called.

See 'Writing portable packages' in the 'Writing R Extensions' manual.
* checking sizes of PDF files under 'inst/doc' ... OK
* checking files in 'vignettes' ... OK
* checking examples ... OK
* checking for unstated dependencies in vignettes ... OK
* checking package vignettes in 'inst/doc' ... OK
* checking running R code from vignettes ... SKIPPED
* checking re-building of vignette outputs ... SKIPPED
* checking PDF version of manual ... OK
* DONE

Status: 1 WARNING, 5 NOTEs
See
  'F:/biocbuild/bbs-3.16-bioc/meat/metahdep.Rcheck/00check.log'
for details.



Installation output

metahdep.Rcheck/00install.out

##############################################################################
##############################################################################
###
### Running command:
###
###   F:\biocbuild\bbs-3.16-bioc\R\bin\R.exe CMD INSTALL metahdep
###
##############################################################################
##############################################################################


* installing to library 'F:/biocbuild/bbs-3.16-bioc/R/library'
* installing *source* package 'metahdep' ...
** using staged installation
** libs
gcc  -I"F:/biocbuild/bbs-3.16-bioc/R/include" -DNDEBUG     -I"C:/rtools42/x86_64-w64-mingw32.static.posix/include"     -O2 -Wall  -std=gnu99 -mfpmath=sse -msse2 -mstackrealign  -c metahdep.c -o metahdep.o
In file included from metahdep.c:3:
metahdep.c: In function 'get_row_indices2':
F:/biocbuild/bbs-3.16-bioc/R/include/Rinternals.h:197:17: warning: passing argument 5 of 'metan_binary_search_unique' makes integer from pointer without a cast [-Wint-conversion]
  197 | #define CHAR(x) R_CHAR(x)
      |                 ^~~~~~~~~
      |                 |
      |                 const char *
metahdep.c:471:79: note: in expansion of macro 'CHAR'
  471 |     index = metan_binary_search_unique(name_list, sort_index, R_old_names, j, CHAR(STRING_ELT(R_old_chipsets, j)), i);
      |                                                                               ^~~~
metahdep.c:372:103: note: expected 'char' but argument is of type 'const char *'
  372 | SEXP metan_binary_search_unique(SEXP name_list, SEXP sort_index, SEXP gene_name, int gene_index, char chipset_name, int study_num)
      |                                                                                                  ~~~~~^~~~~~~~~~~~
gcc -shared -s -static-libgcc -o metahdep.dll tmp.def metahdep.o -LC:/rtools42/x86_64-w64-mingw32.static.posix/lib/x64 -LC:/rtools42/x86_64-w64-mingw32.static.posix/lib -LF:/biocbuild/bbs-3.16-bioc/R/bin/x64 -lR
installing to F:/biocbuild/bbs-3.16-bioc/R/library/00LOCK-metahdep/00new/metahdep/libs/x64
** R
** data
** byte-compile and prepare package for lazy loading
** help
*** installing help indices
** building package indices
** installing vignettes
** testing if installed package can be loaded from temporary location
** testing if installed package can be loaded from final location
** testing if installed package keeps a record of temporary installation path
* DONE (metahdep)

Tests output


Example timings

metahdep.Rcheck/metahdep-Ex.timings

nameusersystemelapsed
ES.obj-class0.010.000.01
HGU.DifExp.list000
HGU.newnames0.050.000.05
HGU.prep.list0.030.000.03
getPLM.es000
gloss000
metahdep.FEMA0.030.000.03
metahdep.HBLM0.470.040.53
metahdep1.010.051.08
metahdep.REMA0.020.020.03
metahdep.format0.110.010.13
metahdep.other0.000.020.01
metaprep-class0.010.000.02