Back to Multiple platform build/check report for BioC 3.18:   simplified   long
ABCDEFGHIJKL[M]NOPQRSTUVWXYZ

This page was generated on 2024-02-22 11:36:05 -0500 (Thu, 22 Feb 2024).

HostnameOSArch (*)R versionInstalled pkgs
nebbiolo2Linux (Ubuntu 22.04.3 LTS)x86_644.3.2 Patched (2023-11-13 r85521) -- "Eye Holes" 4691
palomino4Windows Server 2022 Datacenterx644.3.2 (2023-10-31 ucrt) -- "Eye Holes" 4444
lconwaymacOS 12.7.1 Montereyx86_644.3.2 Patched (2023-11-01 r85457) -- "Eye Holes" 4465
Click on any hostname to see more info about the system (e.g. compilers)      (*) as reported by 'uname -p', except on Windows and Mac OS X

Package 1207/2266HostnameOS / ArchINSTALLBUILDCHECKBUILD BIN
metahdep 1.60.0  (landing page)
John R. Stevens
Snapshot Date: 2024-02-21 14:05:05 -0500 (Wed, 21 Feb 2024)
git_url: https://git.bioconductor.org/packages/metahdep
git_branch: RELEASE_3_18
git_last_commit: 187c10d
git_last_commit_date: 2023-10-24 09:41:28 -0500 (Tue, 24 Oct 2023)
nebbiolo2Linux (Ubuntu 22.04.3 LTS) / x86_64  OK    OK    WARNINGS  UNNEEDED, same version is already published
palomino4Windows Server 2022 Datacenter / x64  OK    OK    WARNINGS    OK  UNNEEDED, same version is already published
lconwaymacOS 12.7.1 Monterey / x86_64  OK    OK    WARNINGS    OK  UNNEEDED, same version is already published
kjohnson1macOS 13.6.1 Ventura / arm64see weekly results here

CHECK results for metahdep on nebbiolo2


To the developers/maintainers of the metahdep package:
- Allow up to 24 hours (and sometimes 48 hours) for your latest push to git@git.bioconductor.org:packages/metahdep.git to reflect on this report. See Troubleshooting Build Report for more information.
- Use the following Renviron settings to reproduce errors and warnings.
- If 'R CMD check' started to fail recently on the Linux builder(s) over a missing dependency, add the missing dependency to 'Suggests:' in your DESCRIPTION file. See Renviron.bioc for more information.

raw results


Summary

Package: metahdep
Version: 1.60.0
Command: /home/biocbuild/bbs-3.18-bioc/R/bin/R CMD check --install=check:metahdep.install-out.txt --library=/home/biocbuild/bbs-3.18-bioc/R/site-library --timings metahdep_1.60.0.tar.gz
StartedAt: 2024-02-21 23:50:55 -0500 (Wed, 21 Feb 2024)
EndedAt: 2024-02-21 23:51:20 -0500 (Wed, 21 Feb 2024)
EllapsedTime: 24.6 seconds
RetCode: 0
Status:   WARNINGS  
CheckDir: metahdep.Rcheck
Warnings: 1

Command output

##############################################################################
##############################################################################
###
### Running command:
###
###   /home/biocbuild/bbs-3.18-bioc/R/bin/R CMD check --install=check:metahdep.install-out.txt --library=/home/biocbuild/bbs-3.18-bioc/R/site-library --timings metahdep_1.60.0.tar.gz
###
##############################################################################
##############################################################################


* using log directory ‘/home/biocbuild/bbs-3.18-bioc/meat/metahdep.Rcheck’
* using R version 4.3.2 Patched (2023-11-13 r85521)
* using platform: x86_64-pc-linux-gnu (64-bit)
* R was compiled by
    gcc (Ubuntu 11.4.0-1ubuntu1~22.04) 11.4.0
    GNU Fortran (Ubuntu 11.4.0-1ubuntu1~22.04) 11.4.0
* running under: Ubuntu 22.04.3 LTS
* using session charset: UTF-8
* checking for file ‘metahdep/DESCRIPTION’ ... OK
* checking extension type ... Package
* this is package ‘metahdep’ version ‘1.60.0’
* checking package namespace information ... OK
* checking package dependencies ... OK
* checking if this is a source package ... OK
* checking if there is a namespace ... OK
* checking for hidden files and directories ... OK
* checking for portable file names ... OK
* checking for sufficient/correct file permissions ... OK
* checking whether package ‘metahdep’ can be installed ... WARNING
Found the following significant warnings:
  /home/biocbuild/bbs-3.18-bioc/R/include/Rinternals.h:197:17: warning: passing argument 5 of ‘metan_binary_search_unique’ makes integer from pointer without a cast [-Wint-conversion]
See ‘/home/biocbuild/bbs-3.18-bioc/meat/metahdep.Rcheck/00install.out’ for details.
* used C compiler: ‘gcc (Ubuntu 11.4.0-1ubuntu1~22.04) 11.4.0’
* checking installed package size ... OK
* checking package directory ... OK
* checking ‘build’ directory ... OK
* checking DESCRIPTION meta-information ... NOTE
Malformed Description field: should contain one or more complete sentences.
* checking top-level files ... OK
* checking for left-over files ... OK
* checking index information ... OK
* checking package subdirectories ... OK
* checking R files for non-ASCII characters ... OK
* checking R files for syntax errors ... OK
* checking whether the package can be loaded ... OK
* checking whether the package can be loaded with stated dependencies ... OK
* checking whether the package can be unloaded cleanly ... OK
* checking whether the namespace can be loaded with stated dependencies ... OK
* checking whether the namespace can be unloaded cleanly ... OK
* checking loading without being on the library search path ... OK
* checking dependencies in R code ... NOTE
'library' or 'require' call to ‘affyPLM’ in package code.
  Please use :: or requireNamespace() instead.
  See section 'Suggested packages' in the 'Writing R Extensions' manual.
Package in Depends field not imported from: ‘methods’
  These packages need to be imported from (in the NAMESPACE file)
  for when this namespace is loaded but not attached.
* checking S3 generic/method consistency ... OK
* checking replacement functions ... OK
* checking foreign function calls ... OK
* checking R code for possible problems ... NOTE
LinMod.HBLM.fast.dep: no visible global function definition for ‘pnorm’
LinMod.MetAn.dep.FEMA: no visible global function definition for
  ‘pchisq’
LinMod.MetAn.dep.FEMA: no visible global function definition for ‘pt’
LinMod.MetAn.dep.REMA: no visible global function definition for
  ‘pchisq’
LinMod.MetAn.dep.REMA: no visible global function definition for ‘pt’
LinMod.REMA.delta.split: no visible global function definition for ‘pt’
LinMod.REMA.delta.split: no visible global function definition for
  ‘pchisq’
getPLM.es: no visible global function definition for ‘fitPLM’
getPLM.es: no visible global function definition for ‘coefs’
getPLM.es: no visible global function definition for ‘varcov’
getPLM.es: no visible global function definition for ‘new’
getPLM.es: no visible global function definition for ‘annotation’
metahdep: no visible global function definition for ‘flush.console’
metahdep.FEMA: no visible global function definition for ‘pchisq’
metahdep.FEMA: no visible global function definition for ‘pnorm’
metahdep.HBLM: no visible global function definition for ‘new’
metahdep.REMA: no visible global function definition for ‘new’
metahdep.format: no visible global function definition for ‘sd’
metahdep.format: no visible global function definition for
  ‘flush.console’
metahdep.format: no visible global function definition for ‘new’
new.LinMod.HBLM.fast.dep.delta.split: no visible global function
  definition for ‘pnorm’
Undefined global functions or variables:
  annotation coefs fitPLM flush.console new pchisq pnorm pt sd varcov
Consider adding
  importFrom("methods", "new")
  importFrom("stats", "pchisq", "pnorm", "pt", "sd")
  importFrom("utils", "flush.console")
to your NAMESPACE file (and ensure that your DESCRIPTION Imports field
contains 'methods').
* checking Rd files ... NOTE
prepare_Rd: metahdep.other.Rd:40-42: Dropping empty section \usage
prepare_Rd: metahdep.other.Rd:43-45: Dropping empty section \arguments
prepare_Rd: metahdep.other.Rd:46-48: Dropping empty section \value
* checking Rd metadata ... OK
* checking Rd cross-references ... OK
* checking for missing documentation entries ... OK
* checking for code/documentation mismatches ... OK
* checking Rd \usage sections ... OK
* checking Rd contents ... OK
* checking for unstated dependencies in examples ... OK
* checking contents of ‘data’ directory ... OK
* checking data for non-ASCII characters ... OK
* checking data for ASCII and uncompressed saves ... OK
* checking line endings in C/C++/Fortran sources/headers ... OK
* checking compiled code ... NOTE
Note: information on .o files is not available
* checking files in ‘vignettes’ ... OK
* checking examples ... OK
* checking for unstated dependencies in vignettes ... OK
* checking package vignettes in ‘inst/doc’ ... OK
* checking running R code from vignettes ...
  ‘metahdep.Rnw’... OK
 OK
* checking re-building of vignette outputs ... OK
* checking PDF version of manual ... OK
* DONE

Status: 1 WARNING, 5 NOTEs
See
  ‘/home/biocbuild/bbs-3.18-bioc/meat/metahdep.Rcheck/00check.log’
for details.



Installation output

metahdep.Rcheck/00install.out

##############################################################################
##############################################################################
###
### Running command:
###
###   /home/biocbuild/bbs-3.18-bioc/R/bin/R CMD INSTALL metahdep
###
##############################################################################
##############################################################################


* installing to library ‘/home/biocbuild/bbs-3.18-bioc/R/site-library’
* installing *source* package ‘metahdep’ ...
** using staged installation
** libs
using C compiler: ‘gcc (Ubuntu 11.4.0-1ubuntu1~22.04) 11.4.0’
gcc -I"/home/biocbuild/bbs-3.18-bioc/R/include" -DNDEBUG   -I/usr/local/include    -fpic  -g -O2  -Wall -c metahdep.c -o metahdep.o
In file included from metahdep.c:3:
metahdep.c: In function ‘get_row_indices2’:
/home/biocbuild/bbs-3.18-bioc/R/include/Rinternals.h:197:17: warning: passing argument 5 of ‘metan_binary_search_unique’ makes integer from pointer without a cast [-Wint-conversion]
  197 | #define CHAR(x) R_CHAR(x)
      |                 ^~~~~~~~~
      |                 |
      |                 const char *
metahdep.c:471:107: note: in expansion of macro ‘CHAR’
  471 |                                 index = metan_binary_search_unique(name_list, sort_index, R_old_names, j, CHAR(STRING_ELT(R_old_chipsets, j)), i);
      |                                                                                                           ^~~~
metahdep.c:372:103: note: expected ‘char’ but argument is of type ‘const char *’
  372 | SEXP metan_binary_search_unique(SEXP name_list, SEXP sort_index, SEXP gene_name, int gene_index, char chipset_name, int study_num)
      |                                                                                                  ~~~~~^~~~~~~~~~~~
gcc -shared -L/home/biocbuild/bbs-3.18-bioc/R/lib -L/usr/local/lib -o metahdep.so metahdep.o -L/home/biocbuild/bbs-3.18-bioc/R/lib -lR
installing to /home/biocbuild/bbs-3.18-bioc/R/site-library/00LOCK-metahdep/00new/metahdep/libs
** R
** data
** byte-compile and prepare package for lazy loading
** help
*** installing help indices
** building package indices
** installing vignettes
** testing if installed package can be loaded from temporary location
** checking absolute paths in shared objects and dynamic libraries
** testing if installed package can be loaded from final location
** testing if installed package keeps a record of temporary installation path
* DONE (metahdep)

Tests output


Example timings

metahdep.Rcheck/metahdep-Ex.timings

nameusersystemelapsed
ES.obj-class0.0250.0000.024
HGU.DifExp.list0.0090.0000.008
HGU.newnames0.0540.0000.055
HGU.prep.list0.0300.0070.038
getPLM.es000
gloss0.0030.0000.003
metahdep.FEMA0.0280.0010.028
metahdep.HBLM0.4420.0040.446
metahdep0.9030.0030.906
metahdep.REMA0.0340.0010.033
metahdep.format0.1430.0000.142
metahdep.other0.0020.0000.001
metaprep-class0.0250.0000.025