Back to Multiple platform build/check report for BioC 3.18:   simplified   long
ABCDE[F]GHIJKLMNOPQRSTUVWXYZ

This page was generated on 2024-03-04 11:36:26 -0500 (Mon, 04 Mar 2024).

HostnameOSArch (*)R versionInstalled pkgs
nebbiolo2Linux (Ubuntu 22.04.3 LTS)x86_644.3.2 Patched (2023-11-13 r85521) -- "Eye Holes" 4692
palomino4Windows Server 2022 Datacenterx644.3.2 (2023-10-31 ucrt) -- "Eye Holes" 4445
lconwaymacOS 12.7.1 Montereyx86_644.3.2 Patched (2023-11-01 r85457) -- "Eye Holes" 4466
Click on any hostname to see more info about the system (e.g. compilers)      (*) as reported by 'uname -p', except on Windows and Mac OS X

Package 734/2266HostnameOS / ArchINSTALLBUILDCHECKBUILD BIN
flowMerge 2.50.0  (landing page)
Greg Finak
Snapshot Date: 2024-03-03 14:05:05 -0500 (Sun, 03 Mar 2024)
git_url: https://git.bioconductor.org/packages/flowMerge
git_branch: RELEASE_3_18
git_last_commit: dec5330
git_last_commit_date: 2023-10-24 09:42:06 -0500 (Tue, 24 Oct 2023)
nebbiolo2Linux (Ubuntu 22.04.3 LTS) / x86_64  OK    OK    WARNINGS  UNNEEDED, same version is already published
palomino4Windows Server 2022 Datacenter / x64  OK    OK    WARNINGS    OK  UNNEEDED, same version is already published
lconwaymacOS 12.7.1 Monterey / x86_64  OK    OK    WARNINGS    OK  UNNEEDED, same version is already published
kjohnson1macOS 13.6.1 Ventura / arm64see weekly results here

CHECK results for flowMerge on palomino4


To the developers/maintainers of the flowMerge package:
- Allow up to 24 hours (and sometimes 48 hours) for your latest push to git@git.bioconductor.org:packages/flowMerge.git to reflect on this report. See Troubleshooting Build Report for more information.
- Use the following Renviron settings to reproduce errors and warnings.
- If 'R CMD check' started to fail recently on the Linux builder(s) over a missing dependency, add the missing dependency to 'Suggests:' in your DESCRIPTION file. See Renviron.bioc for more information.

raw results


Summary

Package: flowMerge
Version: 2.50.0
Command: F:\biocbuild\bbs-3.18-bioc\R\bin\R.exe CMD check --no-multiarch --install=check:flowMerge.install-out.txt --library=F:\biocbuild\bbs-3.18-bioc\R\library --no-vignettes --timings flowMerge_2.50.0.tar.gz
StartedAt: 2024-03-04 01:49:06 -0500 (Mon, 04 Mar 2024)
EndedAt: 2024-03-04 01:50:31 -0500 (Mon, 04 Mar 2024)
EllapsedTime: 85.4 seconds
RetCode: 0
Status:   WARNINGS  
CheckDir: flowMerge.Rcheck
Warnings: 1

Command output

##############################################################################
##############################################################################
###
### Running command:
###
###   F:\biocbuild\bbs-3.18-bioc\R\bin\R.exe CMD check --no-multiarch --install=check:flowMerge.install-out.txt --library=F:\biocbuild\bbs-3.18-bioc\R\library --no-vignettes --timings flowMerge_2.50.0.tar.gz
###
##############################################################################
##############################################################################


* using log directory 'F:/biocbuild/bbs-3.18-bioc/meat/flowMerge.Rcheck'
* using R version 4.3.2 (2023-10-31 ucrt)
* using platform: x86_64-w64-mingw32 (64-bit)
* R was compiled by
    gcc.exe (GCC) 12.3.0
    GNU Fortran (GCC) 12.3.0
* running under: Windows Server 2022 x64 (build 20348)
* using session charset: UTF-8
* using option '--no-vignettes'
* checking for file 'flowMerge/DESCRIPTION' ... OK
* checking extension type ... Package
* this is package 'flowMerge' version '2.50.0'
* checking package namespace information ... OK
* checking package dependencies ... NOTE
Packages which this enhances but not available for checking:
  'doMC', 'multicore'

Depends: includes the non-default packages:
  'graph', 'feature', 'flowClust', 'Rgraphviz', 'foreach', 'snow'
Adding so many packages to the search path is excessive and importing
selectively is preferable.
* checking if this is a source package ... OK
* checking if there is a namespace ... OK
* checking for hidden files and directories ... OK
* checking for portable file names ... OK
* checking whether package 'flowMerge' can be installed ... OK
* checking installed package size ... OK
* checking package directory ... OK
* checking 'build' directory ... OK
* checking DESCRIPTION meta-information ... OK
* checking top-level files ... OK
* checking for left-over files ... OK
* checking index information ... OK
* checking package subdirectories ... OK
* checking R files for non-ASCII characters ... OK
* checking R files for syntax errors ... OK
* checking whether the package can be loaded ... OK
* checking whether the package can be loaded with stated dependencies ... OK
* checking whether the package can be unloaded cleanly ... OK
* checking whether the namespace can be loaded with stated dependencies ... OK
* checking whether the namespace can be unloaded cleanly ... OK
* checking dependencies in R code ... NOTE
Packages in Depends field not imported from:
  'foreach' 'snow'
  These packages need to be imported from (in the NAMESPACE file)
  for when this namespace is loaded but not attached.
* checking S3 generic/method consistency ... OK
* checking replacement functions ... OK
* checking foreign function calls ... OK
* checking R code for possible problems ... NOTE
initPFlowMerge: no visible global function definition for
  'clusterEvalQ'
mergeClusters: no visible global function definition for '%dopar%'
mergeClusters: no visible global function definition for 'foreach'
mergeClusters: no visible global function definition for '%do%'
pFlowClust : <anonymous>: no visible global function definition for
  'clusterMap'
pFlowClust: no visible global function definition for 'clusterMap'
ptree: no visible global function definition for 'subGraph'
ptree: no visible global function definition for 'nodes'
ptree : <anonymous>: no visible global function definition for
  'nodeDataDefaults<-'
ptree : <anonymous>: no visible global function definition for
  'nodeData<-'
ptree : <anonymous>: no visible global function definition for
  'subGraph'
ptree : <anonymous>: no visible global function definition for
  'nodeRenderInfo<-'
Undefined global functions or variables:
  %do% %dopar% clusterEvalQ clusterMap foreach nodeData<-
  nodeDataDefaults<- nodeRenderInfo<- nodes subGraph
* checking Rd files ... WARNING
checkRd: (7) NENT.Rd:22: Invalid email address: <greg.finak@ircm.qc.ca>
checkRd: (7) checkForRemoteErrors.Rd:22: Invalid email address: <greg.finak@ircm.qc.ca>
checkRd: (7) fitPiecewiseLinreg.Rd:23: Invalid email address: <greg.finak@ircm.qc.ca>
checkRd: (7) flowMerge-class.Rd:53: Invalid email address: <greg.finak@ircm.qc.ca>
checkRd: (7) flowMerge-package.Rd:29: Invalid email address: <greg.finak@ircm.qc.ca>
checkRd: (7) flowMerge-package.Rd:29: Invalid email address: <raphael.gottardo@ircm.qc.ca>
checkRd: (7) flowMerge-package.Rd:31: Invalid email address: <greg.finak@ircm.qc.ca>
checkRd: (7) flowObj-class.Rd:50: Invalid email address: <greg.finak@ircm.qc.ca>
checkRd: (7) flowObj-class.Rd:50: Invalid email address: <raphael.gottardo@ircm.qc.ca>
checkRd: (7) flowObj.Rd:23: Invalid email address: <greg.finak@ircm.qc.ca>
checkRd: (7) flowObj.Rd:23: Invalid email address: <raphael.gottardo@ircm.qc.ca>
checkRd: (7) initPFlowMerge.Rd:19: Invalid email address: <greg.finak@ircm.qc.ca>
checkRd: (7) merge.Rd:26: Invalid email address: <greg.finak@ircm.qc.cq>
checkRd: (7) mergeClusters.Rd:23: Invalid email address: <greg.finak@ircm.qc.ca>
checkRd: (7) mergeClusters2.Rd:23: Invalid email address: <greg.finak@ircm.qc.ca>
checkRd: (7) pFlowClust.Rd:39: Invalid email address: <greg.finak@ircm.qc.ca>
checkRd: (7) pFlowMerge.Rd:36: Invalid email address: <greg.finak@ircm.qc.ca>
checkRd: (7) updateU.Rd:21: Invalid email address: <greg.finak@ircm.qc.ca>
* checking Rd metadata ... OK
* checking Rd cross-references ... OK
* checking for missing documentation entries ... OK
* checking for code/documentation mismatches ... OK
* checking Rd \usage sections ... OK
* checking Rd contents ... OK
* checking for unstated dependencies in examples ... OK
* checking contents of 'data' directory ... OK
* checking data for non-ASCII characters ... OK
* checking data for ASCII and uncompressed saves ... OK
* checking files in 'vignettes' ... OK
* checking examples ... OK
* checking for unstated dependencies in vignettes ... OK
* checking package vignettes in 'inst/doc' ... OK
* checking running R code from vignettes ... SKIPPED
* checking re-building of vignette outputs ... SKIPPED
* checking PDF version of manual ... OK
* DONE

Status: 1 WARNING, 3 NOTEs
See
  'F:/biocbuild/bbs-3.18-bioc/meat/flowMerge.Rcheck/00check.log'
for details.



Installation output

flowMerge.Rcheck/00install.out

##############################################################################
##############################################################################
###
### Running command:
###
###   F:\biocbuild\bbs-3.18-bioc\R\bin\R.exe CMD INSTALL flowMerge
###
##############################################################################
##############################################################################


* installing to library 'F:/biocbuild/bbs-3.18-bioc/R/library'
* installing *source* package 'flowMerge' ...
** using staged installation
** R
** data
** byte-compile and prepare package for lazy loading
** help
*** installing help indices
** building package indices
** installing vignettes
** testing if installed package can be loaded from temporary location
** testing if installed package can be loaded from final location
** testing if installed package keeps a record of temporary installation path
* DONE (flowMerge)

Tests output


Example timings

flowMerge.Rcheck/flowMerge-Ex.timings

nameusersystemelapsed
NENT000
fitPiecewiseLinreg000
flowClust.res000
flowMerge-package000
flowObj000
map000
merge-methods000
merge000
pFlowMerge0.020.000.01
plot-methods000
updateU000