Back to Multiple platform build/check report for BioC 3.18: simplified long |
|
This page was generated on 2024-03-29 11:36:46 -0400 (Fri, 29 Mar 2024).
Hostname | OS | Arch (*) | R version | Installed pkgs |
---|---|---|---|---|
nebbiolo2 | Linux (Ubuntu 22.04.3 LTS) | x86_64 | 4.3.3 (2024-02-29) -- "Angel Food Cake" | 4669 |
palomino4 | Windows Server 2022 Datacenter | x64 | 4.3.3 (2024-02-29 ucrt) -- "Angel Food Cake" | 4404 |
merida1 | macOS 12.7.1 Monterey | x86_64 | 4.3.3 (2024-02-29) -- "Angel Food Cake" | 4427 |
Click on any hostname to see more info about the system (e.g. compilers) (*) as reported by 'uname -p', except on Windows and Mac OS X |
Package 715/2266 | Hostname | OS / Arch | INSTALL | BUILD | CHECK | BUILD BIN | ||||||||
flagme 1.58.0 (landing page) Mark Robinson
| nebbiolo2 | Linux (Ubuntu 22.04.3 LTS) / x86_64 | OK | OK | WARNINGS | |||||||||
palomino4 | Windows Server 2022 Datacenter / x64 | OK | OK | WARNINGS | OK | |||||||||
merida1 | macOS 12.7.1 Monterey / x86_64 | OK | OK | WARNINGS | OK | |||||||||
kjohnson1 | macOS 13.6.1 Ventura / arm64 | see weekly results here | ||||||||||||
To the developers/maintainers of the flagme package: - Allow up to 24 hours (and sometimes 48 hours) for your latest push to git@git.bioconductor.org:packages/flagme.git to reflect on this report. See Troubleshooting Build Report for more information. - Use the following Renviron settings to reproduce errors and warnings. - If 'R CMD check' started to fail recently on the Linux builder(s) over a missing dependency, add the missing dependency to 'Suggests:' in your DESCRIPTION file. See Renviron.bioc for more information. |
Package: flagme |
Version: 1.58.0 |
Command: F:\biocbuild\bbs-3.18-bioc\R\bin\R.exe CMD check --no-multiarch --install=check:flagme.install-out.txt --library=F:\biocbuild\bbs-3.18-bioc\R\library --no-vignettes --timings flagme_1.58.0.tar.gz |
StartedAt: 2024-03-28 00:52:32 -0400 (Thu, 28 Mar 2024) |
EndedAt: 2024-03-28 01:12:43 -0400 (Thu, 28 Mar 2024) |
EllapsedTime: 1211.9 seconds |
RetCode: 0 |
Status: WARNINGS |
CheckDir: flagme.Rcheck |
Warnings: 2 |
############################################################################## ############################################################################## ### ### Running command: ### ### F:\biocbuild\bbs-3.18-bioc\R\bin\R.exe CMD check --no-multiarch --install=check:flagme.install-out.txt --library=F:\biocbuild\bbs-3.18-bioc\R\library --no-vignettes --timings flagme_1.58.0.tar.gz ### ############################################################################## ############################################################################## * using log directory 'F:/biocbuild/bbs-3.18-bioc/meat/flagme.Rcheck' * using R version 4.3.3 (2024-02-29 ucrt) * using platform: x86_64-w64-mingw32 (64-bit) * R was compiled by gcc.exe (GCC) 12.3.0 GNU Fortran (GCC) 12.3.0 * running under: Windows Server 2022 x64 (build 20348) * using session charset: UTF-8 * using option '--no-vignettes' * checking for file 'flagme/DESCRIPTION' ... OK * this is package 'flagme' version '1.58.0' * package encoding: UTF-8 * checking package namespace information ... OK * checking package dependencies ... OK * checking if this is a source package ... OK * checking if there is a namespace ... OK * checking for hidden files and directories ... OK * checking for portable file names ... OK * checking whether package 'flagme' can be installed ... OK * used C compiler: 'gcc.exe (GCC) 12.3.0' * checking installed package size ... OK * checking package directory ... OK * checking 'build' directory ... OK * checking DESCRIPTION meta-information ... OK * checking top-level files ... OK * checking for left-over files ... OK * checking index information ... OK * checking package subdirectories ... OK * checking R files for non-ASCII characters ... OK * checking R files for syntax errors ... OK * checking whether the package can be loaded ... OK * checking whether the package can be loaded with stated dependencies ... OK * checking whether the package can be unloaded cleanly ... OK * checking whether the namespace can be loaded with stated dependencies ... OK * checking whether the namespace can be unloaded cleanly ... OK * checking startup messages can be suppressed ... OK * checking dependencies in R code ... NOTE Unexported object imported by a ':::' call: 'xcms:::rectUnique' See the note in ?`:::` about the use of this operator. * checking S3 generic/method consistency ... OK * checking replacement functions ... OK * checking foreign function calls ... OK * checking R code for possible problems ... NOTE addXCMSPeaks: no visible global function definition for 'bpparam' addXCMSPeaks: no visible global function definition for 'sampnames' addXCMSPeaks : <anonymous> : <anonymous>: no visible global function definition for 'setNames' importSpec : <anonymous>: no visible global function definition for 'setNames' Undefined global functions or variables: bpparam sampnames setNames Consider adding importFrom("stats", "setNames") to your NAMESPACE file. * checking Rd files ... OK * checking Rd metadata ... OK * checking Rd cross-references ... WARNING Missing link or links in documentation object 'addXCMSPeaks.Rd': '[xcms]{findPeaks-matchedFilter}' '[xcms]{findPeaks-centWave}' '[xcms]{peaksDataset}' Missing link or links in documentation object 'plotAlignment-peaksAlignment-method.Rd': 'plotAlignment' Missing link or links in documentation object 'plotClustAlignment-clusterAlignment-method.Rd': 'plotAlignment' See section 'Cross-references' in the 'Writing R Extensions' manual. * checking for missing documentation entries ... WARNING Undocumented code objects: 'plotAlignment' 'plotChrom' 'plotClustAlignment' Undocumented S4 methods: generic 'show' and siglist 'betweenAlignment' All user-level objects in a package (including S4 classes and methods) should have documentation entries. See chapter 'Writing R documentation files' in the 'Writing R Extensions' manual. * checking for code/documentation mismatches ... OK * checking Rd \usage sections ... OK * checking Rd contents ... OK * checking for unstated dependencies in examples ... OK * checking line endings in C/C++/Fortran sources/headers ... OK * checking compiled code ... NOTE Note: information on .o files for x64 is not available File 'F:/biocbuild/bbs-3.18-bioc/R/library/flagme/libs/x64/flagme.dll': Found 'abort', possibly from 'abort' (C), 'runtime' (Fortran) Compiled code should not call entry points which might terminate R nor write to stdout/stderr instead of to the console, nor use Fortran I/O nor system RNGs nor [v]sprintf. The detected symbols are linked into the code but might come from libraries and not actually be called. See 'Writing portable packages' in the 'Writing R Extensions' manual. * checking sizes of PDF files under 'inst/doc' ... OK * checking files in 'vignettes' ... OK * checking examples ... OK Examples with CPU (user + system) or elapsed time > 5s user system elapsed plotAlignedFrags 39.63 0.55 103.83 addXCMSPeaks 24.18 0.79 76.39 plotAlignment-peaksAlignment-method 22.42 0.34 74.70 corPrt 22.11 0.64 75.72 progressiveAlignment-class 21.63 0.40 77.00 peaksAlignment-class 21.40 0.41 77.46 ndpRT 21.09 0.47 75.05 plotFrags 20.94 0.31 76.26 retFatMatrix 20.15 0.31 73.61 dynRT 20.03 0.33 75.55 imputePeaks 9.62 0.21 9.94 plotChrom-peaksDataset-method 8.48 0.22 8.71 multipleAlignment-class 7.63 0.13 7.75 rmaFitUnit 7.64 0.08 7.80 gatherInfo 7.18 0.11 7.28 calcTimeDiffs 6.47 0.25 6.73 dp 6.47 0.17 6.64 normDotProduct 6.53 0.09 6.62 plotClustAlignment-clusterAlignment-method 6.22 0.11 6.33 peaksDataset 6.03 0.09 6.12 addAMDISPeaks 5.83 0.19 6.08 clusterAlignment 5.29 0.21 5.50 * checking for unstated dependencies in vignettes ... OK * checking package vignettes in 'inst/doc' ... OK * checking running R code from vignettes ... SKIPPED * checking re-building of vignette outputs ... SKIPPED * checking PDF version of manual ... OK * DONE Status: 2 WARNINGs, 3 NOTEs See 'F:/biocbuild/bbs-3.18-bioc/meat/flagme.Rcheck/00check.log' for details.
flagme.Rcheck/00install.out
############################################################################## ############################################################################## ### ### Running command: ### ### F:\biocbuild\bbs-3.18-bioc\R\bin\R.exe CMD INSTALL flagme ### ############################################################################## ############################################################################## * installing to library 'F:/biocbuild/bbs-3.18-bioc/R/library' * installing *source* package 'flagme' ... ** using staged installation ** libs using C compiler: 'gcc.exe (GCC) 12.3.0' gcc -I"F:/biocbuild/bbs-3.18-bioc/R/include" -DNDEBUG -I"C:/rtools43/x86_64-w64-mingw32.static.posix/include" -O2 -Wall -mfpmath=sse -msse2 -mstackrealign -c dp.c -o dp.o dp.c: In function 'dp': dp.c:263:33: warning: 'cur_min' may be used uninitialized [-Wmaybe-uninitialized] 263 | D[(i+1)+(j+1)*(nr+1)] = cur_min; | ~~~~~~~~~~~~~~~~~~~~~~^~~~~~~~~ dp.c:218:21: note: 'cur_min' was declared here 218 | double gap=*gap_, cur_min, a, b, c; | ^~~~~~~ dp.c:264:35: warning: 'tb' may be used uninitialized [-Wmaybe-uninitialized] 264 | phi[(i+1)+(j+1)*(nr+1)] = tb; | ~~~~~~~~~~~~~~~~~~~~~~~~^~~~ dp.c:217:30: note: 'tb' was declared here 217 | int i,j, nr=*nr_, nc=*nc_, tb, count=0, done=0; | ^~ gcc -I"F:/biocbuild/bbs-3.18-bioc/R/include" -DNDEBUG -I"C:/rtools43/x86_64-w64-mingw32.static.posix/include" -O2 -Wall -mfpmath=sse -msse2 -mstackrealign -c init.c -o init.o gcc -I"F:/biocbuild/bbs-3.18-bioc/R/include" -DNDEBUG -I"C:/rtools43/x86_64-w64-mingw32.static.posix/include" -O2 -Wall -mfpmath=sse -msse2 -mstackrealign -c pearson.c -o pearson.o gcc -shared -s -static-libgcc -o flagme.dll tmp.def dp.o init.o pearson.o -LC:/rtools43/x86_64-w64-mingw32.static.posix/lib/x64 -LC:/rtools43/x86_64-w64-mingw32.static.posix/lib -LF:/biocbuild/bbs-3.18-bioc/R/bin/x64 -lR installing to F:/biocbuild/bbs-3.18-bioc/R/library/00LOCK-flagme/00new/flagme/libs/x64 ** R ** inst ** byte-compile and prepare package for lazy loading ** help *** installing help indices ** building package indices ** installing vignettes ** testing if installed package can be loaded from temporary location ** testing if installed package can be loaded from final location ** testing if installed package keeps a record of temporary installation path * DONE (flagme)
flagme.Rcheck/flagme-Ex.timings
name | user | system | elapsed | |
addAMDISPeaks | 5.83 | 0.19 | 6.08 | |
addChromaTOFPeaks | 3.97 | 0.08 | 4.05 | |
addXCMSPeaks | 24.18 | 0.79 | 76.39 | |
betweenAlignment | 0 | 0 | 0 | |
calcTimeDiffs | 6.47 | 0.25 | 6.73 | |
clusterAlignment | 5.29 | 0.21 | 5.50 | |
corPrt | 22.11 | 0.64 | 75.72 | |
dp | 6.47 | 0.17 | 6.64 | |
dynRT | 20.03 | 0.33 | 75.55 | |
gatherInfo | 7.18 | 0.11 | 7.28 | |
imputePeaks | 9.62 | 0.21 | 9.94 | |
multipleAlignment-class | 7.63 | 0.13 | 7.75 | |
ndpRT | 21.09 | 0.47 | 75.05 | |
normDotProduct | 6.53 | 0.09 | 6.62 | |
parseChromaTOF | 3.28 | 0.00 | 3.34 | |
parseELU | 1.74 | 0.00 | 1.73 | |
peaksAlignment-class | 21.40 | 0.41 | 77.46 | |
peaksDataset | 6.03 | 0.09 | 6.12 | |
plotAlignedFrags | 39.63 | 0.55 | 103.83 | |
plotAlignment-peaksAlignment-method | 22.42 | 0.34 | 74.70 | |
plotChrom-peaksDataset-method | 8.48 | 0.22 | 8.71 | |
plotClustAlignment-clusterAlignment-method | 6.22 | 0.11 | 6.33 | |
plotFrags | 20.94 | 0.31 | 76.26 | |
plotImage | 4.01 | 0.05 | 4.06 | |
progressiveAlignment-class | 21.63 | 0.40 | 77.00 | |
retFatMatrix | 20.15 | 0.31 | 73.61 | |
rmaFitUnit | 7.64 | 0.08 | 7.80 | |