Back to Multiple platform build/check report for BioC 3.16:   simplified   long
ABCDE[F]GHIJKLMNOPQRSTUVWXYZ

This page was generated on 2023-03-20 11:05:28 -0400 (Mon, 20 Mar 2023).

HostnameOSArch (*)R versionInstalled pkgs
nebbiolo2Linux (Ubuntu 20.04.5 LTS)x86_644.2.2 (2022-10-31) -- "Innocent and Trusting" 4516
palomino4Windows Server 2022 Datacenterx644.2.2 (2022-10-31 ucrt) -- "Innocent and Trusting" 4295
lconwaymacOS 12.5.1 Montereyx86_644.2.2 (2022-10-31) -- "Innocent and Trusting" 4324
Click on any hostname to see more info about the system (e.g. compilers)      (*) as reported by 'uname -p', except on Windows and Mac OS X

CHECK results for fcoex on palomino4


To the developers/maintainers of the fcoex package:
- Please allow up to 24 hours (and sometimes 48 hours) for your latest push to git@git.bioconductor.org:packages/fcoex.git to
reflect on this report. See How and When does the builder pull? When will my changes propagate? for more information.
- Make sure to use the following settings in order to reproduce any error or warning you see on this page.

raw results

Package 666/2183HostnameOS / ArchINSTALLBUILDCHECKBUILD BIN
fcoex 1.12.0  (landing page)
Tiago Lubiana
Snapshot Date: 2023-03-17 14:00:04 -0400 (Fri, 17 Mar 2023)
git_url: https://git.bioconductor.org/packages/fcoex
git_branch: RELEASE_3_16
git_last_commit: 4de9d61
git_last_commit_date: 2022-11-01 11:20:57 -0400 (Tue, 01 Nov 2022)
nebbiolo2Linux (Ubuntu 20.04.5 LTS) / x86_64  OK    OK    WARNINGS  UNNEEDED, same version is already published
palomino4Windows Server 2022 Datacenter / x64  OK    OK    WARNINGS    OK  UNNEEDED, same version is already published
lconwaymacOS 12.5.1 Monterey / x86_64  OK    OK    WARNINGS    OK  UNNEEDED, same version is already published

Summary

Package: fcoex
Version: 1.12.0
Command: F:\biocbuild\bbs-3.16-bioc\R\bin\R.exe CMD check --no-multiarch --install=check:fcoex.install-out.txt --library=F:\biocbuild\bbs-3.16-bioc\R\library --no-vignettes --timings fcoex_1.12.0.tar.gz
StartedAt: 2023-03-18 01:33:06 -0400 (Sat, 18 Mar 2023)
EndedAt: 2023-03-18 01:38:07 -0400 (Sat, 18 Mar 2023)
EllapsedTime: 301.9 seconds
RetCode: 0
Status:   WARNINGS  
CheckDir: fcoex.Rcheck
Warnings: 2

Command output

##############################################################################
##############################################################################
###
### Running command:
###
###   F:\biocbuild\bbs-3.16-bioc\R\bin\R.exe CMD check --no-multiarch --install=check:fcoex.install-out.txt --library=F:\biocbuild\bbs-3.16-bioc\R\library --no-vignettes --timings fcoex_1.12.0.tar.gz
###
##############################################################################
##############################################################################


* using log directory 'F:/biocbuild/bbs-3.16-bioc/meat/fcoex.Rcheck'
* using R version 4.2.2 (2022-10-31 ucrt)
* using platform: x86_64-w64-mingw32 (64-bit)
* using session charset: UTF-8
* using option '--no-vignettes'
* checking for file 'fcoex/DESCRIPTION' ... OK
* this is package 'fcoex' version '1.12.0'
* package encoding: UTF-8
* checking package namespace information ... OK
* checking package dependencies ... OK
* checking if this is a source package ... OK
* checking if there is a namespace ... OK
* checking for hidden files and directories ... OK
* checking for portable file names ... OK
* checking whether package 'fcoex' can be installed ... WARNING
Found the following significant warnings:
  Warning: replacing previous import 'Matrix::head' by 'utils::head' when loading 'fcoex'
See 'F:/biocbuild/bbs-3.16-bioc/meat/fcoex.Rcheck/00install.out' for details.
* checking installed package size ... OK
* checking package directory ... OK
* checking 'build' directory ... OK
* checking DESCRIPTION meta-information ... OK
* checking top-level files ... OK
* checking for left-over files ... OK
* checking index information ... OK
* checking package subdirectories ... OK
* checking R files for non-ASCII characters ... OK
* checking R files for syntax errors ... OK
* checking whether the package can be loaded ... OK
* checking whether the package can be loaded with stated dependencies ... OK
* checking whether the package can be unloaded cleanly ... OK
* checking whether the namespace can be loaded with stated dependencies ... OK
* checking whether the namespace can be unloaded cleanly ... OK
* checking dependencies in R code ... OK
* checking S3 generic/method consistency ... OK
* checking replacement functions ... OK
* checking foreign function calls ... OK
* checking R code for possible problems ... NOTE
discretize,fcoex: no visible global function definition for 'as'
initialize,fcoex: no visible global function definition for 'as'
mod_ora,fcoex: no visible global function definition for 'is'
Undefined global functions or variables:
  as is
Consider adding
  importFrom("methods", "as", "is")
to your NAMESPACE file (and ensure that your DESCRIPTION Imports field
contains 'methods').
* checking Rd files ... OK
* checking Rd metadata ... OK
* checking Rd cross-references ... OK
* checking for missing documentation entries ... OK
* checking for code/documentation mismatches ... OK
* checking Rd \usage sections ... WARNING
Documented arguments not in \usage in documentation object '.plot_one_interaction':
  '...'

Functions with \usage entries need to have the appropriate \alias
entries, and all their arguments documented.
The \usage entries must correspond to syntactically valid R code.
See chapter 'Writing R documentation files' in the 'Writing R
Extensions' manual.
* checking Rd contents ... OK
* checking for unstated dependencies in examples ... OK
* checking contents of 'data' directory ... OK
* checking data for non-ASCII characters ... OK
* checking LazyData ... OK
* checking data for ASCII and uncompressed saves ... OK
* checking files in 'vignettes' ... OK
* checking examples ... OK
Examples with CPU (user + system) or elapsed time > 5s
                  user system elapsed
find_cbf_modules 19.00   0.56   19.57
get_nets         17.12   0.21   17.32
* checking for unstated dependencies in 'tests' ... OK
* checking tests ...
  Running 'testthat.R'
 OK
* checking for unstated dependencies in vignettes ... OK
* checking package vignettes in 'inst/doc' ... OK
* checking running R code from vignettes ... SKIPPED
* checking re-building of vignette outputs ... SKIPPED
* checking PDF version of manual ... OK
* DONE

Status: 2 WARNINGs, 1 NOTE
See
  'F:/biocbuild/bbs-3.16-bioc/meat/fcoex.Rcheck/00check.log'
for details.



Installation output

fcoex.Rcheck/00install.out

##############################################################################
##############################################################################
###
### Running command:
###
###   F:\biocbuild\bbs-3.16-bioc\R\bin\R.exe CMD INSTALL fcoex
###
##############################################################################
##############################################################################


* installing to library 'F:/biocbuild/bbs-3.16-bioc/R/library'
* installing *source* package 'fcoex' ...
** using staged installation
** R
** data
*** moving datasets to lazyload DB

Warning: replacing previous import 'Matrix::head' by 'utils::head' when loading 'fcoex'
in method for 'mod_ora' with signature '"fcoex"': no definition for class "fcoex"
** byte-compile and prepare package for lazy loading
Warning: replacing previous import 'Matrix::head' by 'utils::head' when loading 'fcoex'
in method for 'mod_ora' with signature '"fcoex"': no definition for class "fcoex"
** help
*** installing help indices
** building package indices
** installing vignettes
** testing if installed package can be loaded from temporary location
Warning: replacing previous import 'Matrix::head' by 'utils::head' when loading 'fcoex'
** testing if installed package can be loaded from final location
Warning: replacing previous import 'Matrix::head' by 'utils::head' when loading 'fcoex'
** testing if installed package keeps a record of temporary installation path
* DONE (fcoex)

Tests output

fcoex.Rcheck/tests/testthat.Rout


R version 4.2.2 (2022-10-31 ucrt) -- "Innocent and Trusting"
Copyright (C) 2022 The R Foundation for Statistical Computing
Platform: x86_64-w64-mingw32/x64 (64-bit)

R is free software and comes with ABSOLUTELY NO WARRANTY.
You are welcome to redistribute it under certain conditions.
Type 'license()' or 'licence()' for distribution details.

R is a collaborative project with many contributors.
Type 'contributors()' for more information and
'citation()' on how to cite R or R packages in publications.

Type 'demo()' for some demos, 'help()' for on-line help, or
'help.start()' for an HTML browser interface to help.
Type 'q()' to quit R.

> library(testthat)
> library(fcoex)

Warning message:
replacing previous import 'Matrix::head' by 'utils::head' when loading 'fcoex' 
> 
> test_check("fcoex")
[1] "Number of features features =  40"
[1] "Number of prospective features =  14"
[1] "Number of final features =  7"
[ FAIL 0 | WARN 14 | SKIP 0 | PASS 4 ]

[ FAIL 0 | WARN 14 | SKIP 0 | PASS 4 ]
> 
> proc.time()
   user  system elapsed 
  10.84    0.82   11.64 

Example timings

fcoex.Rcheck/fcoex-Ex.timings

nameusersystemelapsed
discretize3.340.113.45
fc0.210.000.20
find_cbf_modules19.00 0.5619.57
get_nets17.12 0.2117.32
idents0.190.010.21
mini_pbmc3k0.340.050.39
mod_colors0.240.000.23
mod_gene_num0.950.020.97
mod_names0.220.040.27
mod_ora2.300.022.32
module_genes0.280.010.30
new_fcoex0.280.000.28
nmodules0.870.050.92
ora_data0.180.030.21
plot_ora2.060.082.14
recluster0.480.020.50
save_plots000
show-fcoex-method0.960.000.95
show_net000
show_ora0.180.010.20