Back to Multiple platform build/check report for BioC 3.17:   simplified   long
ABC[D]EFGHIJKLMNOPQRSTUVWXYZ

This page was generated on 2023-09-22 11:36:20 -0400 (Fri, 22 Sep 2023).

HostnameOSArch (*)R versionInstalled pkgs
nebbiolo1Linux (Ubuntu 22.04.2 LTS)x86_644.3.1 (2023-06-16) -- "Beagle Scouts" 4625
palomino3Windows Server 2022 Datacenterx644.3.1 (2023-06-16 ucrt) -- "Beagle Scouts" 4378
merida1macOS 12.6.4 Montereyx86_644.3.1 (2023-06-16) -- "Beagle Scouts" 4394
Click on any hostname to see more info about the system (e.g. compilers)      (*) as reported by 'uname -p', except on Windows and Mac OS X

Package 506/2230HostnameOS / ArchINSTALLBUILDCHECKBUILD BIN
deco 1.16.0  (landing page)
Francisco Jose Campos Laborie
Snapshot Date: 2023-09-21 14:00:15 -0400 (Thu, 21 Sep 2023)
git_url: https://git.bioconductor.org/packages/deco
git_branch: RELEASE_3_17
git_last_commit: 22e8d36
git_last_commit_date: 2023-04-25 11:06:50 -0400 (Tue, 25 Apr 2023)
nebbiolo1Linux (Ubuntu 22.04.2 LTS) / x86_64  OK    ERROR  skipped
palomino3Windows Server 2022 Datacenter / x64  OK    ERROR  skippedskipped
merida1macOS 12.6.4 Monterey / x86_64  OK    ERROR  skippedskipped

BUILD results for deco on palomino3


To the developers/maintainers of the deco package:
- Allow up to 24 hours (and sometimes 48 hours) for your latest push to git@git.bioconductor.org:packages/deco.git to reflect on this report. See Troubleshooting Build Report for more information.
- Use the following Renviron settings to reproduce errors and warnings.
- If 'R CMD check' started to fail recently on the Linux builder(s) over a missing dependency, add the missing dependency to 'Suggests:' in your DESCRIPTION file. See Renviron.bioc for more information.

raw results


Summary

Package: deco
Version: 1.16.0
Command: chmod a+r deco -R && F:\biocbuild\bbs-3.17-bioc\R\bin\R.exe CMD build --keep-empty-dirs --no-resave-data deco
StartedAt: 2023-09-21 18:31:08 -0400 (Thu, 21 Sep 2023)
EndedAt: 2023-09-21 18:32:11 -0400 (Thu, 21 Sep 2023)
EllapsedTime: 63.1 seconds
RetCode: 1
Status:   ERROR  
PackageFile: None
PackageFileSize: NA

Command output

##############################################################################
##############################################################################
###
### Running command:
###
###   chmod a+r deco -R && F:\biocbuild\bbs-3.17-bioc\R\bin\R.exe CMD build --keep-empty-dirs --no-resave-data deco
###
##############################################################################
##############################################################################


* checking for file 'deco/DESCRIPTION' ... OK
* preparing 'deco':
* checking DESCRIPTION meta-information ... OK
* installing the package to build vignettes
* creating vignettes ... ERROR
--- re-building 'DECO.Rmd' using rmarkdown

Quitting from lines 204-218 [unnamed-chunk-8] (DECO.Rmd)
Error: processing vignette 'DECO.Rmd' failed with diagnostics:
'length = 705' in coercion to 'logical(1)'
--- failed re-building 'DECO.Rmd'

SUMMARY: processing the following file failed:
  'DECO.Rmd'

Error: Vignette re-building failed.
Execution halted