Back to Multiple platform build/check report for BioC 3.18: simplified long |
|
This page was generated on 2024-03-29 11:35:52 -0400 (Fri, 29 Mar 2024).
Hostname | OS | Arch (*) | R version | Installed pkgs |
---|---|---|---|---|
nebbiolo2 | Linux (Ubuntu 22.04.3 LTS) | x86_64 | 4.3.3 (2024-02-29) -- "Angel Food Cake" | 4669 |
palomino4 | Windows Server 2022 Datacenter | x64 | 4.3.3 (2024-02-29 ucrt) -- "Angel Food Cake" | 4404 |
merida1 | macOS 12.7.1 Monterey | x86_64 | 4.3.3 (2024-02-29) -- "Angel Food Cake" | 4427 |
Click on any hostname to see more info about the system (e.g. compilers) (*) as reported by 'uname -p', except on Windows and Mac OS X |
Package 409/2266 | Hostname | OS / Arch | INSTALL | BUILD | CHECK | BUILD BIN | ||||||||
coMET 1.34.0 (landing page) Tiphaine Martin
| nebbiolo2 | Linux (Ubuntu 22.04.3 LTS) / x86_64 | OK | OK | WARNINGS | |||||||||
palomino4 | Windows Server 2022 Datacenter / x64 | OK | OK | WARNINGS | OK | |||||||||
merida1 | macOS 12.7.1 Monterey / x86_64 | OK | OK | WARNINGS | OK | |||||||||
kjohnson1 | macOS 13.6.1 Ventura / arm64 | see weekly results here | ||||||||||||
To the developers/maintainers of the coMET package: - Allow up to 24 hours (and sometimes 48 hours) for your latest push to git@git.bioconductor.org:packages/coMET.git to reflect on this report. See Troubleshooting Build Report for more information. - Use the following Renviron settings to reproduce errors and warnings. - If 'R CMD check' started to fail recently on the Linux builder(s) over a missing dependency, add the missing dependency to 'Suggests:' in your DESCRIPTION file. See Renviron.bioc for more information. |
Package: coMET |
Version: 1.34.0 |
Command: /home/biocbuild/bbs-3.18-bioc/R/bin/R CMD check --install=check:coMET.install-out.txt --library=/home/biocbuild/bbs-3.18-bioc/R/site-library --timings coMET_1.34.0.tar.gz |
StartedAt: 2024-03-27 21:23:03 -0400 (Wed, 27 Mar 2024) |
EndedAt: 2024-03-27 21:33:04 -0400 (Wed, 27 Mar 2024) |
EllapsedTime: 601.6 seconds |
RetCode: 0 |
Status: WARNINGS |
CheckDir: coMET.Rcheck |
Warnings: 1 |
############################################################################## ############################################################################## ### ### Running command: ### ### /home/biocbuild/bbs-3.18-bioc/R/bin/R CMD check --install=check:coMET.install-out.txt --library=/home/biocbuild/bbs-3.18-bioc/R/site-library --timings coMET_1.34.0.tar.gz ### ############################################################################## ############################################################################## * using log directory ‘/home/biocbuild/bbs-3.18-bioc/meat/coMET.Rcheck’ * using R version 4.3.3 (2024-02-29) * using platform: x86_64-pc-linux-gnu (64-bit) * R was compiled by gcc (Ubuntu 11.4.0-1ubuntu1~22.04) 11.4.0 GNU Fortran (Ubuntu 11.4.0-1ubuntu1~22.04) 11.4.0 * running under: Ubuntu 22.04.4 LTS * using session charset: UTF-8 * checking for file ‘coMET/DESCRIPTION’ ... OK * checking extension type ... Package * this is package ‘coMET’ version ‘1.34.0’ * checking package namespace information ... OK * checking package dependencies ... OK * checking if this is a source package ... OK * checking if there is a namespace ... OK * checking for hidden files and directories ... OK * checking for portable file names ... OK * checking for sufficient/correct file permissions ... OK * checking whether package ‘coMET’ can be installed ... WARNING Found the following significant warnings: Warning: replacing previous import 'utils::findMatches' by 'S4Vectors::findMatches' when loading 'coMET' See ‘/home/biocbuild/bbs-3.18-bioc/meat/coMET.Rcheck/00install.out’ for details. * checking installed package size ... NOTE installed size is 19.0Mb sub-directories of 1Mb or more: data 7.6Mb extdata 10.7Mb * checking package directory ... OK * checking ‘build’ directory ... OK * checking DESCRIPTION meta-information ... OK * checking top-level files ... NOTE File LICENSE is not mentioned in the DESCRIPTION file. * checking for left-over files ... OK * checking index information ... OK * checking package subdirectories ... OK * checking R files for non-ASCII characters ... OK * checking R files for syntax errors ... OK * checking whether the package can be loaded ... OK * checking whether the package can be loaded with stated dependencies ... OK * checking whether the package can be unloaded cleanly ... OK * checking whether the namespace can be loaded with stated dependencies ... OK * checking whether the namespace can be unloaded cleanly ... OK * checking loading without being on the library search path ... OK * checking dependencies in R code ... OK * checking S3 generic/method consistency ... OK * checking replacement functions ... OK * checking foreign function calls ... OK * checking R code for possible problems ... NOTE draw.plot.annotation : <anonymous>: no visible global function definition for 'ggplotGrob' draw.plot.annotation: no visible global function definition for 'viewTracks' draw.plot.annotation: no visible global function definition for 'trackList' eQTL: no visible binding for global variable 'chromosome_stop' eQTL: no visible binding for global variable 'chromosome_start' eQTL: no visible binding for global variable 'chromosome_name' eQTL_GTEx: no visible binding for global variable 'snp_pos' eQTL_GTEx: no visible binding for global variable 'snp_chrom' eQTL_GTEx: no visible binding for global variable 'gene_start' eQTL_GTEx: no visible binding for global variable 'gene_stop' eQTL_GTEx: no visible binding for global variable 'gene_chr' geneExpression_GTEx: no visible global function definition for 'as' metQTL: no visible binding for global variable 'chromosome_stop' metQTL: no visible binding for global variable 'chromosome_start' metQTL: no visible binding for global variable 'chromosome_name' pizza: no visible global function definition for 'par' pizza: no visible global function definition for 'plot.new' pizza: no visible global function definition for 'plot.window' pizza: no visible global function definition for 'polygon' pizza: no visible global function definition for 'lines' pizza: no visible global function definition for 'text' psiQTL_GTEx: no visible binding for global variable 'pos_snp' psiQTL_GTEx: no visible binding for global variable 'chr_snp' psiQTL_GTEx: no visible binding for global variable 'pos_middle_exon' psiQTL_GTEx: no visible binding for global variable 'chr_exon' Undefined global functions or variables: as chr_exon chr_snp chromosome_name chromosome_start chromosome_stop gene_chr gene_start gene_stop ggplotGrob lines par plot.new plot.window polygon pos_middle_exon pos_snp snp_chrom snp_pos text trackList viewTracks Consider adding importFrom("graphics", "lines", "par", "plot.new", "plot.window", "polygon", "text") importFrom("methods", "as") to your NAMESPACE file (and ensure that your DESCRIPTION Imports field contains 'methods'). * checking Rd files ... NOTE checkRd: (-1) ChIPTF_ENCODE.Rd:36: Escaped LaTeX specials: \# * checking Rd metadata ... OK * checking Rd cross-references ... OK * checking for missing documentation entries ... OK * checking for code/documentation mismatches ... OK * checking Rd \usage sections ... OK * checking Rd contents ... OK * checking for unstated dependencies in examples ... OK * checking contents of ‘data’ directory ... OK * checking data for non-ASCII characters ... OK * checking data for ASCII and uncompressed saves ... OK * checking files in ‘vignettes’ ... OK * checking examples ... OK Examples with CPU (user + system) or elapsed time > 5s user system elapsed comet.web 8.306 0.176 27.457 coMET-package 6.918 0.247 21.530 * checking for unstated dependencies in ‘tests’ ... OK * checking tests ... Running ‘runTests.R’ OK * checking for unstated dependencies in vignettes ... OK * checking package vignettes in ‘inst/doc’ ... OK * checking running R code from vignettes ... ‘coMET.Rnw’... OK NONE * checking re-building of vignette outputs ... OK * checking PDF version of manual ... OK * DONE Status: 1 WARNING, 4 NOTEs See ‘/home/biocbuild/bbs-3.18-bioc/meat/coMET.Rcheck/00check.log’ for details.
coMET.Rcheck/00install.out
############################################################################## ############################################################################## ### ### Running command: ### ### /home/biocbuild/bbs-3.18-bioc/R/bin/R CMD INSTALL coMET ### ############################################################################## ############################################################################## * installing to library ‘/home/biocbuild/bbs-3.18-bioc/R/site-library’ * installing *source* package ‘coMET’ ... ** using staged installation ** R ** data ** inst ** byte-compile and prepare package for lazy loading Warning: replacing previous import 'utils::findMatches' by 'S4Vectors::findMatches' when loading 'coMET' ** help *** installing help indices ** building package indices ** installing vignettes ** testing if installed package can be loaded from temporary location Warning: replacing previous import 'utils::findMatches' by 'S4Vectors::findMatches' when loading 'coMET' ** testing if installed package can be loaded from final location Warning: replacing previous import 'utils::findMatches' by 'S4Vectors::findMatches' when loading 'coMET' ** testing if installed package keeps a record of temporary installation path * DONE (coMET)
coMET.Rcheck/tests/runTests.Rout
R version 4.3.3 (2024-02-29) -- "Angel Food Cake" Copyright (C) 2024 The R Foundation for Statistical Computing Platform: x86_64-pc-linux-gnu (64-bit) R is free software and comes with ABSOLUTELY NO WARRANTY. You are welcome to redistribute it under certain conditions. Type 'license()' or 'licence()' for distribution details. R is a collaborative project with many contributors. Type 'contributors()' for more information and 'citation()' on how to cite R or R packages in publications. Type 'demo()' for some demos, 'help()' for on-line help, or 'help.start()' for an HTML browser interface to help. Type 'q()' to quit R. > require("coMET") || stop("unable to load Package:coMET") Loading required package: coMET Loading required package: grid Loading required package: biomaRt Loading required package: Gviz Loading required package: S4Vectors Loading required package: stats4 Loading required package: BiocGenerics Attaching package: 'BiocGenerics' The following objects are masked from 'package:stats': IQR, mad, sd, var, xtabs The following objects are masked from 'package:base': Filter, Find, Map, Position, Reduce, anyDuplicated, aperm, append, as.data.frame, basename, cbind, colnames, dirname, do.call, duplicated, eval, evalq, get, grep, grepl, intersect, is.unsorted, lapply, mapply, match, mget, order, paste, pmax, pmax.int, pmin, pmin.int, rank, rbind, rownames, sapply, setdiff, sort, table, tapply, union, unique, unsplit, which.max, which.min Attaching package: 'S4Vectors' The following object is masked from 'package:utils': findMatches The following objects are masked from 'package:base': I, expand.grid, unname Loading required package: IRanges Loading required package: GenomicRanges Loading required package: GenomeInfoDb Loading required package: psych Attaching package: 'psych' The following object is masked from 'package:GenomicRanges': distance The following objects are masked from 'package:IRanges': distance, reflect [1] TRUE Warning message: replacing previous import 'utils::findMatches' by 'S4Vectors::findMatches' when loading 'coMET' > BiocGenerics:::testPackage("coMET") RUNIT TEST PROTOCOL -- Wed Mar 27 21:31:10 2024 *********************************************** Number of test functions: 1 Number of errors: 0 Number of failures: 0 1 Test Suite : coMET RUnit Tests - 1 test function, 0 errors, 0 failures Number of test functions: 1 Number of errors: 0 Number of failures: 0 > > proc.time() user system elapsed 15.800 0.794 16.585
coMET.Rcheck/coMET-Ex.timings
name | user | system | elapsed | |
COSMIC_UCSC | 1.939 | 0.019 | 1.959 | |
ChIPTF_ENCODE | 0.735 | 0.044 | 0.779 | |
ClinVarCnv_UCSC | 0.406 | 0.003 | 0.410 | |
ClinVarMain_UCSC | 0.414 | 0.000 | 0.415 | |
CoreillCNV_UCSC | 0.425 | 0.000 | 0.425 | |
DNAse_UCSC | 0.001 | 0.000 | 0.000 | |
DNaseI_FANTOM | 0.643 | 0.023 | 0.667 | |
DNaseI_RoadMap | 0.192 | 0.004 | 0.196 | |
GAD_UCSC | 0.431 | 0.027 | 0.459 | |
GWAScatalog_UCSC | 0.333 | 0.008 | 0.341 | |
GeneReviews_UCSC | 0.540 | 0.004 | 0.544 | |
HiCdata2matrix | 0.021 | 0.003 | 0.024 | |
HistoneAll_UCSC | 4.159 | 0.011 | 4.171 | |
HistoneOne_UCSC | 0.349 | 0.012 | 0.361 | |
ISCA_UCSC | 0.448 | 0.016 | 0.464 | |
TFBS_FANTOM | 0.411 | 0.000 | 0.411 | |
bindingMotifsBiomart_ENSEMBL | 0.137 | 0.000 | 0.137 | |
chrUCSC2ENSEMBL | 0 | 0 | 0 | |
chromHMM_RoadMap | 0.665 | 0.004 | 0.669 | |
chromatinHMMAll_UCSC | 4.242 | 0.008 | 4.251 | |
chromatinHMMOne_UCSC | 0.454 | 0.000 | 0.455 | |
coMET-package | 6.918 | 0.247 | 21.530 | |
col2HSV | 0.000 | 0.000 | 0.001 | |
comet | 2.844 | 0.052 | 2.896 | |
comet.list | 0.660 | 0.004 | 0.664 | |
comet.web | 8.306 | 0.176 | 27.457 | |
complementary | 0.021 | 0.000 | 0.022 | |
cpgIslands_UCSC | 0.132 | 0.000 | 0.132 | |
dgfootprints_RoadMap | 0.748 | 0.008 | 0.755 | |
eQTL | 1.379 | 0.000 | 1.379 | |
eQTL_GTEx | 1.267 | 0.004 | 1.271 | |
gcContent_UCSC | 1.344 | 0.028 | 1.372 | |
genesName_ENSEMBL | 0.003 | 0.000 | 0.002 | |
genes_ENSEMBL | 0.791 | 0.016 | 0.806 | |
imprintedGenes_GTEx | 3.464 | 0.012 | 3.476 | |
interestGenes_ENSEMBL | 0.711 | 0.024 | 0.736 | |
interestTranscript_ENSEMBL | 0.758 | 0.036 | 0.794 | |
knownGenes_UCSC | 0.875 | 0.004 | 0.878 | |
metQTL | 1.202 | 0.000 | 1.202 | |
miRNATargetRegionsBiomart_ENSEMBL | 0.042 | 0.004 | 0.046 | |
otherRegulatoryRegionsBiomart_ENSEMBL | 0.093 | 0.000 | 0.093 | |
pizza | 0.006 | 0.000 | 0.006 | |
psiQTL_GTEx | 1.055 | 0.000 | 1.055 | |
refGenes_UCSC | 0.876 | 0.024 | 0.900 | |
regulationBiomart_ENSEMBL | 0.344 | 0.004 | 0.348 | |
regulatoryEvidenceBiomart_ENSEMBL | 0.128 | 0.004 | 0.131 | |
regulatoryFeaturesBiomart_ENSEMBL | 0.133 | 0.000 | 0.133 | |
regulatorySegmentsBiomart_ENSEMBL | 0.136 | 0.000 | 0.136 | |
repeatMasker_UCSC | 0.514 | 0.004 | 0.518 | |
segmentalDups_UCSC | 0.386 | 0.004 | 0.390 | |
setColors | 0 | 0 | 0 | |
snpBiomart_ENSEMBL | 0.443 | 0.000 | 0.444 | |
snpLocations_UCSC | 1.062 | 0.000 | 1.062 | |
structureBiomart_ENSEMBL | 0.41 | 0.00 | 0.41 | |
transcript_ENSEMBL | 1.303 | 0.000 | 1.303 | |
xenorefGenes_UCSC | 0.607 | 0.000 | 0.607 | |