Back to Multiple platform build/check report for BioC 3.14
A[B]CDEFGHIJKLMNOPQRSTUVWXYZ

This page was generated on 2022-01-21 13:06:02 -0500 (Fri, 21 Jan 2022).

HostnameOSArch (*)R versionInstalled pkgs
nebbiolo2Linux (Ubuntu 20.04.4 LTS)x86_644.1.2 (2021-11-01) -- "Bird Hippie" 4329
tokay2Windows Server 2012 R2 Standardx644.1.2 (2021-11-01) -- "Bird Hippie" 4079
machv2macOS 10.14.6 Mojavex86_644.1.2 (2021-11-01) -- "Bird Hippie" 4140
Click on any hostname to see more info about the system (e.g. compilers)      (*) as reported by 'uname -p', except on Windows and Mac OS X

CHECK results for branchpointer on tokay2


To the developers/maintainers of the branchpointer package:
- Please allow up to 24 hours (and sometimes 48 hours) for your latest push to git@git.bioconductor.org:packages/branchpointer.git to
reflect on this report. See How and When does the builder pull? When will my changes propagate? here for more information.
- Make sure to use the following settings in order to reproduce any error or warning you see on this page.

raw results

Package 213/2083HostnameOS / ArchINSTALLBUILDCHECKBUILD BIN
branchpointer 1.20.0  (landing page)
Beth Signal
Snapshot Date: 2022-01-20 01:55:04 -0500 (Thu, 20 Jan 2022)
git_url: https://git.bioconductor.org/packages/branchpointer
git_branch: RELEASE_3_14
git_last_commit: 09d2e40
git_last_commit_date: 2021-10-26 12:33:49 -0500 (Tue, 26 Oct 2021)
nebbiolo2Linux (Ubuntu 20.04.4 LTS) / x86_64  OK    OK    OK  UNNEEDED, same version is already published
tokay2Windows Server 2012 R2 Standard / x64  TIMEOUT    OK    ERROR    OK  
machv2macOS 10.14.6 Mojave / x86_64  OK    OK    OK    OK  UNNEEDED, same version is already published

Summary

Package: branchpointer
Version: 1.20.0
Command: C:\Users\biocbuild\bbs-3.14-bioc\R\bin\R.exe CMD check --force-multiarch --install=check:branchpointer.install-out.txt --library=C:\Users\biocbuild\bbs-3.14-bioc\R\library --no-vignettes --timings branchpointer_1.20.0.tar.gz
StartedAt: 2022-01-20 16:52:21 -0500 (Thu, 20 Jan 2022)
EndedAt: 2022-01-20 16:52:27 -0500 (Thu, 20 Jan 2022)
EllapsedTime: 6.2 seconds
RetCode: 1
Status:   ERROR  
CheckDir: branchpointer.Rcheck
Warnings: NA

Command output

##############################################################################
##############################################################################
###
### Running command:
###
###   C:\Users\biocbuild\bbs-3.14-bioc\R\bin\R.exe CMD check --force-multiarch --install=check:branchpointer.install-out.txt --library=C:\Users\biocbuild\bbs-3.14-bioc\R\library --no-vignettes --timings branchpointer_1.20.0.tar.gz
###
##############################################################################
##############################################################################


* using log directory 'C:/Users/biocbuild/bbs-3.14-bioc/meat/branchpointer.Rcheck'
* using R version 4.1.2 (2021-11-01)
* using platform: x86_64-w64-mingw32 (64-bit)
* using session charset: ISO8859-1
* using option '--no-vignettes'
* checking for file 'branchpointer/DESCRIPTION' ... OK
* checking extension type ... Package
* this is package 'branchpointer' version '1.20.0'
* checking package namespace information ... OK
* checking package dependencies ... OK
* checking if this is a source package ... OK
* checking if there is a namespace ... OK
* checking for hidden files and directories ... OK
* checking for portable file names ... OK
* checking whether package 'branchpointer' can be installed ... ERROR
Installation failed.
See 'C:/Users/biocbuild/bbs-3.14-bioc/meat/branchpointer.Rcheck/00install.out' for details.
* DONE

Status: 1 ERROR
See
  'C:/Users/biocbuild/bbs-3.14-bioc/meat/branchpointer.Rcheck/00check.log'
for details.


Installation output

branchpointer.Rcheck/00install.out

##############################################################################
##############################################################################
###
### Running command:
###
###   C:\cygwin\bin\curl.exe -O http://155.52.207.166/BBS/3.14/bioc/src/contrib/branchpointer_1.20.0.tar.gz && rm -rf branchpointer.buildbin-libdir && mkdir branchpointer.buildbin-libdir && C:\Users\biocbuild\bbs-3.14-bioc\R\bin\R.exe CMD INSTALL --merge-multiarch --build --library=branchpointer.buildbin-libdir branchpointer_1.20.0.tar.gz && C:\Users\biocbuild\bbs-3.14-bioc\R\bin\R.exe CMD INSTALL branchpointer_1.20.0.zip && rm branchpointer_1.20.0.tar.gz branchpointer_1.20.0.zip
###
##############################################################################
##############################################################################



Tests output


Example timings