Back to Multiple platform build/check report for BioC 3.15 |
|
This page was generated on 2022-06-24 12:04:32 -0400 (Fri, 24 Jun 2022).
Hostname | OS | Arch (*) | R version | Installed pkgs |
---|---|---|---|---|
nebbiolo1 | Linux (Ubuntu 20.04.4 LTS) | x86_64 | 4.2.0 (2022-04-22) -- "Vigorous Calisthenics" | 4380 |
palomino3 | Windows Server 2022 Datacenter | x64 | 4.2.0 (2022-04-22 ucrt) -- "Vigorous Calisthenics" | 4156 |
merida1 | macOS 10.14.6 Mojave | x86_64 | 4.2.0 (2022-04-22) -- "Vigorous Calisthenics" | 4221 |
Click on any hostname to see more info about the system (e.g. compilers) (*) as reported by 'uname -p', except on Windows and Mac OS X |
To the developers/maintainers of the biodbKegg package: - Please allow up to 24 hours (and sometimes 48 hours) for your latest push to git@git.bioconductor.org:packages/biodbKegg.git to reflect on this report. See How and When does the builder pull? When will my changes propagate? for more information. - Make sure to use the following settings in order to reproduce any error or warning you see on this page. |
Package 180/2140 | Hostname | OS / Arch | INSTALL | BUILD | CHECK | BUILD BIN | ||||||||
biodbKegg 1.2.0 (landing page) Pierrick Roger
| nebbiolo1 | Linux (Ubuntu 20.04.4 LTS) / x86_64 | OK | ERROR | skipped | |||||||||
palomino3 | Windows Server 2022 Datacenter / x64 | OK | ERROR | skipped | skipped | |||||||||
merida1 | macOS 10.14.6 Mojave / x86_64 | OK | ERROR | skipped | skipped | |||||||||
Package: biodbKegg |
Version: 1.2.0 |
Command: /home/biocbuild/bbs-3.15-bioc/R/bin/R CMD build --keep-empty-dirs --no-resave-data biodbKegg |
StartedAt: 2022-06-23 15:55:40 -0400 (Thu, 23 Jun 2022) |
EndedAt: 2022-06-23 15:56:11 -0400 (Thu, 23 Jun 2022) |
EllapsedTime: 31.0 seconds |
RetCode: 1 |
Status: ERROR |
PackageFile: None |
PackageFileSize: NA |
############################################################################## ############################################################################## ### ### Running command: ### ### /home/biocbuild/bbs-3.15-bioc/R/bin/R CMD build --keep-empty-dirs --no-resave-data biodbKegg ### ############################################################################## ############################################################################## * checking for file ‘biodbKegg/DESCRIPTION’ ... OK * preparing ‘biodbKegg’: * checking DESCRIPTION meta-information ... OK * installing the package to build vignettes * creating vignettes ... ERROR --- re-building ‘biodbKegg.Rmd’ using rmarkdown Quitting from lines 95-96 (biodbKegg.Rmd) Error: processing vignette 'biodbKegg.Rmd' failed with diagnostics: attempt to apply non-function --- failed re-building ‘biodbKegg.Rmd’ SUMMARY: processing the following file failed: ‘biodbKegg.Rmd’ Error: Vignette re-building failed. Execution halted