Back to Multiple platform build/check report for BioC 3.17:   simplified   long
[A]BCDEFGHIJKLMNOPQRSTUVWXYZ

This page was generated on 2023-09-23 11:34:48 -0400 (Sat, 23 Sep 2023).

HostnameOSArch (*)R versionInstalled pkgs
nebbiolo1Linux (Ubuntu 22.04.2 LTS)x86_644.3.1 (2023-06-16) -- "Beagle Scouts" 4625
palomino3Windows Server 2022 Datacenterx644.3.1 (2023-06-16 ucrt) -- "Beagle Scouts" 4378
merida1macOS 12.6.4 Montereyx86_644.3.1 (2023-06-16) -- "Beagle Scouts" 4394
Click on any hostname to see more info about the system (e.g. compilers)      (*) as reported by 'uname -p', except on Windows and Mac OS X

Package 112/2230HostnameOS / ArchINSTALLBUILDCHECKBUILD BIN
autonomics 1.8.0  (landing page)
Aditya Bhagwat
Snapshot Date: 2023-09-22 14:00:14 -0400 (Fri, 22 Sep 2023)
git_url: https://git.bioconductor.org/packages/autonomics
git_branch: RELEASE_3_17
git_last_commit: d84d5f1
git_last_commit_date: 2023-04-25 11:27:21 -0400 (Tue, 25 Apr 2023)
nebbiolo1Linux (Ubuntu 22.04.2 LTS) / x86_64  OK    OK    WARNINGS  UNNEEDED, same version is already published
palomino3Windows Server 2022 Datacenter / x64  OK    OK    WARNINGS    OK  UNNEEDED, same version is already published
merida1macOS 12.6.4 Monterey / x86_64  OK    OK    WARNINGS    OK  UNNEEDED, same version is already published

CHECK results for autonomics on nebbiolo1


To the developers/maintainers of the autonomics package:
- Allow up to 24 hours (and sometimes 48 hours) for your latest push to git@git.bioconductor.org:packages/autonomics.git to reflect on this report. See Troubleshooting Build Report for more information.
- Use the following Renviron settings to reproduce errors and warnings.
- If 'R CMD check' started to fail recently on the Linux builder(s) over a missing dependency, add the missing dependency to 'Suggests:' in your DESCRIPTION file. See Renviron.bioc for more information.

raw results


Summary

Package: autonomics
Version: 1.8.0
Command: /home/biocbuild/bbs-3.17-bioc/R/bin/R CMD check --install=check:autonomics.install-out.txt --library=/home/biocbuild/bbs-3.17-bioc/R/site-library --timings autonomics_1.8.0.tar.gz
StartedAt: 2023-09-22 19:37:30 -0400 (Fri, 22 Sep 2023)
EndedAt: 2023-09-22 19:48:48 -0400 (Fri, 22 Sep 2023)
EllapsedTime: 677.3 seconds
RetCode: 0
Status:   WARNINGS  
CheckDir: autonomics.Rcheck
Warnings: 1

Command output

##############################################################################
##############################################################################
###
### Running command:
###
###   /home/biocbuild/bbs-3.17-bioc/R/bin/R CMD check --install=check:autonomics.install-out.txt --library=/home/biocbuild/bbs-3.17-bioc/R/site-library --timings autonomics_1.8.0.tar.gz
###
##############################################################################
##############################################################################


* using log directory ‘/home/biocbuild/bbs-3.17-bioc/meat/autonomics.Rcheck’
* using R version 4.3.1 (2023-06-16)
* using platform: x86_64-pc-linux-gnu (64-bit)
* R was compiled by
    gcc (Ubuntu 11.3.0-1ubuntu1~22.04.1) 11.3.0
    GNU Fortran (Ubuntu 11.3.0-1ubuntu1~22.04.1) 11.3.0
* running under: Ubuntu 22.04.3 LTS
* using session charset: UTF-8
* checking for file ‘autonomics/DESCRIPTION’ ... OK
* checking extension type ... Package
* this is package ‘autonomics’ version ‘1.8.0’
* package encoding: UTF-8
* checking package namespace information ... OK
* checking package dependencies ... OK
* checking if this is a source package ... OK
* checking if there is a namespace ... OK
* checking for hidden files and directories ... NOTE
Found the following hidden files and directories:
  .BBSoptions
These were most likely included in error. See section ‘Package
structure’ in the ‘Writing R Extensions’ manual.
* checking for portable file names ... OK
* checking for sufficient/correct file permissions ... OK
* checking whether package ‘autonomics’ can be installed ... OK
* checking installed package size ... OK
* checking package directory ... OK
* checking ‘build’ directory ... OK
* checking DESCRIPTION meta-information ... OK
* checking top-level files ... OK
* checking for left-over files ... OK
* checking index information ... OK
* checking package subdirectories ... OK
* checking R files for non-ASCII characters ... OK
* checking R files for syntax errors ... OK
* checking whether the package can be loaded ... OK
* checking whether the package can be loaded with stated dependencies ... OK
* checking whether the package can be unloaded cleanly ... OK
* checking whether the namespace can be loaded with stated dependencies ... OK
* checking whether the namespace can be unloaded cleanly ... OK
* checking loading without being on the library search path ... OK
* checking dependencies in R code ... OK
* checking S3 generic/method consistency ... OK
* checking replacement functions ... OK
* checking foreign function calls ... OK
* checking R code for possible problems ... OK
* checking Rd files ... OK
* checking Rd metadata ... OK
* checking Rd cross-references ... OK
* checking for missing documentation entries ... OK
* checking for code/documentation mismatches ... OK
* checking Rd \usage sections ... WARNING
Undocumented arguments in documentation object 'normimpute'
  ‘ref’ ‘pos’

Functions with \usage entries need to have the appropriate \alias
entries, and all their arguments documented.
The \usage entries must correspond to syntactically valid R code.
See chapter ‘Writing R documentation files’ in the ‘Writing R
Extensions’ manual.
* checking Rd contents ... OK
* checking for unstated dependencies in examples ... OK
* checking files in ‘vignettes’ ... OK
* checking examples ... OK
Examples with CPU (user + system) or elapsed time > 5s
                          user system elapsed
read_rnaseq_counts      16.047  0.236  15.473
explore_imputations     11.428  0.196  10.989
is_sig                  11.089  0.080  10.806
filter_medoid           10.049  0.060  10.013
pca                      9.686  0.152   9.838
read_somascan            9.689  0.148   9.708
plot_detections          9.125  0.320   8.904
fit_limma                8.230  0.028   8.012
read_rectangles          7.955  0.292   8.229
biplot_covariates        7.566  0.196   7.762
read_metabolon           7.193  0.104   7.158
summarize_fit            6.777  0.160   6.344
analyze                  5.299  0.083   5.277
explore_transformations  4.950  0.096   4.763
* checking for unstated dependencies in ‘tests’ ... OK
* checking tests ...
  Running ‘testthat.R’
 OK
* checking for unstated dependencies in vignettes ... OK
* checking package vignettes in ‘inst/doc’ ... OK
* checking running R code from vignettes ...
  ‘using_autonomics.Rmd’ using ‘UTF-8’... OK
 NONE
* checking re-building of vignette outputs ... OK
* checking PDF version of manual ... OK
* DONE

Status: 1 WARNING, 1 NOTE
See
  ‘/home/biocbuild/bbs-3.17-bioc/meat/autonomics.Rcheck/00check.log’
for details.



Installation output

autonomics.Rcheck/00install.out

##############################################################################
##############################################################################
###
### Running command:
###
###   /home/biocbuild/bbs-3.17-bioc/R/bin/R CMD INSTALL autonomics
###
##############################################################################
##############################################################################


* installing to library ‘/home/biocbuild/bbs-3.17-bioc/R/site-library’
* installing *source* package ‘autonomics’ ...
** using staged installation
** R
** inst
** byte-compile and prepare package for lazy loading
Note: wrong number of arguments to '/' 
** help
*** installing help indices
** building package indices
** installing vignettes
** testing if installed package can be loaded from temporary location
** testing if installed package can be loaded from final location
** testing if installed package keeps a record of temporary installation path
* DONE (autonomics)

Tests output

autonomics.Rcheck/tests/testthat.Rout


R version 4.3.1 (2023-06-16) -- "Beagle Scouts"
Copyright (C) 2023 The R Foundation for Statistical Computing
Platform: x86_64-pc-linux-gnu (64-bit)

R is free software and comes with ABSOLUTELY NO WARRANTY.
You are welcome to redistribute it under certain conditions.
Type 'license()' or 'licence()' for distribution details.

R is a collaborative project with many contributors.
Type 'contributors()' for more information and
'citation()' on how to cite R or R packages in publications.

Type 'demo()' for some demos, 'help()' for on-line help, or
'help.start()' for an HTML browser interface to help.
Type 'q()' to quit R.

> library(testthat)
> library(autonomics)

Attaching package: 'autonomics'

The following object is masked from 'package:stats':

    biplot

> 
> test_check("autonomics")
[ FAIL 0 | WARN 0 | SKIP 0 | PASS 102 ]
> 
> proc.time()
   user  system elapsed 
101.315   2.224  98.328 

Example timings

autonomics.Rcheck/autonomics-Ex.timings

nameusersystemelapsed
AUTONOMICS_DATASETS000
MAXQUANT_PATTERNS_PEPCOUNTS0.0010.0000.000
MAXQUANT_PATTERNS_QUANTITY0.0000.0000.001
TESTS000
add_smiles1.8330.1922.347
analysis1.1020.0921.067
analyze5.2990.0835.277
assert_is_valid_sumexp1.3870.1211.501
biplot3.0460.1043.150
biplot_corrections3.7410.0403.781
biplot_covariates7.5660.1967.762
center2.0280.1071.997
contrast_subgroup_cols0.6340.0080.641
contrastdefs1.7510.0241.565
counts1.6300.0641.580
counts2cpm1.4690.0201.391
counts2tpm1.3470.0481.292
cpm1.3470.0201.268
create_design2.0850.0402.027
create_sfile1.3120.0201.037
default_formula0.6530.0360.689
default_sfile0.1360.0000.137
download_data1.0900.1241.219
download_gtf000
dt2mat0.0030.0000.003
explore_imputations11.428 0.19610.989
explore_transformations4.9500.0964.763
extract_features1.0080.0160.846
extract_rectangle0.5910.0240.615
fdata0.9510.0040.815
filter_exprs_replicated_in_some_subgroup1.3060.0081.192
filter_features0.7120.0440.756
filter_medoid10.049 0.06010.013
filter_replicated1.3520.0281.082
filter_samples0.8390.0120.851
fit_limma8.2300.0288.012
flevels1.0100.0040.851
fnames0.9310.0200.813
formula2str0.0000.0010.000
fvalues0.9880.0150.861
fvars0.9660.0200.817
guess_maxquant_quantity1.8590.0481.544
guess_sep0.0010.0000.001
halfnormimpute1.4160.0521.468
impute_systematic_nondetects2.5320.0442.323
invert1.4940.0201.283
is_imputed0.8860.0160.759
is_sig11.089 0.08010.806
limma1.7690.0201.559
log2counts1.3910.0281.322
log2countsratios1.9860.0201.912
log2cpm1.3080.0041.217
log2cpmratios1.3170.0081.228
log2tpm1.4360.0081.341
log2tpmratios1.3200.0041.227
log2transform4.3040.0204.069
make_volcano_dt2.0040.0231.601
matrix2sumexp1.2590.0161.276
merge_sdata0.6340.0160.650
merge_sfile1.5540.1931.506
message_df0.0030.0000.002
occupancies1.3440.0081.059
pca9.6860.1529.838
plot_boxplots4.6570.1884.819
plot_contrastogram1.1600.0561.189
plot_data1.6410.1121.753
plot_densities2.3750.0842.446
plot_detections9.1250.3208.904
plot_features4.7640.1004.864
plot_venn4.8820.0604.754
plot_violins4.4380.0914.509
plot_volcano2.4740.0122.121
preprocess_rnaseq_counts2.3360.0602.296
proteingroups1.3760.0161.133
read_affymetrix0.8250.0760.902
read_metabolon7.1930.1047.158
read_proteingroups4.5810.0564.116
read_rectangles7.9550.2928.229
read_rnaseq_counts16.047 0.23615.473
read_somascan9.6890.1489.708
rm_singleton_samples0.6590.0080.664
scaledlibsizes2.1230.0602.085
sdata0.9430.0080.809
slevels0.9430.0120.786
snames0.9290.0120.800
split_by_svar0.7950.0200.683
split_extract0.6000.0240.624
standardize_maxquant_snames0.0020.0000.002
subgroup_matrix0.5550.0400.595
subtract_baseline4.3820.0524.364
sumexp2mae1.5660.0201.586
sumexp_to_long_dt3.9410.1043.548
summarize_fit6.7770.1606.344
svalues0.8830.0160.757
svars0.9640.0080.814
tpm1.4040.0161.321
values0.9510.0120.802
venn_detects0.8780.0390.762
weights1.5700.0481.323
zero_to_na0.0130.0000.013