Back to Multiple platform build/check report for BioC 3.18:   simplified   long
[A]BCDEFGHIJKLMNOPQRSTUVWXYZ

This page was generated on 2024-02-28 11:35:48 -0500 (Wed, 28 Feb 2024).

HostnameOSArch (*)R versionInstalled pkgs
nebbiolo2Linux (Ubuntu 22.04.3 LTS)x86_644.3.2 Patched (2023-11-13 r85521) -- "Eye Holes" 4692
palomino4Windows Server 2022 Datacenterx644.3.2 (2023-10-31 ucrt) -- "Eye Holes" 4445
lconwaymacOS 12.7.1 Montereyx86_644.3.2 Patched (2023-11-01 r85457) -- "Eye Holes" 4466
Click on any hostname to see more info about the system (e.g. compilers)      (*) as reported by 'uname -p', except on Windows and Mac OS X

Package 66/2266HostnameOS / ArchINSTALLBUILDCHECKBUILD BIN
annaffy 1.74.0  (landing page)
Colin A. Smith
Snapshot Date: 2024-02-27 14:05:07 -0500 (Tue, 27 Feb 2024)
git_url: https://git.bioconductor.org/packages/annaffy
git_branch: RELEASE_3_18
git_last_commit: 15d4c6a
git_last_commit_date: 2023-10-24 09:32:19 -0500 (Tue, 24 Oct 2023)
nebbiolo2Linux (Ubuntu 22.04.3 LTS) / x86_64  OK    OK    WARNINGS  UNNEEDED, same version is already published
palomino4Windows Server 2022 Datacenter / x64  OK    OK    WARNINGS    OK  UNNEEDED, same version is already published
lconwaymacOS 12.7.1 Monterey / x86_64  OK    OK    WARNINGS    OK  UNNEEDED, same version is already published
kjohnson1macOS 13.6.1 Ventura / arm64see weekly results here

CHECK results for annaffy on nebbiolo2


To the developers/maintainers of the annaffy package:
- Allow up to 24 hours (and sometimes 48 hours) for your latest push to git@git.bioconductor.org:packages/annaffy.git to reflect on this report. See Troubleshooting Build Report for more information.
- Use the following Renviron settings to reproduce errors and warnings.
- If 'R CMD check' started to fail recently on the Linux builder(s) over a missing dependency, add the missing dependency to 'Suggests:' in your DESCRIPTION file. See Renviron.bioc for more information.

raw results


Summary

Package: annaffy
Version: 1.74.0
Command: /home/biocbuild/bbs-3.18-bioc/R/bin/R CMD check --install=check:annaffy.install-out.txt --library=/home/biocbuild/bbs-3.18-bioc/R/site-library --timings annaffy_1.74.0.tar.gz
StartedAt: 2024-02-27 19:56:26 -0500 (Tue, 27 Feb 2024)
EndedAt: 2024-02-27 19:58:29 -0500 (Tue, 27 Feb 2024)
EllapsedTime: 122.8 seconds
RetCode: 0
Status:   WARNINGS  
CheckDir: annaffy.Rcheck
Warnings: 1

Command output

##############################################################################
##############################################################################
###
### Running command:
###
###   /home/biocbuild/bbs-3.18-bioc/R/bin/R CMD check --install=check:annaffy.install-out.txt --library=/home/biocbuild/bbs-3.18-bioc/R/site-library --timings annaffy_1.74.0.tar.gz
###
##############################################################################
##############################################################################


* using log directory ‘/home/biocbuild/bbs-3.18-bioc/meat/annaffy.Rcheck’
* using R version 4.3.2 Patched (2023-11-13 r85521)
* using platform: x86_64-pc-linux-gnu (64-bit)
* R was compiled by
    gcc (Ubuntu 11.4.0-1ubuntu1~22.04) 11.4.0
    GNU Fortran (Ubuntu 11.4.0-1ubuntu1~22.04) 11.4.0
* running under: Ubuntu 22.04.3 LTS
* using session charset: UTF-8
* checking for file ‘annaffy/DESCRIPTION’ ... OK
* this is package ‘annaffy’ version ‘1.74.0’
* checking package namespace information ... OK
* checking package dependencies ... OK
* checking if this is a source package ... OK
* checking if there is a namespace ... OK
* checking for hidden files and directories ... OK
* checking for portable file names ... OK
* checking for sufficient/correct file permissions ... OK
* checking whether package ‘annaffy’ can be installed ... OK
* checking installed package size ... OK
* checking package directory ... OK
* checking ‘build’ directory ... OK
* checking DESCRIPTION meta-information ... OK
* checking top-level files ... OK
* checking for left-over files ... OK
* checking index information ... OK
* checking package subdirectories ... OK
* checking R files for non-ASCII characters ... OK
* checking R files for syntax errors ... OK
* checking whether the package can be loaded ... OK
* checking whether the package can be loaded with stated dependencies ... OK
* checking whether the package can be unloaded cleanly ... OK
* checking whether the namespace can be loaded with stated dependencies ... OK
* checking whether the namespace can be unloaded cleanly ... OK
* checking loading without being on the library search path ... OK
* checking startup messages can be suppressed ... OK
* checking dependencies in R code ... NOTE
'library' or 'require' call to ‘methods’ which was already attached by Depends.
  Please remove these calls from your code.
'library' or 'require' call to ‘tcltk’ in package code.
  Please use :: or requireNamespace() instead.
  See section 'Suggested packages' in the 'Writing R Extensions' manual.
Packages in Depends field not imported from:
  ‘Biobase’ ‘BiocManager’ ‘GO.db’ ‘methods’
  These packages need to be imported from (in the NAMESPACE file)
  for when this namespace is loaded but not attached.
':::' call which should be '::': ‘BiocManager:::available’
  See the note in ?`:::` about the use of this operator.
* checking S3 generic/method consistency ... OK
* checking replacement functions ... OK
* checking foreign function calls ... OK
* checking R code for possible problems ... NOTE
File ‘annaffy/R/zzz.R’:
  .onLoad calls:
    require(methods)

Package startup functions should not change the search path.
See section ‘Good practice’ in '?.onAttach'.

.aaf.goterm: no visible binding for global variable ‘GOTERM’
aafGO: no visible global function definition for ‘GO_dbfile’
aafTableInt: no visible global function definition for ‘sampleNames’
aafTableInt: no visible global function definition for ‘featureNames’
aafTableInt: no visible global function definition for ‘exprs’
chkPkgs: no visible global function definition for ‘userQuery’
selectorWidget : move: no visible global function definition for
  ‘tkcurselection’
selectorWidget : move: no visible global function definition for
  ‘tclvalue’
selectorWidget : move: no visible global function definition for
  ‘tkget’
selectorWidget : move: no visible global function definition for
  ‘tkinsert’
selectorWidget : move: no visible global function definition for
  ‘tkdelete’
selectorWidget : move: no visible global function definition for
  ‘tkselection.clear’
selectorWidget : ok: no visible global function definition for ‘tkget’
selectorWidget : ok: no visible global function definition for
  ‘tkdestroy’
selectorWidget: no visible global function definition for ‘tktoplevel’
selectorWidget: no visible global function definition for ‘tkwm.title’
selectorWidget: no visible global function definition for
  ‘tkwm.resizable’
selectorWidget: no visible global function definition for ‘tkframe’
selectorWidget: no visible global function definition for ‘tklistbox’
selectorWidget : <anonymous>: no visible global function definition for
  ‘tkset’
selectorWidget: no visible global function definition for ‘tkscrollbar’
selectorWidget : <anonymous>: no visible global function definition for
  ‘tkyview’
selectorWidget: no visible global function definition for ‘tkgrid’
selectorWidget: no visible global function definition for ‘tklabel’
selectorWidget: no visible global function definition for ‘tkbutton’
selectorWidget: no visible global function definition for ‘tkinsert’
selectorWidget : <anonymous>: no visible global function definition for
  ‘tkdestroy’
selectorWidget: no visible global function definition for ‘tkbind’
selectorWidget: no visible global function definition for
  ‘tkwait.window’
saveHTML,aafTable: no visible global function definition for
  ‘browseURL’
Undefined global functions or variables:
  GOTERM GO_dbfile browseURL exprs featureNames sampleNames tclvalue
  tkbind tkbutton tkcurselection tkdelete tkdestroy tkframe tkget
  tkgrid tkinsert tklabel tklistbox tkscrollbar tkselection.clear tkset
  tktoplevel tkwait.window tkwm.resizable tkwm.title tkyview userQuery
Consider adding
  importFrom("utils", "browseURL")
to your NAMESPACE file.
* checking Rd files ... NOTE
checkRd: (-1) aafTable-class.Rd:89: Escaped LaTeX specials: \$
* checking Rd metadata ... OK
* checking Rd cross-references ... WARNING
Missing link or links in documentation object 'getURL-methods.Rd':
  ‘aafUniGene-class’

See section 'Cross-references' in the 'Writing R Extensions' manual.
* checking for missing documentation entries ... OK
* checking for code/documentation mismatches ... OK
* checking Rd \usage sections ... OK
* checking Rd contents ... OK
* checking for unstated dependencies in examples ... OK
* checking contents of ‘data’ directory ... OK
* checking data for non-ASCII characters ... OK
* checking data for ASCII and uncompressed saves ... OK
* checking files in ‘vignettes’ ... OK
* checking examples ... OK
* checking for unstated dependencies in vignettes ... OK
* checking package vignettes in ‘inst/doc’ ... OK
* checking running R code from vignettes ...
  ‘annaffy.Rnw’... OK
 OK
* checking re-building of vignette outputs ... OK
* checking PDF version of manual ... OK
* DONE

Status: 1 WARNING, 3 NOTEs
See
  ‘/home/biocbuild/bbs-3.18-bioc/meat/annaffy.Rcheck/00check.log’
for details.



Installation output

annaffy.Rcheck/00install.out

##############################################################################
##############################################################################
###
### Running command:
###
###   /home/biocbuild/bbs-3.18-bioc/R/bin/R CMD INSTALL annaffy
###
##############################################################################
##############################################################################


* installing to library ‘/home/biocbuild/bbs-3.18-bioc/R/site-library’
* installing *source* package ‘annaffy’ ...
** using staged installation
** R
** data
** byte-compile and prepare package for lazy loading
** help
*** installing help indices
** building package indices
** installing vignettes
** testing if installed package can be loaded from temporary location
** testing if installed package can be loaded from final location
** testing if installed package keeps a record of temporary installation path
* DONE (annaffy)

Tests output


Example timings

annaffy.Rcheck/annaffy-Ex.timings

nameusersystemelapsed
aafChromLoc0.2650.0070.273
aafChromosome0.0380.0040.042
aafCytoband0.0310.0000.032
aafDescription0.0250.0010.025
aafGO0.1800.0120.221
aafGenBank0.0320.0000.032
aafLocusLink0.0280.0000.028
aafPathway0.0390.0000.040
aafProbe0.0210.0000.021
aafPubMed0.1600.0070.209
aafSearchText0.6610.0280.689
aafSymbol0.0270.0000.026
is.annpkg0.0560.0000.055