Back to Multiple platform build/check report for BioC 3.18:   simplified   long
[A]BCDEFGHIJKLMNOPQRSTUVWXYZ

This page was generated on 2024-02-29 11:35:43 -0500 (Thu, 29 Feb 2024).

HostnameOSArch (*)R versionInstalled pkgs
nebbiolo2Linux (Ubuntu 22.04.3 LTS)x86_644.3.2 Patched (2023-11-13 r85521) -- "Eye Holes" 4692
palomino4Windows Server 2022 Datacenterx644.3.2 (2023-10-31 ucrt) -- "Eye Holes" 4445
lconwaymacOS 12.7.1 Montereyx86_644.3.2 Patched (2023-11-01 r85457) -- "Eye Holes" 4466
Click on any hostname to see more info about the system (e.g. compilers)      (*) as reported by 'uname -p', except on Windows and Mac OS X

Package 28/2266HostnameOS / ArchINSTALLBUILDCHECKBUILD BIN
affyio 1.72.0  (landing page)
Ben Bolstad
Snapshot Date: 2024-02-28 14:05:05 -0500 (Wed, 28 Feb 2024)
git_url: https://git.bioconductor.org/packages/affyio
git_branch: RELEASE_3_18
git_last_commit: 2f97a7e
git_last_commit_date: 2023-10-24 09:31:45 -0500 (Tue, 24 Oct 2023)
nebbiolo2Linux (Ubuntu 22.04.3 LTS) / x86_64  OK    OK    WARNINGS  UNNEEDED, same version is already published
palomino4Windows Server 2022 Datacenter / x64  OK    OK    WARNINGS    OK  UNNEEDED, same version is already published
lconwaymacOS 12.7.1 Monterey / x86_64  OK    OK    WARNINGS    OK  UNNEEDED, same version is already published
kjohnson1macOS 13.6.1 Ventura / arm64see weekly results here

CHECK results for affyio on nebbiolo2


To the developers/maintainers of the affyio package:
- Allow up to 24 hours (and sometimes 48 hours) for your latest push to git@git.bioconductor.org:packages/affyio.git to reflect on this report. See Troubleshooting Build Report for more information.
- Use the following Renviron settings to reproduce errors and warnings.
- If 'R CMD check' started to fail recently on the Linux builder(s) over a missing dependency, add the missing dependency to 'Suggests:' in your DESCRIPTION file. See Renviron.bioc for more information.

raw results


Summary

Package: affyio
Version: 1.72.0
Command: /home/biocbuild/bbs-3.18-bioc/R/bin/R CMD check --install=check:affyio.install-out.txt --library=/home/biocbuild/bbs-3.18-bioc/R/site-library --timings affyio_1.72.0.tar.gz
StartedAt: 2024-02-28 19:51:53 -0500 (Wed, 28 Feb 2024)
EndedAt: 2024-02-28 19:52:06 -0500 (Wed, 28 Feb 2024)
EllapsedTime: 12.3 seconds
RetCode: 0
Status:   WARNINGS  
CheckDir: affyio.Rcheck
Warnings: 2

Command output

##############################################################################
##############################################################################
###
### Running command:
###
###   /home/biocbuild/bbs-3.18-bioc/R/bin/R CMD check --install=check:affyio.install-out.txt --library=/home/biocbuild/bbs-3.18-bioc/R/site-library --timings affyio_1.72.0.tar.gz
###
##############################################################################
##############################################################################


* using log directory ‘/home/biocbuild/bbs-3.18-bioc/meat/affyio.Rcheck’
* using R version 4.3.2 Patched (2023-11-13 r85521)
* using platform: x86_64-pc-linux-gnu (64-bit)
* R was compiled by
    gcc (Ubuntu 11.4.0-1ubuntu1~22.04) 11.4.0
    GNU Fortran (Ubuntu 11.4.0-1ubuntu1~22.04) 11.4.0
* running under: Ubuntu 22.04.3 LTS
* using session charset: UTF-8
* checking for file ‘affyio/DESCRIPTION’ ... OK
* this is package ‘affyio’ version ‘1.72.0’
* checking package namespace information ... OK
* checking package dependencies ... OK
* checking if this is a source package ... OK
* checking if there is a namespace ... OK
* checking for hidden files and directories ... OK
* checking for portable file names ... OK
* checking for sufficient/correct file permissions ... OK
* checking whether package ‘affyio’ can be installed ... WARNING
Found the following significant warnings:
  /usr/include/x86_64-linux-gnu/bits/string_fortified.h:95:10: warning: ‘__builtin_strncpy’ specified bound depends on the length of the source argument [-Wstringop-truncation]
  read_bpmap.c:698:27: warning: ‘__builtin___sprintf_chk’ may write a terminating nul past the end of the destination [-Wformat-overflow=]
  read_bpmap.c:655:27: warning: ‘__builtin___sprintf_chk’ may write a terminating nul past the end of the destination [-Wformat-overflow=]
  read_bpmap.c:603:25: warning: ‘__builtin___sprintf_chk’ may write a terminating nul past the end of the destination [-Wformat-overflow=]
  /usr/include/x86_64-linux-gnu/bits/string_fortified.h:95:10: warning: ‘__builtin_strncpy’ output truncated before terminating nul copying 11 bytes from a string of the same length [-Wstringop-truncation]
  /usr/include/x86_64-linux-gnu/bits/string_fortified.h:95:10: warning: ‘__builtin_strncpy’ output truncated before terminating nul copying 12 bytes from a string of the same length [-Wstringop-truncation]
  /usr/include/x86_64-linux-gnu/bits/string_fortified.h:95:10: warning: ‘__builtin_strncpy’ output truncated before terminating nul copying 14 bytes from a string of the same length [-Wstringop-truncation]
  /usr/include/x86_64-linux-gnu/bits/string_fortified.h:95:10: warning: ‘__builtin_strncpy’ output truncated before terminating nul copying 17 bytes from a string of the same length [-Wstringop-truncation]
  /usr/include/x86_64-linux-gnu/bits/string_fortified.h:95:10: warning: ‘__builtin_strncpy’ output truncated before terminating nul copying 18 bytes from a string of the same length [-Wstringop-truncation]
  /usr/include/x86_64-linux-gnu/bits/string_fortified.h:95:10: warning: ‘__builtin_strncpy’ output truncated before terminating nul copying 26 bytes from a string of the same length [-Wstringop-truncation]
  /usr/include/x86_64-linux-gnu/bits/string_fortified.h:95:10: warning: ‘__builtin_strncpy’ output truncated before terminating nul copying 20 bytes from a string of the same length [-Wstringop-truncation]
  /usr/include/x86_64-linux-gnu/bits/string_fortified.h:95:10: warning: ‘__builtin_strncpy’ output truncated before terminating nul copying 16 bytes from a string of the same length [-Wstringop-truncation]
  /usr/include/x86_64-linux-gnu/bits/string_fortified.h:95:10: warning: ‘__builtin_strncpy’ output truncated before terminating nul copying 8 bytes from a string of the same length [-Wstringop-truncation]
See ‘/home/biocbuild/bbs-3.18-bioc/meat/affyio.Rcheck/00install.out’ for details.
* used C compiler: ‘gcc (Ubuntu 11.4.0-1ubuntu1~22.04) 11.4.0’
* checking installed package size ... OK
* checking package directory ... OK
* checking DESCRIPTION meta-information ... OK
* checking top-level files ... NOTE
Found a ‘configure.in’ file: ‘configure.ac’ has long been preferred.
* checking for left-over files ... OK
* checking index information ... OK
* checking package subdirectories ... OK
* checking R files for non-ASCII characters ... OK
* checking R files for syntax errors ... OK
* checking whether the package can be loaded ... OK
* checking whether the package can be loaded with stated dependencies ... OK
* checking whether the package can be unloaded cleanly ... OK
* checking whether the namespace can be loaded with stated dependencies ... OK
* checking whether the namespace can be unloaded cleanly ... OK
* checking loading without being on the library search path ... OK
* checking dependencies in R code ... OK
* checking S3 generic/method consistency ... OK
* checking replacement functions ... OK
* checking foreign function calls ... OK
* checking R code for possible problems ... OK
* checking Rd files ... OK
* checking Rd metadata ... OK
* checking Rd cross-references ... OK
* checking for missing documentation entries ... OK
* checking for code/documentation mismatches ... OK
* checking Rd \usage sections ... OK
* checking Rd contents ... OK
* checking for unstated dependencies in examples ... OK
* checking line endings in shell scripts ... OK
* checking line endings in C/C++/Fortran sources/headers ... OK
* checking line endings in Makefiles ... OK
* checking compilation flags in Makevars ... NOTE
Package has both ‘src/Makevars.in’ and ‘src/Makevars’.
Installation with --no-configure' is unlikely to work.  If you intended
‘src/Makevars’ to be used on Windows, rename it to ‘src/Makevars.win’
otherwise remove it.  If ‘configure’ created ‘src/Makevars’, you need a
‘cleanup’ script.
* checking for GNU extensions in Makefiles ... OK
* checking for portable use of $(BLAS_LIBS) and $(LAPACK_LIBS) ... OK
* checking use of PKG_*FLAGS in Makefiles ... OK
* checking compiled code ... WARNING
Note: information on .o files is not available
File ‘/home/biocbuild/bbs-3.18-bioc/R/site-library/affyio/libs/affyio.so’:
  Found ‘__sprintf_chk’, possibly from ‘sprintf’ (C)

Compiled code should not call entry points which might terminate R nor
write to stdout/stderr instead of to the console, nor use Fortran I/O
nor system RNGs nor [v]sprintf. The detected symbols are linked into
the code but might come from libraries and not actually be called.

See ‘Writing portable packages’ in the ‘Writing R Extensions’ manual.
* checking examples ... NONE
* checking PDF version of manual ... OK
* DONE

Status: 2 WARNINGs, 2 NOTEs
See
  ‘/home/biocbuild/bbs-3.18-bioc/meat/affyio.Rcheck/00check.log’
for details.



Installation output

affyio.Rcheck/00install.out

##############################################################################
##############################################################################
###
### Running command:
###
###   /home/biocbuild/bbs-3.18-bioc/R/bin/R CMD INSTALL affyio
###
##############################################################################
##############################################################################


* installing to library ‘/home/biocbuild/bbs-3.18-bioc/R/site-library’
* installing *source* package ‘affyio’ ...
** using staged installation
checking for gcc... gcc
checking whether the C compiler works... yes
checking for C compiler default output file name... a.out
checking for suffix of executables... 
checking whether we are cross compiling... no
checking for suffix of object files... o
checking whether we are using the GNU C compiler... yes
checking whether gcc accepts -g... yes
checking for gcc option to accept ISO C89... none needed
checking how to run the C preprocessor... gcc -E
checking for grep that handles long lines and -e... /usr/bin/grep
checking for egrep... /usr/bin/grep -E
checking for ANSI C header files... yes
checking for sys/types.h... yes
checking for sys/stat.h... yes
checking for stdlib.h... yes
checking for string.h... yes
checking for memory.h... yes
checking for strings.h... yes
checking for inttypes.h... yes
checking for stdint.h... yes
checking for unistd.h... yes
checking for main in -lz... yes
checking zlib.h usability... yes
checking zlib.h presence... yes
checking for zlib.h... yes
checking if zlib version >= 1.1.3... yes
checking for pthread_create in -lpthread... yes
checking if we can use pthreads... yes
checking if PTHREAD_STACK_MIN is defined... yes
configure: Enabling threading for affyio
configure: creating ./config.status
config.status: creating src/Makevars
** libs
using C compiler: ‘gcc (Ubuntu 11.4.0-1ubuntu1~22.04) 11.4.0’
gcc -I"/home/biocbuild/bbs-3.18-bioc/R/include" -DNDEBUG -DPACKAGE_NAME=\"\" -DPACKAGE_TARNAME=\"\" -DPACKAGE_VERSION=\"\" -DPACKAGE_STRING=\"\" -DPACKAGE_BUGREPORT=\"\" -DPACKAGE_URL=\"\" -DSTDC_HEADERS=1 -DHAVE_SYS_TYPES_H=1 -DHAVE_SYS_STAT_H=1 -DHAVE_STDLIB_H=1 -DHAVE_STRING_H=1 -DHAVE_MEMORY_H=1 -DHAVE_STRINGS_H=1 -DHAVE_INTTYPES_H=1 -DHAVE_STDINT_H=1 -DHAVE_UNISTD_H=1 -DHAVE_ZLIB=1 -DHAVE_LIBPTHREAD=1 -DUSE_PTHREADS=1  -I/usr/local/include   -g -O2 -Wall   -fpic  -g -O2  -Wall -c fread_functions.c -o fread_functions.o
gcc -I"/home/biocbuild/bbs-3.18-bioc/R/include" -DNDEBUG -DPACKAGE_NAME=\"\" -DPACKAGE_TARNAME=\"\" -DPACKAGE_VERSION=\"\" -DPACKAGE_STRING=\"\" -DPACKAGE_BUGREPORT=\"\" -DPACKAGE_URL=\"\" -DSTDC_HEADERS=1 -DHAVE_SYS_TYPES_H=1 -DHAVE_SYS_STAT_H=1 -DHAVE_STDLIB_H=1 -DHAVE_STRING_H=1 -DHAVE_MEMORY_H=1 -DHAVE_STRINGS_H=1 -DHAVE_INTTYPES_H=1 -DHAVE_STDINT_H=1 -DHAVE_UNISTD_H=1 -DHAVE_ZLIB=1 -DHAVE_LIBPTHREAD=1 -DUSE_PTHREADS=1  -I/usr/local/include   -g -O2 -Wall   -fpic  -g -O2  -Wall -c init_package.c -o init_package.o
gcc -I"/home/biocbuild/bbs-3.18-bioc/R/include" -DNDEBUG -DPACKAGE_NAME=\"\" -DPACKAGE_TARNAME=\"\" -DPACKAGE_VERSION=\"\" -DPACKAGE_STRING=\"\" -DPACKAGE_BUGREPORT=\"\" -DPACKAGE_URL=\"\" -DSTDC_HEADERS=1 -DHAVE_SYS_TYPES_H=1 -DHAVE_SYS_STAT_H=1 -DHAVE_STDLIB_H=1 -DHAVE_STRING_H=1 -DHAVE_MEMORY_H=1 -DHAVE_STRINGS_H=1 -DHAVE_INTTYPES_H=1 -DHAVE_STDINT_H=1 -DHAVE_UNISTD_H=1 -DHAVE_ZLIB=1 -DHAVE_LIBPTHREAD=1 -DUSE_PTHREADS=1  -I/usr/local/include   -g -O2 -Wall   -fpic  -g -O2  -Wall -c read_abatch.c -o read_abatch.o
In file included from /usr/include/string.h:535,
                 from /home/biocbuild/bbs-3.18-bioc/R/include/R_ext/RS.h:34,
                 from /home/biocbuild/bbs-3.18-bioc/R/include/R.h:78,
                 from read_abatch.c:159:
In function ‘strncpy’,
    inlined from ‘gzbinary_get_detailed_header_info’ at read_abatch.c:3410:3:
/usr/include/x86_64-linux-gnu/bits/string_fortified.h:95:10: warning: ‘__builtin_strncpy’ specified bound depends on the length of the source argument [-Wstringop-truncation]
   95 |   return __builtin___strncpy_chk (__dest, __src, __len,
      |          ^~~~~~~~~~~~~~~~~~~~~~~~~~~~~~~~~~~~~~~~~~~~~~
   96 |                                   __glibc_objsize (__dest));
      |                                   ~~~~~~~~~~~~~~~~~~~~~~~~~
read_abatch.c: In function ‘gzbinary_get_detailed_header_info’:
read_abatch.c:3410:65: note: length computed here
 3410 |   strncpy(header_info->AlgorithmParameters,my_header->alg_param,strlen(my_header->alg_param)-1);
      |                                                                 ^~~~~~~~~~~~~~~~~~~~~~~~~~~~
In file included from /usr/include/string.h:535,
                 from /home/biocbuild/bbs-3.18-bioc/R/include/R_ext/RS.h:34,
                 from /home/biocbuild/bbs-3.18-bioc/R/include/R.h:78,
                 from read_abatch.c:159:
In function ‘strncpy’,
    inlined from ‘binary_get_detailed_header_info’ at read_abatch.c:2661:3:
/usr/include/x86_64-linux-gnu/bits/string_fortified.h:95:10: warning: ‘__builtin_strncpy’ specified bound depends on the length of the source argument [-Wstringop-truncation]
   95 |   return __builtin___strncpy_chk (__dest, __src, __len,
      |          ^~~~~~~~~~~~~~~~~~~~~~~~~~~~~~~~~~~~~~~~~~~~~~
   96 |                                   __glibc_objsize (__dest));
      |                                   ~~~~~~~~~~~~~~~~~~~~~~~~~
read_abatch.c: In function ‘binary_get_detailed_header_info’:
read_abatch.c:2661:65: note: length computed here
 2661 |   strncpy(header_info->AlgorithmParameters,my_header->alg_param,strlen(my_header->alg_param)-1);
      |                                                                 ^~~~~~~~~~~~~~~~~~~~~~~~~~~~
gcc -I"/home/biocbuild/bbs-3.18-bioc/R/include" -DNDEBUG -DPACKAGE_NAME=\"\" -DPACKAGE_TARNAME=\"\" -DPACKAGE_VERSION=\"\" -DPACKAGE_STRING=\"\" -DPACKAGE_BUGREPORT=\"\" -DPACKAGE_URL=\"\" -DSTDC_HEADERS=1 -DHAVE_SYS_TYPES_H=1 -DHAVE_SYS_STAT_H=1 -DHAVE_STDLIB_H=1 -DHAVE_STRING_H=1 -DHAVE_MEMORY_H=1 -DHAVE_STRINGS_H=1 -DHAVE_INTTYPES_H=1 -DHAVE_STDINT_H=1 -DHAVE_UNISTD_H=1 -DHAVE_ZLIB=1 -DHAVE_LIBPTHREAD=1 -DUSE_PTHREADS=1  -I/usr/local/include   -g -O2 -Wall   -fpic  -g -O2  -Wall -c read_bpmap.c -o read_bpmap.o
read_bpmap.c: In function ‘ReadBPMAPFileIntoRList’:
read_bpmap.c:698:27: warning: ‘__builtin___sprintf_chk’ may write a terminating nul past the end of the destination [-Wformat-overflow=]
  698 |           sprintf(buf, "%d", j+1);
      |                           ^
In file included from /usr/include/stdio.h:894,
                 from /home/biocbuild/bbs-3.18-bioc/R/include/R.h:44,
                 from read_bpmap.c:23:
/usr/include/x86_64-linux-gnu/bits/stdio2.h:38:10: note: ‘__builtin___sprintf_chk’ output between 2 and 11 bytes into a destination of size 10
   38 |   return __builtin___sprintf_chk (__s, __USE_FORTIFY_LEVEL - 1,
      |          ^~~~~~~~~~~~~~~~~~~~~~~~~~~~~~~~~~~~~~~~~~~~~~~~~~~~~~
   39 |                                   __glibc_objsize (__s), __fmt,
      |                                   ~~~~~~~~~~~~~~~~~~~~~~~~~~~~~
   40 |                                   __va_arg_pack ());
      |                                   ~~~~~~~~~~~~~~~~~
read_bpmap.c:655:27: warning: ‘__builtin___sprintf_chk’ may write a terminating nul past the end of the destination [-Wformat-overflow=]
  655 |           sprintf(buf, "%d", j+1);
      |                           ^
In file included from /usr/include/stdio.h:894,
                 from /home/biocbuild/bbs-3.18-bioc/R/include/R.h:44,
                 from read_bpmap.c:23:
/usr/include/x86_64-linux-gnu/bits/stdio2.h:38:10: note: ‘__builtin___sprintf_chk’ output between 2 and 11 bytes into a destination of size 10
   38 |   return __builtin___sprintf_chk (__s, __USE_FORTIFY_LEVEL - 1,
      |          ^~~~~~~~~~~~~~~~~~~~~~~~~~~~~~~~~~~~~~~~~~~~~~~~~~~~~~
   39 |                                   __glibc_objsize (__s), __fmt,
      |                                   ~~~~~~~~~~~~~~~~~~~~~~~~~~~~~
   40 |                                   __va_arg_pack ());
      |                                   ~~~~~~~~~~~~~~~~~
read_bpmap.c:603:25: warning: ‘__builtin___sprintf_chk’ may write a terminating nul past the end of the destination [-Wformat-overflow=]
  603 |         sprintf(buf, "%d", j+1);
      |                         ^
In file included from /usr/include/stdio.h:894,
                 from /home/biocbuild/bbs-3.18-bioc/R/include/R.h:44,
                 from read_bpmap.c:23:
/usr/include/x86_64-linux-gnu/bits/stdio2.h:38:10: note: ‘__builtin___sprintf_chk’ output between 2 and 11 bytes into a destination of size 10
   38 |   return __builtin___sprintf_chk (__s, __USE_FORTIFY_LEVEL - 1,
      |          ^~~~~~~~~~~~~~~~~~~~~~~~~~~~~~~~~~~~~~~~~~~~~~~~~~~~~~
   39 |                                   __glibc_objsize (__s), __fmt,
      |                                   ~~~~~~~~~~~~~~~~~~~~~~~~~~~~~
   40 |                                   __va_arg_pack ());
      |                                   ~~~~~~~~~~~~~~~~~
gcc -I"/home/biocbuild/bbs-3.18-bioc/R/include" -DNDEBUG -DPACKAGE_NAME=\"\" -DPACKAGE_TARNAME=\"\" -DPACKAGE_VERSION=\"\" -DPACKAGE_STRING=\"\" -DPACKAGE_BUGREPORT=\"\" -DPACKAGE_URL=\"\" -DSTDC_HEADERS=1 -DHAVE_SYS_TYPES_H=1 -DHAVE_SYS_STAT_H=1 -DHAVE_STDLIB_H=1 -DHAVE_STRING_H=1 -DHAVE_MEMORY_H=1 -DHAVE_STRINGS_H=1 -DHAVE_INTTYPES_H=1 -DHAVE_STDINT_H=1 -DHAVE_UNISTD_H=1 -DHAVE_ZLIB=1 -DHAVE_LIBPTHREAD=1 -DUSE_PTHREADS=1  -I/usr/local/include   -g -O2 -Wall   -fpic  -g -O2  -Wall -c read_cdf_xda.c -o read_cdf_xda.o
gcc -I"/home/biocbuild/bbs-3.18-bioc/R/include" -DNDEBUG -DPACKAGE_NAME=\"\" -DPACKAGE_TARNAME=\"\" -DPACKAGE_VERSION=\"\" -DPACKAGE_STRING=\"\" -DPACKAGE_BUGREPORT=\"\" -DPACKAGE_URL=\"\" -DSTDC_HEADERS=1 -DHAVE_SYS_TYPES_H=1 -DHAVE_SYS_STAT_H=1 -DHAVE_STDLIB_H=1 -DHAVE_STRING_H=1 -DHAVE_MEMORY_H=1 -DHAVE_STRINGS_H=1 -DHAVE_INTTYPES_H=1 -DHAVE_STDINT_H=1 -DHAVE_UNISTD_H=1 -DHAVE_ZLIB=1 -DHAVE_LIBPTHREAD=1 -DUSE_PTHREADS=1  -I/usr/local/include   -g -O2 -Wall   -fpic  -g -O2  -Wall -c read_cdffile2.c -o read_cdffile2.o
gcc -I"/home/biocbuild/bbs-3.18-bioc/R/include" -DNDEBUG -DPACKAGE_NAME=\"\" -DPACKAGE_TARNAME=\"\" -DPACKAGE_VERSION=\"\" -DPACKAGE_STRING=\"\" -DPACKAGE_BUGREPORT=\"\" -DPACKAGE_URL=\"\" -DSTDC_HEADERS=1 -DHAVE_SYS_TYPES_H=1 -DHAVE_SYS_STAT_H=1 -DHAVE_STDLIB_H=1 -DHAVE_STRING_H=1 -DHAVE_MEMORY_H=1 -DHAVE_STRINGS_H=1 -DHAVE_INTTYPES_H=1 -DHAVE_STDINT_H=1 -DHAVE_UNISTD_H=1 -DHAVE_ZLIB=1 -DHAVE_LIBPTHREAD=1 -DUSE_PTHREADS=1  -I/usr/local/include   -g -O2 -Wall   -fpic  -g -O2  -Wall -c read_celfile_generic.c -o read_celfile_generic.o
In file included from /usr/include/string.h:535,
                 from /home/biocbuild/bbs-3.18-bioc/R/include/R_ext/RS.h:34,
                 from /home/biocbuild/bbs-3.18-bioc/R/include/R.h:78,
                 from read_celfile_generic.c:30:
In function ‘strncpy’,
    inlined from ‘generic_get_detailed_header_info’ at read_celfile_generic.c:272:3:
/usr/include/x86_64-linux-gnu/bits/string_fortified.h:95:10: warning: ‘__builtin_strncpy’ output truncated before terminating nul copying 11 bytes from a string of the same length [-Wstringop-truncation]
   95 |   return __builtin___strncpy_chk (__dest, __src, __len,
      |          ^~~~~~~~~~~~~~~~~~~~~~~~~~~~~~~~~~~~~~~~~~~~~~
   96 |                                   __glibc_objsize (__dest));
      |                                   ~~~~~~~~~~~~~~~~~~~~~~~~~
In function ‘strncpy’,
    inlined from ‘generic_get_detailed_header_info’ at read_celfile_generic.c:294:3:
/usr/include/x86_64-linux-gnu/bits/string_fortified.h:95:10: warning: ‘__builtin_strncpy’ output truncated before terminating nul copying 11 bytes from a string of the same length [-Wstringop-truncation]
   95 |   return __builtin___strncpy_chk (__dest, __src, __len,
      |          ^~~~~~~~~~~~~~~~~~~~~~~~~~~~~~~~~~~~~~~~~~~~~~
   96 |                                   __glibc_objsize (__dest));
      |                                   ~~~~~~~~~~~~~~~~~~~~~~~~~
In function ‘strncpy’,
    inlined from ‘generic_get_detailed_header_info’ at read_celfile_generic.c:315:3:
/usr/include/x86_64-linux-gnu/bits/string_fortified.h:95:10: warning: ‘__builtin_strncpy’ output truncated before terminating nul copying 12 bytes from a string of the same length [-Wstringop-truncation]
   95 |   return __builtin___strncpy_chk (__dest, __src, __len,
      |          ^~~~~~~~~~~~~~~~~~~~~~~~~~~~~~~~~~~~~~~~~~~~~~
   96 |                                   __glibc_objsize (__dest));
      |                                   ~~~~~~~~~~~~~~~~~~~~~~~~~
In function ‘strncpy’,
    inlined from ‘generic_get_detailed_header_info’ at read_celfile_generic.c:336:3:
/usr/include/x86_64-linux-gnu/bits/string_fortified.h:95:10: warning: ‘__builtin_strncpy’ output truncated before terminating nul copying 11 bytes from a string of the same length [-Wstringop-truncation]
   95 |   return __builtin___strncpy_chk (__dest, __src, __len,
      |          ^~~~~~~~~~~~~~~~~~~~~~~~~~~~~~~~~~~~~~~~~~~~~~
   96 |                                   __glibc_objsize (__dest));
      |                                   ~~~~~~~~~~~~~~~~~~~~~~~~~
In function ‘strncpy’,
    inlined from ‘generic_get_detailed_header_info’ at read_celfile_generic.c:357:3:
/usr/include/x86_64-linux-gnu/bits/string_fortified.h:95:10: warning: ‘__builtin_strncpy’ output truncated before terminating nul copying 11 bytes from a string of the same length [-Wstringop-truncation]
   95 |   return __builtin___strncpy_chk (__dest, __src, __len,
      |          ^~~~~~~~~~~~~~~~~~~~~~~~~~~~~~~~~~~~~~~~~~~~~~
   96 |                                   __glibc_objsize (__dest));
      |                                   ~~~~~~~~~~~~~~~~~~~~~~~~~
In function ‘strncpy’,
    inlined from ‘generic_get_detailed_header_info’ at read_celfile_generic.c:378:3:
/usr/include/x86_64-linux-gnu/bits/string_fortified.h:95:10: warning: ‘__builtin_strncpy’ output truncated before terminating nul copying 14 bytes from a string of the same length [-Wstringop-truncation]
   95 |   return __builtin___strncpy_chk (__dest, __src, __len,
      |          ^~~~~~~~~~~~~~~~~~~~~~~~~~~~~~~~~~~~~~~~~~~~~~
   96 |                                   __glibc_objsize (__dest));
      |                                   ~~~~~~~~~~~~~~~~~~~~~~~~~
In function ‘strncpy’,
    inlined from ‘generic_get_detailed_header_info’ at read_celfile_generic.c:399:3:
/usr/include/x86_64-linux-gnu/bits/string_fortified.h:95:10: warning: ‘__builtin_strncpy’ output truncated before terminating nul copying 17 bytes from a string of the same length [-Wstringop-truncation]
   95 |   return __builtin___strncpy_chk (__dest, __src, __len,
      |          ^~~~~~~~~~~~~~~~~~~~~~~~~~~~~~~~~~~~~~~~~~~~~~
   96 |                                   __glibc_objsize (__dest));
      |                                   ~~~~~~~~~~~~~~~~~~~~~~~~~
In function ‘strncpy’,
    inlined from ‘generic_get_detailed_header_info’ at read_celfile_generic.c:420:3:
/usr/include/x86_64-linux-gnu/bits/string_fortified.h:95:10: warning: ‘__builtin_strncpy’ output truncated before terminating nul copying 18 bytes from a string of the same length [-Wstringop-truncation]
   95 |   return __builtin___strncpy_chk (__dest, __src, __len,
      |          ^~~~~~~~~~~~~~~~~~~~~~~~~~~~~~~~~~~~~~~~~~~~~~
   96 |                                   __glibc_objsize (__dest));
      |                                   ~~~~~~~~~~~~~~~~~~~~~~~~~
In function ‘strncpy’,
    inlined from ‘generic_get_detailed_header_info’ at read_celfile_generic.c:441:3:
/usr/include/x86_64-linux-gnu/bits/string_fortified.h:95:10: warning: ‘__builtin_strncpy’ output truncated before terminating nul copying 26 bytes from a string of the same length [-Wstringop-truncation]
   95 |   return __builtin___strncpy_chk (__dest, __src, __len,
      |          ^~~~~~~~~~~~~~~~~~~~~~~~~~~~~~~~~~~~~~~~~~~~~~
   96 |                                   __glibc_objsize (__dest));
      |                                   ~~~~~~~~~~~~~~~~~~~~~~~~~
In function ‘strncpy’,
    inlined from ‘generic_get_detailed_header_info’ at read_celfile_generic.c:464:3:
/usr/include/x86_64-linux-gnu/bits/string_fortified.h:95:10: warning: ‘__builtin_strncpy’ output truncated before terminating nul copying 18 bytes from a string of the same length [-Wstringop-truncation]
   95 |   return __builtin___strncpy_chk (__dest, __src, __len,
      |          ^~~~~~~~~~~~~~~~~~~~~~~~~~~~~~~~~~~~~~~~~~~~~~
   96 |                                   __glibc_objsize (__dest));
      |                                   ~~~~~~~~~~~~~~~~~~~~~~~~~
In function ‘strncpy’,
    inlined from ‘generic_get_detailed_header_info’ at read_celfile_generic.c:488:3:
/usr/include/x86_64-linux-gnu/bits/string_fortified.h:95:10: warning: ‘__builtin_strncpy’ output truncated before terminating nul copying 20 bytes from a string of the same length [-Wstringop-truncation]
   95 |   return __builtin___strncpy_chk (__dest, __src, __len,
      |          ^~~~~~~~~~~~~~~~~~~~~~~~~~~~~~~~~~~~~~~~~~~~~~
   96 |                                   __glibc_objsize (__dest));
      |                                   ~~~~~~~~~~~~~~~~~~~~~~~~~
In function ‘strncpy’,
    inlined from ‘generic_get_detailed_header_info’ at read_celfile_generic.c:510:3:
/usr/include/x86_64-linux-gnu/bits/string_fortified.h:95:10: warning: ‘__builtin_strncpy’ output truncated before terminating nul copying 20 bytes from a string of the same length [-Wstringop-truncation]
   95 |   return __builtin___strncpy_chk (__dest, __src, __len,
      |          ^~~~~~~~~~~~~~~~~~~~~~~~~~~~~~~~~~~~~~~~~~~~~~
   96 |                                   __glibc_objsize (__dest));
      |                                   ~~~~~~~~~~~~~~~~~~~~~~~~~
In function ‘strncpy’,
    inlined from ‘generic_get_detailed_header_info’ at read_celfile_generic.c:532:3:
/usr/include/x86_64-linux-gnu/bits/string_fortified.h:95:10: warning: ‘__builtin_strncpy’ output truncated before terminating nul copying 12 bytes from a string of the same length [-Wstringop-truncation]
   95 |   return __builtin___strncpy_chk (__dest, __src, __len,
      |          ^~~~~~~~~~~~~~~~~~~~~~~~~~~~~~~~~~~~~~~~~~~~~~
   96 |                                   __glibc_objsize (__dest));
      |                                   ~~~~~~~~~~~~~~~~~~~~~~~~~
In function ‘strncpy’,
    inlined from ‘generic_get_detailed_header_info’ at read_celfile_generic.c:553:3:
/usr/include/x86_64-linux-gnu/bits/string_fortified.h:95:10: warning: ‘__builtin_strncpy’ output truncated before terminating nul copying 16 bytes from a string of the same length [-Wstringop-truncation]
   95 |   return __builtin___strncpy_chk (__dest, __src, __len,
      |          ^~~~~~~~~~~~~~~~~~~~~~~~~~~~~~~~~~~~~~~~~~~~~~
   96 |                                   __glibc_objsize (__dest));
      |                                   ~~~~~~~~~~~~~~~~~~~~~~~~~
In function ‘strncpy’,
    inlined from ‘generic_get_detailed_header_info’ at read_celfile_generic.c:575:3:
/usr/include/x86_64-linux-gnu/bits/string_fortified.h:95:10: warning: ‘__builtin_strncpy’ output truncated before terminating nul copying 11 bytes from a string of the same length [-Wstringop-truncation]
   95 |   return __builtin___strncpy_chk (__dest, __src, __len,
      |          ^~~~~~~~~~~~~~~~~~~~~~~~~~~~~~~~~~~~~~~~~~~~~~
   96 |                                   __glibc_objsize (__dest));
      |                                   ~~~~~~~~~~~~~~~~~~~~~~~~~
In function ‘strncpy’,
    inlined from ‘generic_get_detailed_header_info’ at read_celfile_generic.c:597:3:
/usr/include/x86_64-linux-gnu/bits/string_fortified.h:95:10: warning: ‘__builtin_strncpy’ output truncated before terminating nul copying 8 bytes from a string of the same length [-Wstringop-truncation]
   95 |   return __builtin___strncpy_chk (__dest, __src, __len,
      |          ^~~~~~~~~~~~~~~~~~~~~~~~~~~~~~~~~~~~~~~~~~~~~~
   96 |                                   __glibc_objsize (__dest));
      |                                   ~~~~~~~~~~~~~~~~~~~~~~~~~
In function ‘strncpy’,
    inlined from ‘gzgeneric_get_detailed_header_info’ at read_celfile_generic.c:1270:3:
/usr/include/x86_64-linux-gnu/bits/string_fortified.h:95:10: warning: ‘__builtin_strncpy’ output truncated before terminating nul copying 11 bytes from a string of the same length [-Wstringop-truncation]
   95 |   return __builtin___strncpy_chk (__dest, __src, __len,
      |          ^~~~~~~~~~~~~~~~~~~~~~~~~~~~~~~~~~~~~~~~~~~~~~
   96 |                                   __glibc_objsize (__dest));
      |                                   ~~~~~~~~~~~~~~~~~~~~~~~~~
In function ‘strncpy’,
    inlined from ‘gzgeneric_get_detailed_header_info’ at read_celfile_generic.c:1292:3:
/usr/include/x86_64-linux-gnu/bits/string_fortified.h:95:10: warning: ‘__builtin_strncpy’ output truncated before terminating nul copying 11 bytes from a string of the same length [-Wstringop-truncation]
   95 |   return __builtin___strncpy_chk (__dest, __src, __len,
      |          ^~~~~~~~~~~~~~~~~~~~~~~~~~~~~~~~~~~~~~~~~~~~~~
   96 |                                   __glibc_objsize (__dest));
      |                                   ~~~~~~~~~~~~~~~~~~~~~~~~~
In function ‘strncpy’,
    inlined from ‘gzgeneric_get_detailed_header_info’ at read_celfile_generic.c:1313:3:
/usr/include/x86_64-linux-gnu/bits/string_fortified.h:95:10: warning: ‘__builtin_strncpy’ output truncated before terminating nul copying 12 bytes from a string of the same length [-Wstringop-truncation]
   95 |   return __builtin___strncpy_chk (__dest, __src, __len,
      |          ^~~~~~~~~~~~~~~~~~~~~~~~~~~~~~~~~~~~~~~~~~~~~~
   96 |                                   __glibc_objsize (__dest));
      |                                   ~~~~~~~~~~~~~~~~~~~~~~~~~
In function ‘strncpy’,
    inlined from ‘gzgeneric_get_detailed_header_info’ at read_celfile_generic.c:1334:3:
/usr/include/x86_64-linux-gnu/bits/string_fortified.h:95:10: warning: ‘__builtin_strncpy’ output truncated before terminating nul copying 11 bytes from a string of the same length [-Wstringop-truncation]
   95 |   return __builtin___strncpy_chk (__dest, __src, __len,
      |          ^~~~~~~~~~~~~~~~~~~~~~~~~~~~~~~~~~~~~~~~~~~~~~
   96 |                                   __glibc_objsize (__dest));
      |                                   ~~~~~~~~~~~~~~~~~~~~~~~~~
In function ‘strncpy’,
    inlined from ‘gzgeneric_get_detailed_header_info’ at read_celfile_generic.c:1355:3:
/usr/include/x86_64-linux-gnu/bits/string_fortified.h:95:10: warning: ‘__builtin_strncpy’ output truncated before terminating nul copying 11 bytes from a string of the same length [-Wstringop-truncation]
   95 |   return __builtin___strncpy_chk (__dest, __src, __len,
      |          ^~~~~~~~~~~~~~~~~~~~~~~~~~~~~~~~~~~~~~~~~~~~~~
   96 |                                   __glibc_objsize (__dest));
      |                                   ~~~~~~~~~~~~~~~~~~~~~~~~~
In function ‘strncpy’,
    inlined from ‘gzgeneric_get_detailed_header_info’ at read_celfile_generic.c:1376:3:
/usr/include/x86_64-linux-gnu/bits/string_fortified.h:95:10: warning: ‘__builtin_strncpy’ output truncated before terminating nul copying 14 bytes from a string of the same length [-Wstringop-truncation]
   95 |   return __builtin___strncpy_chk (__dest, __src, __len,
      |          ^~~~~~~~~~~~~~~~~~~~~~~~~~~~~~~~~~~~~~~~~~~~~~
   96 |                                   __glibc_objsize (__dest));
      |                                   ~~~~~~~~~~~~~~~~~~~~~~~~~
In function ‘strncpy’,
    inlined from ‘gzgeneric_get_detailed_header_info’ at read_celfile_generic.c:1397:3:
/usr/include/x86_64-linux-gnu/bits/string_fortified.h:95:10: warning: ‘__builtin_strncpy’ output truncated before terminating nul copying 17 bytes from a string of the same length [-Wstringop-truncation]
   95 |   return __builtin___strncpy_chk (__dest, __src, __len,
      |          ^~~~~~~~~~~~~~~~~~~~~~~~~~~~~~~~~~~~~~~~~~~~~~
   96 |                                   __glibc_objsize (__dest));
      |                                   ~~~~~~~~~~~~~~~~~~~~~~~~~
In function ‘strncpy’,
    inlined from ‘gzgeneric_get_detailed_header_info’ at read_celfile_generic.c:1418:3:
/usr/include/x86_64-linux-gnu/bits/string_fortified.h:95:10: warning: ‘__builtin_strncpy’ output truncated before terminating nul copying 18 bytes from a string of the same length [-Wstringop-truncation]
   95 |   return __builtin___strncpy_chk (__dest, __src, __len,
      |          ^~~~~~~~~~~~~~~~~~~~~~~~~~~~~~~~~~~~~~~~~~~~~~
   96 |                                   __glibc_objsize (__dest));
      |                                   ~~~~~~~~~~~~~~~~~~~~~~~~~
In function ‘strncpy’,
    inlined from ‘gzgeneric_get_detailed_header_info’ at read_celfile_generic.c:1439:3:
/usr/include/x86_64-linux-gnu/bits/string_fortified.h:95:10: warning: ‘__builtin_strncpy’ output truncated before terminating nul copying 26 bytes from a string of the same length [-Wstringop-truncation]
   95 |   return __builtin___strncpy_chk (__dest, __src, __len,
      |          ^~~~~~~~~~~~~~~~~~~~~~~~~~~~~~~~~~~~~~~~~~~~~~
   96 |                                   __glibc_objsize (__dest));
      |                                   ~~~~~~~~~~~~~~~~~~~~~~~~~
In function ‘strncpy’,
    inlined from ‘gzgeneric_get_detailed_header_info’ at read_celfile_generic.c:1462:3:
/usr/include/x86_64-linux-gnu/bits/string_fortified.h:95:10: warning: ‘__builtin_strncpy’ output truncated before terminating nul copying 18 bytes from a string of the same length [-Wstringop-truncation]
   95 |   return __builtin___strncpy_chk (__dest, __src, __len,
      |          ^~~~~~~~~~~~~~~~~~~~~~~~~~~~~~~~~~~~~~~~~~~~~~
   96 |                                   __glibc_objsize (__dest));
      |                                   ~~~~~~~~~~~~~~~~~~~~~~~~~
In function ‘strncpy’,
    inlined from ‘gzgeneric_get_detailed_header_info’ at read_celfile_generic.c:1486:3:
/usr/include/x86_64-linux-gnu/bits/string_fortified.h:95:10: warning: ‘__builtin_strncpy’ output truncated before terminating nul copying 20 bytes from a string of the same length [-Wstringop-truncation]
   95 |   return __builtin___strncpy_chk (__dest, __src, __len,
      |          ^~~~~~~~~~~~~~~~~~~~~~~~~~~~~~~~~~~~~~~~~~~~~~
   96 |                                   __glibc_objsize (__dest));
      |                                   ~~~~~~~~~~~~~~~~~~~~~~~~~
In function ‘strncpy’,
    inlined from ‘gzgeneric_get_detailed_header_info’ at read_celfile_generic.c:1508:3:
/usr/include/x86_64-linux-gnu/bits/string_fortified.h:95:10: warning: ‘__builtin_strncpy’ output truncated before terminating nul copying 20 bytes from a string of the same length [-Wstringop-truncation]
   95 |   return __builtin___strncpy_chk (__dest, __src, __len,
      |          ^~~~~~~~~~~~~~~~~~~~~~~~~~~~~~~~~~~~~~~~~~~~~~
   96 |                                   __glibc_objsize (__dest));
      |                                   ~~~~~~~~~~~~~~~~~~~~~~~~~
In function ‘strncpy’,
    inlined from ‘gzgeneric_get_detailed_header_info’ at read_celfile_generic.c:1530:3:
/usr/include/x86_64-linux-gnu/bits/string_fortified.h:95:10: warning: ‘__builtin_strncpy’ output truncated before terminating nul copying 12 bytes from a string of the same length [-Wstringop-truncation]
   95 |   return __builtin___strncpy_chk (__dest, __src, __len,
      |          ^~~~~~~~~~~~~~~~~~~~~~~~~~~~~~~~~~~~~~~~~~~~~~
   96 |                                   __glibc_objsize (__dest));
      |                                   ~~~~~~~~~~~~~~~~~~~~~~~~~
In function ‘strncpy’,
    inlined from ‘gzgeneric_get_detailed_header_info’ at read_celfile_generic.c:1551:3:
/usr/include/x86_64-linux-gnu/bits/string_fortified.h:95:10: warning: ‘__builtin_strncpy’ output truncated before terminating nul copying 16 bytes from a string of the same length [-Wstringop-truncation]
   95 |   return __builtin___strncpy_chk (__dest, __src, __len,
      |          ^~~~~~~~~~~~~~~~~~~~~~~~~~~~~~~~~~~~~~~~~~~~~~
   96 |                                   __glibc_objsize (__dest));
      |                                   ~~~~~~~~~~~~~~~~~~~~~~~~~
In function ‘strncpy’,
    inlined from ‘gzgeneric_get_detailed_header_info’ at read_celfile_generic.c:1573:3:
/usr/include/x86_64-linux-gnu/bits/string_fortified.h:95:10: warning: ‘__builtin_strncpy’ output truncated before terminating nul copying 11 bytes from a string of the same length [-Wstringop-truncation]
   95 |   return __builtin___strncpy_chk (__dest, __src, __len,
      |          ^~~~~~~~~~~~~~~~~~~~~~~~~~~~~~~~~~~~~~~~~~~~~~
   96 |                                   __glibc_objsize (__dest));
      |                                   ~~~~~~~~~~~~~~~~~~~~~~~~~
In function ‘strncpy’,
    inlined from ‘gzgeneric_get_detailed_header_info’ at read_celfile_generic.c:1595:3:
/usr/include/x86_64-linux-gnu/bits/string_fortified.h:95:10: warning: ‘__builtin_strncpy’ output truncated before terminating nul copying 8 bytes from a string of the same length [-Wstringop-truncation]
   95 |   return __builtin___strncpy_chk (__dest, __src, __len,
      |          ^~~~~~~~~~~~~~~~~~~~~~~~~~~~~~~~~~~~~~~~~~~~~~
   96 |                                   __glibc_objsize (__dest));
      |                                   ~~~~~~~~~~~~~~~~~~~~~~~~~
gcc -I"/home/biocbuild/bbs-3.18-bioc/R/include" -DNDEBUG -DPACKAGE_NAME=\"\" -DPACKAGE_TARNAME=\"\" -DPACKAGE_VERSION=\"\" -DPACKAGE_STRING=\"\" -DPACKAGE_BUGREPORT=\"\" -DPACKAGE_URL=\"\" -DSTDC_HEADERS=1 -DHAVE_SYS_TYPES_H=1 -DHAVE_SYS_STAT_H=1 -DHAVE_STDLIB_H=1 -DHAVE_STRING_H=1 -DHAVE_MEMORY_H=1 -DHAVE_STRINGS_H=1 -DHAVE_INTTYPES_H=1 -DHAVE_STDINT_H=1 -DHAVE_UNISTD_H=1 -DHAVE_ZLIB=1 -DHAVE_LIBPTHREAD=1 -DUSE_PTHREADS=1  -I/usr/local/include   -g -O2 -Wall   -fpic  -g -O2  -Wall -c read_clf.c -o read_clf.o
gcc -I"/home/biocbuild/bbs-3.18-bioc/R/include" -DNDEBUG -DPACKAGE_NAME=\"\" -DPACKAGE_TARNAME=\"\" -DPACKAGE_VERSION=\"\" -DPACKAGE_STRING=\"\" -DPACKAGE_BUGREPORT=\"\" -DPACKAGE_URL=\"\" -DSTDC_HEADERS=1 -DHAVE_SYS_TYPES_H=1 -DHAVE_SYS_STAT_H=1 -DHAVE_STDLIB_H=1 -DHAVE_STRING_H=1 -DHAVE_MEMORY_H=1 -DHAVE_STRINGS_H=1 -DHAVE_INTTYPES_H=1 -DHAVE_STDINT_H=1 -DHAVE_UNISTD_H=1 -DHAVE_ZLIB=1 -DHAVE_LIBPTHREAD=1 -DUSE_PTHREADS=1  -I/usr/local/include   -g -O2 -Wall   -fpic  -g -O2  -Wall -c read_generic.c -o read_generic.o
gcc -I"/home/biocbuild/bbs-3.18-bioc/R/include" -DNDEBUG -DPACKAGE_NAME=\"\" -DPACKAGE_TARNAME=\"\" -DPACKAGE_VERSION=\"\" -DPACKAGE_STRING=\"\" -DPACKAGE_BUGREPORT=\"\" -DPACKAGE_URL=\"\" -DSTDC_HEADERS=1 -DHAVE_SYS_TYPES_H=1 -DHAVE_SYS_STAT_H=1 -DHAVE_STDLIB_H=1 -DHAVE_STRING_H=1 -DHAVE_MEMORY_H=1 -DHAVE_STRINGS_H=1 -DHAVE_INTTYPES_H=1 -DHAVE_STDINT_H=1 -DHAVE_UNISTD_H=1 -DHAVE_ZLIB=1 -DHAVE_LIBPTHREAD=1 -DUSE_PTHREADS=1  -I/usr/local/include   -g -O2 -Wall   -fpic  -g -O2  -Wall -c read_multichannel_celfile_generic.c -o read_multichannel_celfile_generic.o
gcc -I"/home/biocbuild/bbs-3.18-bioc/R/include" -DNDEBUG -DPACKAGE_NAME=\"\" -DPACKAGE_TARNAME=\"\" -DPACKAGE_VERSION=\"\" -DPACKAGE_STRING=\"\" -DPACKAGE_BUGREPORT=\"\" -DPACKAGE_URL=\"\" -DSTDC_HEADERS=1 -DHAVE_SYS_TYPES_H=1 -DHAVE_SYS_STAT_H=1 -DHAVE_STDLIB_H=1 -DHAVE_STRING_H=1 -DHAVE_MEMORY_H=1 -DHAVE_STRINGS_H=1 -DHAVE_INTTYPES_H=1 -DHAVE_STDINT_H=1 -DHAVE_UNISTD_H=1 -DHAVE_ZLIB=1 -DHAVE_LIBPTHREAD=1 -DUSE_PTHREADS=1  -I/usr/local/include   -g -O2 -Wall   -fpic  -g -O2  -Wall -c read_pgf.c -o read_pgf.o
read_pgf.c:363:12: warning: ‘token_ends_with’ defined but not used [-Wunused-function]
  363 | static int token_ends_with(char *token, char *ends_in){
      |            ^~~~~~~~~~~~~~~
gcc -shared -L/home/biocbuild/bbs-3.18-bioc/R/lib -L/usr/local/lib -o affyio.so fread_functions.o init_package.o read_abatch.o read_bpmap.o read_cdf_xda.o read_cdffile2.o read_celfile_generic.o read_clf.o read_generic.o read_multichannel_celfile_generic.o read_pgf.o -lpthread -lz -L/home/biocbuild/bbs-3.18-bioc/R/lib -lR
installing to /home/biocbuild/bbs-3.18-bioc/R/site-library/00LOCK-affyio/00new/affyio/libs
** R
** byte-compile and prepare package for lazy loading
** help
*** installing help indices
** building package indices
** testing if installed package can be loaded from temporary location
** checking absolute paths in shared objects and dynamic libraries
** testing if installed package can be loaded from final location
** testing if installed package keeps a record of temporary installation path
* DONE (affyio)

Tests output


Example timings