Back to Multiple platform build/check report for BioC 3.19:   simplified   long
ABCDEFGHIJKLMNOPQRSTU[V]WXYZ

This page was generated on 2024-07-16 17:39 -0400 (Tue, 16 Jul 2024).

HostnameOSArch (*)R versionInstalled pkgs
nebbiolo1Linux (Ubuntu 22.04.3 LTS)x86_644.4.1 (2024-06-14) -- "Race for Your Life" 4742
palomino7Windows Server 2022 Datacenterx644.4.1 (2024-06-14 ucrt) -- "Race for Your Life" 4484
merida1macOS 12.7.4 Montereyx86_644.4.1 (2024-06-14) -- "Race for Your Life" 4513
kjohnson1macOS 13.6.6 Venturaarm644.4.1 (2024-06-14) -- "Race for Your Life" 4462
Click on any hostname to see more info about the system (e.g. compilers)      (*) as reported by 'uname -p', except on Windows and Mac OS X

Package 2264/2300HostnameOS / ArchINSTALLBUILDCHECKBUILD BIN
ViSEAGO 1.18.0  (landing page)
Aurelien Brionne
Snapshot Date: 2024-07-14 14:00 -0400 (Sun, 14 Jul 2024)
git_url: https://git.bioconductor.org/packages/ViSEAGO
git_branch: RELEASE_3_19
git_last_commit: 5e80111
git_last_commit_date: 2024-04-30 11:15:53 -0400 (Tue, 30 Apr 2024)
nebbiolo1Linux (Ubuntu 22.04.3 LTS) / x86_64  OK    OK    WARNINGS  UNNEEDED, same version is already published
palomino7Windows Server 2022 Datacenter / x64  OK    OK    WARNINGS    OK  
merida1macOS 12.7.4 Monterey / x86_64  OK    OK    WARNINGS    OK  UNNEEDED, same version is already published
kjohnson1macOS 13.6.6 Ventura / arm64  OK    OK    WARNINGS    OK  UNNEEDED, same version is already published


CHECK results for ViSEAGO on nebbiolo1

To the developers/maintainers of the ViSEAGO package:
- Allow up to 24 hours (and sometimes 48 hours) for your latest push to git@git.bioconductor.org:packages/ViSEAGO.git to reflect on this report. See Troubleshooting Build Report for more information.
- Use the following Renviron settings to reproduce errors and warnings.
- If 'R CMD check' started to fail recently on the Linux builder(s) over a missing dependency, add the missing dependency to 'Suggests:' in your DESCRIPTION file. See Renviron.bioc for more information.

raw results


Summary

Package: ViSEAGO
Version: 1.18.0
Command: /home/biocbuild/bbs-3.19-bioc/R/bin/R CMD check --install=check:ViSEAGO.install-out.txt --library=/home/biocbuild/bbs-3.19-bioc/R/site-library --timings ViSEAGO_1.18.0.tar.gz
StartedAt: 2024-07-15 05:24:38 -0400 (Mon, 15 Jul 2024)
EndedAt: 2024-07-15 05:28:31 -0400 (Mon, 15 Jul 2024)
EllapsedTime: 233.4 seconds
RetCode: 0
Status:   WARNINGS  
CheckDir: ViSEAGO.Rcheck
Warnings: 4

Command output

##############################################################################
##############################################################################
###
### Running command:
###
###   /home/biocbuild/bbs-3.19-bioc/R/bin/R CMD check --install=check:ViSEAGO.install-out.txt --library=/home/biocbuild/bbs-3.19-bioc/R/site-library --timings ViSEAGO_1.18.0.tar.gz
###
##############################################################################
##############################################################################


* using log directory ‘/home/biocbuild/bbs-3.19-bioc/meat/ViSEAGO.Rcheck’
* using R version 4.4.1 (2024-06-14)
* using platform: x86_64-pc-linux-gnu
* R was compiled by
    gcc (Ubuntu 11.4.0-1ubuntu1~22.04) 11.4.0
    GNU Fortran (Ubuntu 11.4.0-1ubuntu1~22.04) 11.4.0
* running under: Ubuntu 22.04.4 LTS
* using session charset: UTF-8
* checking for file ‘ViSEAGO/DESCRIPTION’ ... OK
* this is package ‘ViSEAGO’ version ‘1.18.0’
* checking package namespace information ... OK
* checking package dependencies ... OK
* checking if this is a source package ... OK
* checking if there is a namespace ... OK
* checking for hidden files and directories ... OK
* checking for portable file names ... OK
* checking for sufficient/correct file permissions ... OK
* checking whether package ‘ViSEAGO’ can be installed ... WARNING
Found the following significant warnings:
  Warning: replacing previous import ‘data.table::set’ by ‘dendextend::set’ when loading ‘ViSEAGO’
See ‘/home/biocbuild/bbs-3.19-bioc/meat/ViSEAGO.Rcheck/00install.out’ for details.
* checking installed package size ... NOTE
  installed size is 10.2Mb
  sub-directories of 1Mb or more:
    extdata   8.7Mb
* checking package directory ... OK
* checking ‘build’ directory ... OK
* checking DESCRIPTION meta-information ... WARNING
Non-standard license specification:
  GPL-3 bioconductor.org
Standardizable: FALSE
* checking top-level files ... OK
* checking for left-over files ... OK
* checking index information ... OK
* checking package subdirectories ... OK
* checking code files for non-ASCII characters ... OK
* checking R files for syntax errors ... OK
* checking whether the package can be loaded ... OK
* checking whether the package can be loaded with stated dependencies ... OK
* checking whether the package can be unloaded cleanly ... OK
* checking whether the namespace can be loaded with stated dependencies ... OK
* checking whether the namespace can be unloaded cleanly ... OK
* checking loading without being on the library search path ... OK
* checking dependencies in R code ... WARNING
'library' or 'require' call not declared from: ‘topGO’
'library' or 'require' call to ‘topGO’ in package code.
  Please use :: or requireNamespace() instead.
  See section 'Suggested packages' in the 'Writing R Extensions' manual.
Namespace in Imports field not imported from: ‘processx’
  All declared Imports should be used.
* checking S3 generic/method consistency ... OK
* checking replacement functions ... OK
* checking foreign function calls ... OK
* checking R code for possible problems ... NOTE
annotate,character-genomic_ressource: warning in getBM(attributes =
  c("ensembl_gene_id", "go_id", "go_linkage_type", "namespace_1003"),
  filters = unlist(go_filter[grep("with GO ID", ignore.case = TRUE,
  go_filter$description), "name", with = FALSE]), value = TRUE, mart =
  myspecies): partial argument match of 'value' to 'values'
compute_SS_distances,ANY-character: warning in select(GO.db, keys =
  onto$values, column = "TERM"): partial argument match of 'column' to
  'columns'
merge_enrich_terms,list : genes_symbols_add: warning in
  getBM(attributes = c("ensembl_gene_id", "external_gene_name"), value
  = TRUE, mart = myspecies): partial argument match of 'value' to
  'values'
GOterms_heatmap,GO_SS: no visible binding for global variable ‘GO.ID’
MDSplot,ANY: no visible binding for global variable ‘text’
MDSplot,ANY: no visible binding for global variable ‘GO.cluster’
Upset,ANY: no visible global function definition for ‘png’
Upset,ANY: no visible global function definition for ‘dev.off’
annotate,character-genomic_ressource: no visible global function
  definition for ‘.’
annotate,character-genomic_ressource: no visible binding for global
  variable ‘ENTREZID’
annotate,character-genomic_ressource: no visible binding for global
  variable ‘GO’
annotate,character-genomic_ressource: no visible binding for global
  variable ‘EVIDENCE’
annotate,character-genomic_ressource: no visible binding for global
  variable ‘ONTOLOGY’
compute_SS_distances,ANY-character: no visible binding for global
  variable ‘N’
compute_SS_distances,ANY-character: no visible binding for global
  variable ‘IC’
merge_enrich_terms,list : genes_symbols_add : esummary : <anonymous>:
  no visible binding for global variable ‘start’
merge_enrich_terms,list : genes_symbols_add : esummary : <anonymous>:
  no visible binding for global variable ‘end’
merge_enrich_terms,list : <anonymous>: no visible binding for global
  variable ‘pval’
merge_enrich_terms,list : <anonymous>: no visible binding for global
  variable ‘pathway’
merge_enrich_terms,list : <anonymous>: no visible binding for global
  variable ‘Id’
merge_enrich_terms,list : <anonymous>: no visible global function
  definition for ‘.’
merge_enrich_terms,list : <anonymous>: no visible binding for global
  variable ‘padj’
merge_enrich_terms,list : <anonymous>: no visible binding for global
  variable ‘nMoreExtreme’
merge_enrich_terms,list : <anonymous>: no visible binding for global
  variable ‘ES’
merge_enrich_terms,list : <anonymous>: no visible binding for global
  variable ‘NES’
merge_enrich_terms,list : <anonymous>: no visible binding for global
  variable ‘size’
merge_enrich_terms,list : <anonymous>: no visible binding for global
  variable ‘genes_frequency’
merge_enrich_terms,list : <anonymous>: no visible binding for global
  variable ‘log2err’
merge_enrich_terms,list : <anonymous>: no visible binding for global
  variable ‘leadingEdge’
merge_enrich_terms,list : <anonymous>: no visible binding for global
  variable ‘Significant_genes’
merge_enrich_terms,list : <anonymous>: no visible binding for global
  variable ‘GO.ID’
runfgsea,ANY-gene2GO-character: no visible binding for global variable
  ‘genes_frequency’
runfgsea,ANY-gene2GO-character: no visible binding for global variable
  ‘leadingEdge’
runfgsea,ANY-gene2GO-character: no visible binding for global variable
  ‘size’
runfgsea,ANY-gene2GO-character: no visible binding for global variable
  ‘pathway’
Undefined global functions or variables:
  . ENTREZID ES EVIDENCE GO GO.ID GO.cluster IC Id N NES ONTOLOGY
  Significant_genes dev.off end genes_frequency leadingEdge log2err
  nMoreExtreme padj pathway png pval size start text
Consider adding
  importFrom("grDevices", "dev.off", "png")
  importFrom("graphics", "text")
  importFrom("stats", "end", "start")
to your NAMESPACE file.
* checking Rd files ... OK
* checking Rd metadata ... OK
* checking Rd cross-references ... OK
* checking for missing documentation entries ... OK
* checking for code/documentation mismatches ... OK
* checking Rd \usage sections ... OK
* checking Rd contents ... OK
* checking for unstated dependencies in examples ... OK
* checking contents of ‘data’ directory ... OK
* checking data for non-ASCII characters ... OK
* checking data for ASCII and uncompressed saves ... WARNING
  
  Note: significantly better compression could be obtained
        by using R CMD build --resave-data
              old_size new_size compress
  myGOs.RData    876Kb    517Kb       xz
* checking files in ‘vignettes’ ... OK
* checking examples ... OK
* checking for unstated dependencies in vignettes ... OK
* checking package vignettes ... OK
* checking re-building of vignette outputs ... OK
* checking PDF version of manual ... OK
* DONE

Status: 4 WARNINGs, 2 NOTEs
See
  ‘/home/biocbuild/bbs-3.19-bioc/meat/ViSEAGO.Rcheck/00check.log’
for details.


Installation output

ViSEAGO.Rcheck/00install.out

##############################################################################
##############################################################################
###
### Running command:
###
###   /home/biocbuild/bbs-3.19-bioc/R/bin/R CMD INSTALL ViSEAGO
###
##############################################################################
##############################################################################


* installing to library ‘/home/biocbuild/bbs-3.19-bioc/R/site-library’
* installing *source* package ‘ViSEAGO’ ...
** using staged installation
** R
** data
** inst
** byte-compile and prepare package for lazy loading
Warning: replacing previous import ‘data.table::set’ by ‘dendextend::set’ when loading ‘ViSEAGO’
** help
*** installing help indices
** building package indices
** installing vignettes
** testing if installed package can be loaded from temporary location
Warning: replacing previous import ‘data.table::set’ by ‘dendextend::set’ when loading ‘ViSEAGO’
** testing if installed package can be loaded from final location
Warning: replacing previous import ‘data.table::set’ by ‘dendextend::set’ when loading ‘ViSEAGO’
** testing if installed package keeps a record of temporary installation path
* DONE (ViSEAGO)

Tests output


Example timings

ViSEAGO.Rcheck/ViSEAGO-Ex.timings

nameusersystemelapsed
Bioconductor2GO0.0470.0040.051
Custom2GO0.1170.0040.121
Ensembl2GO000
EntrezGene2GO0.0000.0000.001
EntrezGene_orthologs0.0010.0000.000
GOclusters_heatmap-methods0.0390.0000.039
GOcount-methods0.1900.0160.206
GOterms_heatmap-methods0.1160.0200.135
MDSplot-methods0.0360.0000.037
Uniprot2GO000
Upset-methods1.7480.1481.862
annotate-methods0.0010.0000.001
available_organisms-methods0.0730.0160.089
build_GO_SS-methods0.0370.0000.036
clusters_cor-methods0.0380.0000.037
compare_clusters-methods0.0330.0040.038
compute_SS_distances-methods0.0370.0000.037
create_topGOdata-methods0.0090.0030.012
merge_enrich_terms-methods0.0850.0280.093
overLapper000
pkgdiagram0.0810.0240.098
runfgsea-methods0.0160.0040.013
show_heatmap-methods0.0450.0000.038
show_table-methods0.1670.0040.170
taxonomy0.0680.0000.408