Back to Multiple platform build/check report for BioC 3.18:   simplified   long
ABCDEFGHIJKLMNOPQRS[T]UVWXYZ

This page was generated on 2024-02-22 11:36:26 -0500 (Thu, 22 Feb 2024).

HostnameOSArch (*)R versionInstalled pkgs
nebbiolo2Linux (Ubuntu 22.04.3 LTS)x86_644.3.2 Patched (2023-11-13 r85521) -- "Eye Holes" 4691
palomino4Windows Server 2022 Datacenterx644.3.2 (2023-10-31 ucrt) -- "Eye Holes" 4444
lconwaymacOS 12.7.1 Montereyx86_644.3.2 Patched (2023-11-01 r85457) -- "Eye Holes" 4465
Click on any hostname to see more info about the system (e.g. compilers)      (*) as reported by 'uname -p', except on Windows and Mac OS X

Package 2111/2266HostnameOS / ArchINSTALLBUILDCHECKBUILD BIN
TCC 1.42.0  (landing page)
Jianqiang Sun
Snapshot Date: 2024-02-21 14:05:05 -0500 (Wed, 21 Feb 2024)
git_url: https://git.bioconductor.org/packages/TCC
git_branch: RELEASE_3_18
git_last_commit: b2650a4
git_last_commit_date: 2023-10-24 09:55:38 -0500 (Tue, 24 Oct 2023)
nebbiolo2Linux (Ubuntu 22.04.3 LTS) / x86_64  OK    OK    WARNINGS  UNNEEDED, same version is already published
palomino4Windows Server 2022 Datacenter / x64  OK    OK    WARNINGS    OK  UNNEEDED, same version is already published
lconwaymacOS 12.7.1 Monterey / x86_64  OK    OK    WARNINGS    OK  UNNEEDED, same version is already published
kjohnson1macOS 13.6.1 Ventura / arm64see weekly results here

CHECK results for TCC on nebbiolo2


To the developers/maintainers of the TCC package:
- Allow up to 24 hours (and sometimes 48 hours) for your latest push to git@git.bioconductor.org:packages/TCC.git to reflect on this report. See Troubleshooting Build Report for more information.
- Use the following Renviron settings to reproduce errors and warnings.
- If 'R CMD check' started to fail recently on the Linux builder(s) over a missing dependency, add the missing dependency to 'Suggests:' in your DESCRIPTION file. See Renviron.bioc for more information.

raw results


Summary

Package: TCC
Version: 1.42.0
Command: /home/biocbuild/bbs-3.18-bioc/R/bin/R CMD check --install=check:TCC.install-out.txt --library=/home/biocbuild/bbs-3.18-bioc/R/site-library --timings TCC_1.42.0.tar.gz
StartedAt: 2024-02-22 03:11:19 -0500 (Thu, 22 Feb 2024)
EndedAt: 2024-02-22 03:19:12 -0500 (Thu, 22 Feb 2024)
EllapsedTime: 473.0 seconds
RetCode: 0
Status:   WARNINGS  
CheckDir: TCC.Rcheck
Warnings: 1

Command output

##############################################################################
##############################################################################
###
### Running command:
###
###   /home/biocbuild/bbs-3.18-bioc/R/bin/R CMD check --install=check:TCC.install-out.txt --library=/home/biocbuild/bbs-3.18-bioc/R/site-library --timings TCC_1.42.0.tar.gz
###
##############################################################################
##############################################################################


* using log directory ‘/home/biocbuild/bbs-3.18-bioc/meat/TCC.Rcheck’
* using R version 4.3.2 Patched (2023-11-13 r85521)
* using platform: x86_64-pc-linux-gnu (64-bit)
* R was compiled by
    gcc (Ubuntu 11.4.0-1ubuntu1~22.04) 11.4.0
    GNU Fortran (Ubuntu 11.4.0-1ubuntu1~22.04) 11.4.0
* running under: Ubuntu 22.04.3 LTS
* using session charset: UTF-8
* checking for file ‘TCC/DESCRIPTION’ ... OK
* checking extension type ... Package
* this is package ‘TCC’ version ‘1.42.0’
* checking package namespace information ... OK
* checking package dependencies ... OK
* checking if this is a source package ... OK
* checking if there is a namespace ... OK
* checking for hidden files and directories ... OK
* checking for portable file names ... OK
* checking for sufficient/correct file permissions ... OK
* checking whether package ‘TCC’ can be installed ... WARNING
Found the following significant warnings:
  Warning: Package 'baySeq' is deprecated and will be removed from Bioconductor
See ‘/home/biocbuild/bbs-3.18-bioc/meat/TCC.Rcheck/00install.out’ for details.
* checking installed package size ... OK
* checking package directory ... OK
* checking ‘build’ directory ... OK
* checking DESCRIPTION meta-information ... OK
* checking top-level files ... OK
* checking for left-over files ... OK
* checking index information ... OK
* checking package subdirectories ... OK
* checking R files for non-ASCII characters ... OK
* checking R files for syntax errors ... OK
* checking whether the package can be loaded ... OK
* checking whether the package can be loaded with stated dependencies ... OK
* checking whether the package can be unloaded cleanly ... OK
* checking whether the namespace can be loaded with stated dependencies ... OK
* checking whether the namespace can be unloaded cleanly ... OK
* checking loading without being on the library search path ... OK
* checking dependencies in R code ... OK
* checking S3 generic/method consistency ... OK
* checking replacement functions ... OK
* checking foreign function calls ... OK
* checking R code for possible problems ... OK
* checking Rd files ... OK
* checking Rd metadata ... OK
* checking Rd cross-references ... OK
* checking for missing documentation entries ... OK
* checking for code/documentation mismatches ... OK
* checking Rd \usage sections ... OK
* checking Rd contents ... OK
* checking for unstated dependencies in examples ... OK
* checking contents of ‘data’ directory ... OK
* checking data for non-ASCII characters ... OK
* checking data for ASCII and uncompressed saves ... OK
* checking files in ‘vignettes’ ... OK
* checking examples ... OK
Examples with CPU (user + system) or elapsed time > 5s
                    user system elapsed
TCC-class          6.558  0.476   7.035
simulateReadCounts 6.375  0.190   6.566
* checking for unstated dependencies in ‘tests’ ... OK
* checking tests ...
  Running ‘runTests.R’
 OK
* checking for unstated dependencies in vignettes ... OK
* checking package vignettes in ‘inst/doc’ ... OK
* checking running R code from vignettes ...
  ‘TCC.Rnw’... OK
 OK
* checking re-building of vignette outputs ... OK
* checking PDF version of manual ... OK
* DONE

Status: 1 WARNING
See
  ‘/home/biocbuild/bbs-3.18-bioc/meat/TCC.Rcheck/00check.log’
for details.



Installation output

TCC.Rcheck/00install.out

##############################################################################
##############################################################################
###
### Running command:
###
###   /home/biocbuild/bbs-3.18-bioc/R/bin/R CMD INSTALL TCC
###
##############################################################################
##############################################################################


* installing to library ‘/home/biocbuild/bbs-3.18-bioc/R/site-library’
* installing *source* package ‘TCC’ ...
** using staged installation
** R
** data
** inst
** byte-compile and prepare package for lazy loading
Warning message:
Package 'baySeq' is deprecated and will be removed from Bioconductor
  version 3.19 
Creating a new generic function for ‘calcNormFactors’ in package ‘TCC’
** help
*** installing help indices
** building package indices
** installing vignettes
** testing if installed package can be loaded from temporary location
Warning: Package 'baySeq' is deprecated and will be removed from Bioconductor
  version 3.19
** testing if installed package can be loaded from final location
Warning: Package 'baySeq' is deprecated and will be removed from Bioconductor
  version 3.19
** testing if installed package keeps a record of temporary installation path
* DONE (TCC)

Tests output

TCC.Rcheck/tests/runTests.Rout


R version 4.3.2 Patched (2023-11-13 r85521) -- "Eye Holes"
Copyright (C) 2023 The R Foundation for Statistical Computing
Platform: x86_64-pc-linux-gnu (64-bit)

R is free software and comes with ABSOLUTELY NO WARRANTY.
You are welcome to redistribute it under certain conditions.
Type 'license()' or 'licence()' for distribution details.

R is a collaborative project with many contributors.
Type 'contributors()' for more information and
'citation()' on how to cite R or R packages in publications.

Type 'demo()' for some demos, 'help()' for on-line help, or
'help.start()' for an HTML browser interface to help.
Type 'q()' to quit R.

> BiocGenerics:::testPackage("TCC")

Attaching package: 'BiocGenerics'

The following objects are masked from 'package:stats':

    IQR, mad, sd, var, xtabs

The following objects are masked from 'package:base':

    Filter, Find, Map, Position, Reduce, anyDuplicated, aperm, append,
    as.data.frame, basename, cbind, colnames, dirname, do.call,
    duplicated, eval, evalq, get, grep, grepl, intersect, is.unsorted,
    lapply, mapply, match, mget, order, paste, pmax, pmax.int, pmin,
    pmin.int, rank, rbind, rownames, sapply, setdiff, sort, table,
    tapply, union, unique, unsplit, which.max, which.min


Attaching package: 'S4Vectors'

The following object is masked from 'package:utils':

    findMatches

The following objects are masked from 'package:base':

    I, expand.grid, unname


Attaching package: 'MatrixGenerics'

The following objects are masked from 'package:matrixStats':

    colAlls, colAnyNAs, colAnys, colAvgsPerRowSet, colCollapse,
    colCounts, colCummaxs, colCummins, colCumprods, colCumsums,
    colDiffs, colIQRDiffs, colIQRs, colLogSumExps, colMadDiffs,
    colMads, colMaxs, colMeans2, colMedians, colMins, colOrderStats,
    colProds, colQuantiles, colRanges, colRanks, colSdDiffs, colSds,
    colSums2, colTabulates, colVarDiffs, colVars, colWeightedMads,
    colWeightedMeans, colWeightedMedians, colWeightedSds,
    colWeightedVars, rowAlls, rowAnyNAs, rowAnys, rowAvgsPerColSet,
    rowCollapse, rowCounts, rowCummaxs, rowCummins, rowCumprods,
    rowCumsums, rowDiffs, rowIQRDiffs, rowIQRs, rowLogSumExps,
    rowMadDiffs, rowMads, rowMaxs, rowMeans2, rowMedians, rowMins,
    rowOrderStats, rowProds, rowQuantiles, rowRanges, rowRanks,
    rowSdDiffs, rowSds, rowSums2, rowTabulates, rowVarDiffs, rowVars,
    rowWeightedMads, rowWeightedMeans, rowWeightedMedians,
    rowWeightedSds, rowWeightedVars

Welcome to Bioconductor

    Vignettes contain introductory material; view with
    'browseVignettes()'. To cite Bioconductor, see
    'citation("Biobase")', and for packages 'citation("pkgname")'.


Attaching package: 'Biobase'

The following object is masked from 'package:MatrixGenerics':

    rowMedians

The following objects are masked from 'package:matrixStats':

    anyMissing, rowMedians


Attaching package: 'limma'

The following object is masked from 'package:DESeq2':

    plotMA

The following object is masked from 'package:BiocGenerics':

    plotMA


Attaching package: 'TCC'

The following object is masked from 'package:edgeR':

    calcNormFactors

TCC::INFO: Identifying DE genes using wad ...
TCC::INFO: Done.
TCC::INFO: Identifying DE genes using wad ...
TCC::INFO: Done.
TCC::INFO: Calculating normalization factors using tmm ...
TCC::INFO: Done.
TCC::INFO: Calculating normalization factors using DEGES
TCC::INFO: (iDEGES pipeline : tmm - [ edger - tmm ] X 1 )
TCC::INFO: Done.
TCC::INFO: Calculating normalization factors using DEGES
TCC::INFO: (iDEGES pipeline : tmm - [ edger - tmm ] X 1 )
TCC::INFO: Done.
TCC::INFO: Calculating normalization factors using DEGES
TCC::INFO: (iDEGES pipeline : tmm - [ edger - tmm ] X 3 )
TCC::INFO: Done.
TCC::INFO: Calculating normalization factors using DEGES
TCC::INFO: (iDEGES pipeline : tmm - [ edger - tmm ] X 1 )
TCC::INFO: Done.
TCC::INFO: Calculating normalization factors using DEGES
TCC::INFO: (iDEGES pipeline : tmm - [ edger - tmm ] X 2 )
TCC::INFO: Done.
TCC::INFO: Calculating normalization factors using DEGES
TCC::INFO: (iDEGES pipeline : tmm - [ edger - tmm ] X 3 )
TCC::INFO: Done.
TCC::INFO: Calculating normalization factors using DEGES
TCC::INFO: (iDEGES pipeline : tmm - [ edger - tmm ] X 1 )
TCC::INFO: Done.
TCC::INFO: Calculating normalization factors using DEGES
TCC::INFO: (iDEGES pipeline : tmm - [ edger - tmm ] X 3 )
TCC::INFO: Done.
TCC::INFO: Generating simulation data under NB distribution ...
TCC::INFO: (genesizes   :  1000 )
TCC::INFO: (replicates  :  3, 3 )
TCC::INFO: (PDEG        :  0.16, 0.04 )
TCC::INFO: Calculating normalization factors using DEGES
TCC::INFO: (iDEGES pipeline : tmm - [ bayseq - tmm ] X 1 )
TCC::INFO: Done.
TCC::INFO: Calculating normalization factors using DEGES
TCC::INFO: (iDEGES pipeline : deseq2 - [ bayseq - deseq2 ] X 1 )
TCC::INFO: Done.
TCC::INFO: Identifying DE genes using bayseq ...
TCC::INFO: Done.
[1] 0.7973438
TCC::INFO: Calculating normalization factors using DEGES
TCC::INFO: (iDEGES pipeline : tmm - [ deseq2 - tmm ] X 1 )
TCC::INFO: Done.
TCC::INFO: Calculating normalization factors using DEGES
TCC::INFO: (iDEGES pipeline : deseq2 - [ deseq2 - deseq2 ] X 1 )
TCC::INFO: Done.
TCC::INFO: Identifying DE genes using deseq2 ...
TCC::INFO: Done.
[1] 0.8962219
TCC::INFO: Calculating normalization factors using DEGES
TCC::INFO: (iDEGES pipeline : tmm - [ edger - tmm ] X 1 )
TCC::INFO: Done.
TCC::INFO: Calculating normalization factors using DEGES
TCC::INFO: (iDEGES pipeline : deseq2 - [ edger - deseq2 ] X 1 )
TCC::INFO: Done.
TCC::INFO: Identifying DE genes using edger ...
TCC::INFO: Done.
[1] 0.8923281
TCC::INFO: Calculating normalization factors using DEGES
TCC::INFO: (iDEGES pipeline : tmm - [ voom - tmm ] X 1 )
TCC::INFO: Done.
TCC::INFO: Calculating normalization factors using DEGES
TCC::INFO: (iDEGES pipeline : deseq2 - [ voom - deseq2 ] X 1 )
TCC::INFO: Done.
TCC::INFO: Identifying DE genes using voom ...
TCC::INFO: Done.
[1] 0.8621406
TCC::INFO: Generating simulation data under NB distribution ...
TCC::INFO: (genesizes   :  1000 )
TCC::INFO: (samples     :  8 )
TCC::INFO: (factors     :  2 )
TCC::INFO: (PDEG        :  0.1 )
TCC::INFO: Calculating normalization factors using DEGES
TCC::INFO: (iDEGES pipeline : tmm - [ bayseq - tmm ] X 1 )
TCC::INFO: Done.
TCC::INFO: Calculating normalization factors using DEGES
TCC::INFO: (iDEGES pipeline : deseq2 - [ bayseq - deseq2 ] X 1 )
TCC::INFO: Done.
TCC::INFO: Identifying DE genes using bayseq ...
TCC::INFO: Done.
[1] 0.7946778
TCC::INFO: Calculating normalization factors using DEGES
TCC::INFO: (iDEGES pipeline : tmm - [ deseq2 - tmm ] X 1 )
TCC::INFO: Done.
TCC::INFO: Calculating normalization factors using DEGES
TCC::INFO: (iDEGES pipeline : deseq2 - [ deseq2 - deseq2 ] X 1 )
TCC::INFO: Done.
TCC::INFO: Identifying DE genes using deseq2 ...
TCC::INFO: Done.
[1] 0.8696778
TCC::INFO: Calculating normalization factors using DEGES
TCC::INFO: (iDEGES pipeline : tmm - [ edger - tmm ] X 1 )
TCC::INFO: Done.
TCC::INFO: Calculating normalization factors using DEGES
TCC::INFO: (iDEGES pipeline : deseq2 - [ edger - deseq2 ] X 1 )
TCC::INFO: Done.
TCC::INFO: Identifying DE genes using edger ...
TCC::INFO: Done.
[1] 0.8986444
TCC::INFO: Calculating normalization factors using DEGES
TCC::INFO: (iDEGES pipeline : tmm - [ voom - tmm ] X 1 )
TCC::INFO: Done.
TCC::INFO: Calculating normalization factors using DEGES
TCC::INFO: (iDEGES pipeline : deseq2 - [ voom - deseq2 ] X 1 )
TCC::INFO: Done.
TCC::INFO: Identifying DE genes using voom ...
TCC::INFO: Done.
[1] 0.8815667
TCC::INFO: Generating simulation data under NB distribution ...
TCC::INFO: (genesizes   :  1000 )
TCC::INFO: (replicates  :  3, 3, 3 )
TCC::INFO: (PDEG        :  0.12, 0.04, 0.04 )
TCC::INFO: Calculating normalization factors using DEGES
TCC::INFO: (iDEGES pipeline : tmm - [ bayseq - tmm ] X 1 )
TCC::INFO: Done.
TCC::INFO: Calculating normalization factors using DEGES
TCC::INFO: (iDEGES pipeline : deseq2 - [ bayseq - deseq2 ] X 1 )
TCC::INFO: Done.
TCC::INFO: Identifying DE genes using bayseq ...
TCC::INFO: Done.
[1] 0.6586125
TCC::INFO: Calculating normalization factors using DEGES
TCC::INFO: (iDEGES pipeline : tmm - [ deseq2 - tmm ] X 1 )
TCC::INFO: Done.
TCC::INFO: Calculating normalization factors using DEGES
TCC::INFO: (iDEGES pipeline : deseq2 - [ deseq2 - deseq2 ] X 1 )
TCC::INFO: Done.
TCC::INFO: Identifying DE genes using deseq2 ...
TCC::INFO: Done.
[1] 0.8559625
TCC::INFO: Calculating normalization factors using DEGES
TCC::INFO: (iDEGES pipeline : tmm - [ edger - tmm ] X 1 )
TCC::INFO: Done.
TCC::INFO: Calculating normalization factors using DEGES
TCC::INFO: (iDEGES pipeline : deseq2 - [ edger - deseq2 ] X 1 )
TCC::INFO: Done.
TCC::INFO: Identifying DE genes using edger ...
TCC::INFO: Done.
[1] 0.8673437
TCC::INFO: Calculating normalization factors using DEGES
TCC::INFO: (iDEGES pipeline : tmm - [ voom - tmm ] X 1 )
TCC::INFO: Done.
TCC::INFO: Calculating normalization factors using DEGES
TCC::INFO: (iDEGES pipeline : deseq2 - [ voom - deseq2 ] X 1 )
TCC::INFO: Done.
TCC::INFO: Identifying DE genes using voom ...
TCC::INFO: Done.
[1] 0.8355187
TCC::INFO: Generating simulation data under NB distribution ...
TCC::INFO: (genesizes   :  1000 )
TCC::INFO: (samples     :  12 )
TCC::INFO: (factors     :  2 )
TCC::INFO: (PDEG        :  0.1 )
TCC::INFO: Calculating normalization factors using DEGES
TCC::INFO: (iDEGES pipeline : tmm - [ bayseq - tmm ] X 1 )
TCC::INFO: Done.
TCC::INFO: Calculating normalization factors using DEGES
TCC::INFO: (iDEGES pipeline : deseq2 - [ bayseq - deseq2 ] X 1 )
TCC::INFO: Done.
TCC::INFO: Identifying DE genes using bayseq ...
TCC::INFO: Done.
[1] 0.6258469
TCC::INFO: Calculating normalization factors using DEGES
TCC::INFO: (iDEGES pipeline : tmm - [ deseq2 - tmm ] X 1 )
TCC::INFO: Done.
TCC::INFO: Calculating normalization factors using DEGES
TCC::INFO: (iDEGES pipeline : deseq2 - [ deseq2 - deseq2 ] X 1 )
TCC::INFO: Done.
TCC::INFO: Identifying DE genes using deseq2 ...
TCC::INFO: Done.
[1] 0.9129794
TCC::INFO: Calculating normalization factors using DEGES
TCC::INFO: (iDEGES pipeline : tmm - [ edger - tmm ] X 1 )
TCC::INFO: Done.
TCC::INFO: Calculating normalization factors using DEGES
TCC::INFO: (iDEGES pipeline : deseq2 - [ edger - deseq2 ] X 1 )
TCC::INFO: Done.
TCC::INFO: Identifying DE genes using edger ...
TCC::INFO: Done.
[1] 0.7513251
TCC::INFO: Calculating normalization factors using DEGES
TCC::INFO: (iDEGES pipeline : tmm - [ voom - tmm ] X 1 )
TCC::INFO: Done.
TCC::INFO: Calculating normalization factors using DEGES
TCC::INFO: (iDEGES pipeline : deseq2 - [ voom - deseq2 ] X 1 )
TCC::INFO: Done.
TCC::INFO: Identifying DE genes using voom ...
TCC::INFO: Done.
[1] 0.8871105
TCC::INFO: Calculating normalization factors using tmm ...
TCC::INFO: Done.
TCC::INFO: Identifying DE genes using edger ...
TCC::INFO: Done.
TCC::INFO: Calculating normalization factors using tmm ...
TCC::INFO: Done.
TCC::INFO: Identifying DE genes using edger ...
TCC::INFO: Done.
TCC::INFO: Generating simulation data under NB distribution ...
TCC::INFO: (genesizes   :  1000 )
TCC::INFO: (replicates  :  3, 3 )
TCC::INFO: (PDEG        :  0.18, 0.02 )
TCC::INFO: Generating simulation data under NB distribution ...
TCC::INFO: (genesizes   :  1000 )
TCC::INFO: (replicates  :  3, 3, 3 )
TCC::INFO: (PDEG        :  0.18, 0.01, 0.01 )


RUNIT TEST PROTOCOL -- Thu Feb 22 03:16:04 2024 
*********************************************** 
Number of test functions: 10 
Number of errors: 0 
Number of failures: 0 

 
1 Test Suite : 
TCC RUnit Tests - 10 test functions, 0 errors, 0 failures
Number of test functions: 10 
Number of errors: 0 
Number of failures: 0 
Warning message:
Package 'baySeq' is deprecated and will be removed from Bioconductor
  version 3.19 
> 
> proc.time()
   user  system elapsed 
 91.579   1.464  93.035 

Example timings

TCC.Rcheck/TCC-Ex.timings

nameusersystemelapsed
ROKU0.0090.0000.009
TCC-class6.5580.4767.035
TCC0.0030.0030.007
WAD0.1250.0010.125
arab0.0380.0000.038
calcAUCValue2.0930.0722.165
calcNormFactors1.0720.0321.104
clusterSample0.2170.0080.225
estimateDE0.4940.0040.498
filterLowCountGenes0.0150.0000.015
getNormalizedData0.2740.0040.278
getResult0.5160.0040.520
hypoData2.2470.1232.371
hypoData_mg1.6320.0321.664
hypoData_ts0.0010.0000.001
makeFCMatrix0.0030.0000.003
nakai0.0290.0000.030
plot.TCC4.2960.0754.372
plotFCPseudocolor3.7890.0413.829
simulateReadCounts6.3750.1906.566