Back to Multiple platform build/check report for BioC 3.14
ABCDEFGHIJKLMNOPQR[S]TUVWXYZ

This page was generated on 2021-12-03 13:06:03 -0500 (Fri, 03 Dec 2021).

CHECK results for SBMLR on machv2

To the developers/maintainers of the SBMLR package:
- Please allow up to 24 hours (and sometimes 48 hours) for your latest push to git@git.bioconductor.org:packages/SBMLR.git to
reflect on this report. See How and When does the builder pull? When will my changes propagate? here for more information.
- Make sure to use the following settings in order to reproduce any error or warning you see on this page.

raw results

Package 1698/2083HostnameOS / ArchINSTALLBUILDCHECKBUILD BIN
SBMLR 1.90.0  (landing page)
Tomas Radivoyevitch
Snapshot Date: 2021-12-02 01:55:06 -0500 (Thu, 02 Dec 2021)
git_url: https://git.bioconductor.org/packages/SBMLR
git_branch: RELEASE_3_14
git_last_commit: faed667
git_last_commit_date: 2021-10-26 11:47:31 -0500 (Tue, 26 Oct 2021)
nebbiolo2Linux (Ubuntu 20.04.3 LTS) / x86_64  OK    OK    OK  UNNEEDED, same version is already published
tokay2Windows Server 2012 R2 Standard / x64  OK    OK    OK    OK  UNNEEDED, same version is already published
machv2macOS 10.14.6 Mojave / x86_64  OK    OK    ERROR    OK  

Summary

Package: SBMLR
Version: 1.90.0
Command: _R_CHECK_FORCE_SUGGESTS_=0 /Library/Frameworks/R.framework/Resources/bin/R CMD check --install=check:SBMLR.install-out.txt --library=/Library/Frameworks/R.framework/Resources/library --no-vignettes --timings SBMLR_1.90.0.tar.gz
StartedAt: 2021-12-02 18:56:58 -0500 (Thu, 02 Dec 2021)
EndedAt: 2021-12-02 18:57:36 -0500 (Thu, 02 Dec 2021)
EllapsedTime: 37.6 seconds
RetCode: 1
Status:   ERROR  
CheckDir: SBMLR.Rcheck
Warnings: NA

Command output

##############################################################################
##############################################################################
###
### Running command:
###
###   _R_CHECK_FORCE_SUGGESTS_=0 /Library/Frameworks/R.framework/Resources/bin/R CMD check --install=check:SBMLR.install-out.txt --library=/Library/Frameworks/R.framework/Resources/library --no-vignettes --timings SBMLR_1.90.0.tar.gz
###
##############################################################################
##############################################################################


* using log directory ‘/Users/biocbuild/bbs-3.14-bioc/meat/SBMLR.Rcheck’
* using R version 4.1.2 (2021-11-01)
* using platform: x86_64-apple-darwin17.0 (64-bit)
* using session charset: UTF-8
* using option ‘--no-vignettes’
* checking for file ‘SBMLR/DESCRIPTION’ ... OK
* this is package ‘SBMLR’ version ‘1.90.0’
* checking package namespace information ... OK
* checking package dependencies ... NOTE
Package suggested but not available for checking: ‘rsbml’
* checking if this is a source package ... OK
* checking if there is a namespace ... OK
* checking for hidden files and directories ... NOTE
Found the following hidden files and directories:
  .BBSoptions
These were most likely included in error. See section ‘Package
structure’ in the ‘Writing R Extensions’ manual.
* checking for portable file names ... OK
* checking for sufficient/correct file permissions ... OK
* checking whether package ‘SBMLR’ can be installed ... OK
* checking installed package size ... OK
* checking package directory ... OK
* checking ‘build’ directory ... OK
* checking DESCRIPTION meta-information ... OK
* checking top-level files ... OK
* checking for left-over files ... OK
* checking index information ... OK
* checking package subdirectories ... OK
* checking R files for non-ASCII characters ... OK
* checking R files for syntax errors ... OK
* checking whether the package can be loaded ... OK
* checking whether the package can be loaded with stated dependencies ... OK
* checking whether the package can be unloaded cleanly ... OK
* checking whether the namespace can be loaded with stated dependencies ... OK
* checking whether the namespace can be unloaded cleanly ... OK
* checking dependencies in R code ... NOTE
'library' or 'require' call to ‘XML’ which was already attached by Depends.
  Please remove these calls from your code.
'library' or 'require' call to ‘rsbml’ in package code.
  Please use :: or requireNamespace() instead.
  See section 'Suggested packages' in the 'Writing R Extensions' manual.
Packages in Depends field not imported from:
  ‘XML’ ‘deSolve’
  These packages need to be imported from (in the NAMESPACE file)
  for when this namespace is loaded but not attached.
There are ::: calls to the package's namespace in its code. A package
  almost never needs to use ::: for its own objects:
  ‘R2MathML’ ‘getRuleLeaves’ ‘makeLaw’
* checking S3 generic/method consistency ... OK
* checking replacement functions ... OK
* checking foreign function calls ... OK
* checking R code for possible problems ... NOTE
R2MathML: no visible global function definition for ‘xmlOutputDOM’
S4toS3: no visible global function definition for ‘model’
S4toS3: no visible global function definition for ‘id’
S4toS3: no visible global function definition for ‘size’
S4toS3: no visible global function definition for
  ‘initialConcentration’
S4toS3: no visible global function definition for ‘compartment’
S4toS3: no visible global function definition for ‘boundaryCondition’
S4toS3: no visible binding for global variable ‘value’
S4toS3: no visible binding for global variable ‘id’
S4toS3: no visible global function definition for ‘math’
S4toS3: no visible global function definition for ‘variable’
S4toS3: no visible global function definition for ‘kineticLaw’
S4toS3: no visible global function definition for ‘reactants’
S4toS3: no visible global function definition for ‘modifiers’
S4toS3: no visible global function definition for ‘products’
S4toS3: no visible global function definition for ‘reversible’
S4toS3: no visible global function definition for ‘notes’
getRuleLeaves: no visible global function definition for ‘xmlName’
getRuleLeaves: no visible global function definition for ‘xmlValue’
readSBML : mathml2R.XMLNode: no visible global function definition for
  ‘xmlName’
readSBML: no visible global function definition for ‘xmlEventParse’
readSBML: no visible global function definition for ‘xmlTreeParse’
readSBMLR: no visible global function definition for ‘xmlOutputDOM’
readSBMLR: no visible global function definition for ‘xmlTextNode’
saveSBML: no visible global function definition for ‘saveXML’
sim: no visible global function definition for ‘ode’
Undefined global functions or variables:
  boundaryCondition compartment id initialConcentration kineticLaw math
  model modifiers notes ode products reactants reversible saveXML size
  value variable xmlEventParse xmlName xmlOutputDOM xmlTextNode
  xmlTreeParse xmlValue
* checking Rd files ... OK
* checking Rd metadata ... OK
* checking Rd cross-references ... OK
* checking for missing documentation entries ... OK
* checking for code/documentation mismatches ... OK
* checking Rd \usage sections ... OK
* checking Rd contents ... OK
* checking for unstated dependencies in examples ... OK
* checking sizes of PDF files under ‘inst/doc’ ... OK
* checking files in ‘vignettes’ ... OK
* checking examples ... ERROR
Running examples in ‘SBMLR-Ex.R’ failed
The error most likely occurred in:

> base::assign(".ptime", proc.time(), pos = "CheckExEnv")
> ### Name: S4toS3
> ### Title: Converts an S4 class SBML object created by rsbml into an S3
> ###   object of class SBMLR
> ### Aliases: S4toS3
> ### Keywords: arith math
> 
> ### ** Examples
> 
> 
> library(rsbml)
Error in library(rsbml) : there is no package called ‘rsbml’
Execution halted
* checking for unstated dependencies in vignettes ... OK
* checking package vignettes in ‘inst/doc’ ... OK
* checking running R code from vignettes ... SKIPPED
* checking re-building of vignette outputs ... SKIPPED
* checking PDF version of manual ... OK
* DONE

Status: 1 ERROR, 4 NOTEs
See
  ‘/Users/biocbuild/bbs-3.14-bioc/meat/SBMLR.Rcheck/00check.log’
for details.


Installation output

SBMLR.Rcheck/00install.out

##############################################################################
##############################################################################
###
### Running command:
###
###   /Library/Frameworks/R.framework/Resources/bin/R CMD INSTALL SBMLR
###
##############################################################################
##############################################################################


* installing to library ‘/Library/Frameworks/R.framework/Versions/4.1/Resources/library’
* installing *source* package ‘SBMLR’ ...
** using staged installation
** R
** inst
** byte-compile and prepare package for lazy loading
** help
*** installing help indices
** building package indices
** installing vignettes
** testing if installed package can be loaded from temporary location
** testing if installed package can be loaded from final location
** testing if installed package keeps a record of temporary installation path
* DONE (SBMLR)

Tests output


Example timings

SBMLR.Rcheck/SBMLR-Ex.timings

nameusersystemelapsed
Ops.SBMLR0.7140.0090.728