Back to Multiple platform build/check report for BioC 3.14
ABCDEFGHIJKLMNOPQ[R]STUVWXYZ

This page was generated on 2022-01-21 13:08:25 -0500 (Fri, 21 Jan 2022).

HostnameOSArch (*)R versionInstalled pkgs
nebbiolo2Linux (Ubuntu 20.04.4 LTS)x86_644.1.2 (2021-11-01) -- "Bird Hippie" 4329
tokay2Windows Server 2012 R2 Standardx644.1.2 (2021-11-01) -- "Bird Hippie" 4079
machv2macOS 10.14.6 Mojavex86_644.1.2 (2021-11-01) -- "Bird Hippie" 4140
Click on any hostname to see more info about the system (e.g. compilers)      (*) as reported by 'uname -p', except on Windows and Mac OS X

CHECK results for Rnits on machv2


To the developers/maintainers of the Rnits package:
- Please allow up to 24 hours (and sometimes 48 hours) for your latest push to git@git.bioconductor.org:packages/Rnits.git to
reflect on this report. See How and When does the builder pull? When will my changes propagate? here for more information.
- Make sure to use the following settings in order to reproduce any error or warning you see on this page.

raw results

Package 1640/2083HostnameOS / ArchINSTALLBUILDCHECKBUILD BIN
Rnits 1.28.0  (landing page)
Dipen P. Sangurdekar
Snapshot Date: 2022-01-20 01:55:04 -0500 (Thu, 20 Jan 2022)
git_url: https://git.bioconductor.org/packages/Rnits
git_branch: RELEASE_3_14
git_last_commit: fc51552
git_last_commit_date: 2021-10-26 12:15:38 -0500 (Tue, 26 Oct 2021)
nebbiolo2Linux (Ubuntu 20.04.4 LTS) / x86_64  OK    OK    WARNINGS  UNNEEDED, same version is already published
tokay2Windows Server 2012 R2 Standard / x64  OK    OK    WARNINGS    OK  UNNEEDED, same version is already published
machv2macOS 10.14.6 Mojave / x86_64  OK    OK    WARNINGS    OK  UNNEEDED, same version is already published

Summary

Package: Rnits
Version: 1.28.0
Command: /Library/Frameworks/R.framework/Resources/bin/R CMD check --install=check:Rnits.install-out.txt --library=/Library/Frameworks/R.framework/Resources/library --no-vignettes --timings Rnits_1.28.0.tar.gz
StartedAt: 2022-01-20 17:24:54 -0500 (Thu, 20 Jan 2022)
EndedAt: 2022-01-20 17:26:25 -0500 (Thu, 20 Jan 2022)
EllapsedTime: 90.9 seconds
RetCode: 0
Status:   WARNINGS  
CheckDir: Rnits.Rcheck
Warnings: 1

Command output

##############################################################################
##############################################################################
###
### Running command:
###
###   /Library/Frameworks/R.framework/Resources/bin/R CMD check --install=check:Rnits.install-out.txt --library=/Library/Frameworks/R.framework/Resources/library --no-vignettes --timings Rnits_1.28.0.tar.gz
###
##############################################################################
##############################################################################


* using log directory ‘/Users/biocbuild/bbs-3.14-bioc/meat/Rnits.Rcheck’
* using R version 4.1.2 (2021-11-01)
* using platform: x86_64-apple-darwin17.0 (64-bit)
* using session charset: UTF-8
* using option ‘--no-vignettes’
* checking for file ‘Rnits/DESCRIPTION’ ... OK
* checking extension type ... Package
* this is package ‘Rnits’ version ‘1.28.0’
* checking package namespace information ... OK
* checking package dependencies ... OK
* checking if this is a source package ... OK
* checking if there is a namespace ... OK
* checking for hidden files and directories ... OK
* checking for portable file names ... OK
* checking for sufficient/correct file permissions ... OK
* checking whether package ‘Rnits’ can be installed ... OK
* checking installed package size ... OK
* checking package directory ... OK
* checking ‘build’ directory ... OK
* checking DESCRIPTION meta-information ... OK
* checking top-level files ... OK
* checking for left-over files ... OK
* checking index information ... OK
* checking package subdirectories ... OK
* checking R files for non-ASCII characters ... OK
* checking R files for syntax errors ... OK
* checking whether the package can be loaded ... OK
* checking whether the package can be loaded with stated dependencies ... OK
* checking whether the package can be unloaded cleanly ... OK
* checking whether the namespace can be loaded with stated dependencies ... OK
* checking whether the namespace can be unloaded cleanly ... OK
* checking dependencies in R code ... OK
* checking S3 generic/method consistency ... OK
* checking replacement functions ... OK
* checking foreign function calls ... OK
* checking R code for possible problems ... NOTE
build.Rnits: no visible global function definition for ‘median’
build.Rnits: no visible global function definition for ‘sd’
finds0: no visible global function definition for ‘rnorm’
finds0: no visible global function definition for ‘quantile’
finds0: no visible global function definition for ‘mad’
finds0 : <anonymous>: no visible global function definition for ‘sd’
modelfit: no visible global function definition for ‘hat’
ranknormalization: no visible binding for global variable ‘median’
ranknormalization: no visible global function definition for
  ‘smooth.spline’
ranknormalization: no visible global function definition for ‘predict’
ranknormalization: no visible global function definition for ‘par’
solvemat: no visible global function definition for ‘hat’
tsFit: no visible global function definition for ‘txtProgressBar’
tsFit: no visible global function definition for ‘setTxtProgressBar’
calculateGCV,Rnits: no visible global function definition for ‘glm’
calculateGCV,Rnits: no visible binding for global variable ‘gaussian’
fit,Rnits: no visible global function definition for ‘kmeans’
fit,Rnits : <anonymous>: no visible global function definition for
  ‘p.adjust’
fit,Rnits: no visible global function definition for ‘par’
fit,Rnits: no visible global function definition for ‘hist’
getCID,Rnits: no visible global function definition for ‘setNames’
getPval,Rnits: no visible global function definition for ‘setNames’
getStat,Rnits: no visible global function definition for ‘setNames’
plotResults,Rnits: no visible global function definition for ‘aes’
plotResults,Rnits: no visible binding for global variable ‘Time’
plotResults,Rnits: no visible binding for global variable ‘value’
plotResults,Rnits: no visible global function definition for
  ‘geom_point’
plotResults,Rnits: no visible binding for global variable ‘Sample’
plotResults,Rnits: no visible global function definition for
  ‘geom_smooth’
plotResults,Rnits: no visible global function definition for ‘ylab’
plotResults,Rnits: no visible global function definition for ‘theme_bw’
plotResults,Rnits: no visible global function definition for ‘theme’
plotResults,Rnits: no visible global function definition for
  ‘scale_color_brewer’
plotResults,Rnits: no visible global function definition for
  ‘facet_wrap’
plotResults,Rnits: no visible global function definition for ‘dev.off’
summary,Rnits: no visible global function definition for ‘hist’
timeAlign,Rnits: no visible global function definition for ‘quantile’
timeAlign,Rnits: no visible global function definition for ‘mvfft’
timeAlign,Rnits: no visible global function definition for ‘abline’
Undefined global functions or variables:
  Sample Time abline aes dev.off facet_wrap gaussian geom_point
  geom_smooth glm hat hist kmeans mad median mvfft p.adjust par predict
  quantile rnorm scale_color_brewer sd setNames setTxtProgressBar
  smooth.spline theme theme_bw txtProgressBar value ylab
Consider adding
  importFrom("grDevices", "dev.off")
  importFrom("graphics", "abline", "hist", "par")
  importFrom("stats", "gaussian", "glm", "hat", "kmeans", "mad",
             "median", "mvfft", "p.adjust", "predict", "quantile",
             "rnorm", "sd", "setNames", "smooth.spline")
  importFrom("utils", "setTxtProgressBar", "txtProgressBar")
to your NAMESPACE file.
* checking Rd files ... OK
* checking Rd metadata ... OK
* checking Rd cross-references ... OK
* checking for missing documentation entries ... OK
* checking for code/documentation mismatches ... OK
* checking Rd \usage sections ... WARNING
Documented arguments not in \usage in documentation object 'plotResults':
  ‘...’

Functions with \usage entries need to have the appropriate \alias
entries, and all their arguments documented.
The \usage entries must correspond to syntactically valid R code.
See chapter ‘Writing R documentation files’ in the ‘Writing R
Extensions’ manual.
* checking Rd contents ... OK
* checking for unstated dependencies in examples ... OK
* checking contents of ‘data’ directory ... OK
* checking data for non-ASCII characters ... OK
* checking LazyData ... OK
* checking data for ASCII and uncompressed saves ... OK
* checking sizes of PDF files under ‘inst/doc’ ... OK
* checking files in ‘vignettes’ ... OK
* checking examples ... OK
Examples with CPU (user + system) or elapsed time > 5s
                      user system elapsed
calculateGCV-methods 6.329  0.224   6.644
* checking for unstated dependencies in vignettes ... OK
* checking package vignettes in ‘inst/doc’ ... OK
* checking running R code from vignettes ... SKIPPED
* checking re-building of vignette outputs ... SKIPPED
* checking PDF version of manual ... OK
* DONE

Status: 1 WARNING, 1 NOTE
See
  ‘/Users/biocbuild/bbs-3.14-bioc/meat/Rnits.Rcheck/00check.log’
for details.



Installation output

Rnits.Rcheck/00install.out

##############################################################################
##############################################################################
###
### Running command:
###
###   /Library/Frameworks/R.framework/Resources/bin/R CMD INSTALL Rnits
###
##############################################################################
##############################################################################


* installing to library ‘/Library/Frameworks/R.framework/Versions/4.1/Resources/library’
* installing *source* package ‘Rnits’ ...
** using staged installation
** R
** data
*** moving datasets to lazyload DB
** inst
** byte-compile and prepare package for lazy loading
** help
*** installing help indices
** building package indices
** installing vignettes
** testing if installed package can be loaded from temporary location
** testing if installed package can be loaded from final location
** testing if installed package keeps a record of temporary installation path
* DONE (Rnits)

Tests output


Example timings

Rnits.Rcheck/Rnits-Ex.timings

nameusersystemelapsed
build.Rnits0.6020.0550.659
calculateGCV-methods6.3290.2246.644
fit-methods0.3210.0270.347
getCID-methods0.3770.0370.414
getFitModel-methods0.3930.0380.432
getLR-methods0.4020.0200.423
getPval-methods0.5150.0360.552
getStat-methods0.3770.0330.410
plotResults-methods0.3350.0290.364
summarizeProbes-methods0.4110.0340.446
summary-methods0.3120.0220.335
timeAlign-methods1.7070.1541.865
topData-methods0.3700.0140.386