Back to Multiple platform build/check report for BioC 3.14
ABCDEFGHIJKL[M]NOPQRSTUVWXYZ

This page was generated on 2022-01-19 13:05:41 -0500 (Wed, 19 Jan 2022).

HostnameOSArch (*)R versionInstalled pkgs
nebbiolo2Linux (Ubuntu 20.04.4 LTS)x86_644.1.2 (2021-11-01) -- "Bird Hippie" 4328
tokay2Windows Server 2012 R2 Standardx644.1.2 (2021-11-01) -- "Bird Hippie" 4077
machv2macOS 10.14.6 Mojavex86_644.1.2 (2021-11-01) -- "Bird Hippie" 4138
Click on any hostname to see more info about the system (e.g. compilers)      (*) as reported by 'uname -p', except on Windows and Mac OS X

CHECK results for MSGFgui on nebbiolo2


To the developers/maintainers of the MSGFgui package:
- Please allow up to 24 hours (and sometimes 48 hours) for your latest push to git@git.bioconductor.org:packages/MSGFgui.git to
reflect on this report. See How and When does the builder pull? When will my changes propagate? here for more information.
- Make sure to use the following settings in order to reproduce any error or warning you see on this page.

raw results

Package 1217/2083HostnameOS / ArchINSTALLBUILDCHECKBUILD BIN
MSGFgui 1.28.0  (landing page)
Thomas Lin Pedersen
Snapshot Date: 2022-01-18 01:55:07 -0500 (Tue, 18 Jan 2022)
git_url: https://git.bioconductor.org/packages/MSGFgui
git_branch: RELEASE_3_14
git_last_commit: 2725a95
git_last_commit_date: 2021-10-26 12:16:30 -0500 (Tue, 26 Oct 2021)
nebbiolo2Linux (Ubuntu 20.04.4 LTS) / x86_64  OK    OK    WARNINGS  UNNEEDED, same version is already published
tokay2Windows Server 2012 R2 Standard / x64  OK    OK    WARNINGS    OK  UNNEEDED, same version is already published
machv2macOS 10.14.6 Mojave / x86_64  ERROR    ERROR  skippedskipped

Summary

Package: MSGFgui
Version: 1.28.0
Command: /home/biocbuild/bbs-3.14-bioc/R/bin/R CMD check --install=check:MSGFgui.install-out.txt --library=/home/biocbuild/bbs-3.14-bioc/R/library --no-vignettes --timings MSGFgui_1.28.0.tar.gz
StartedAt: 2022-01-18 08:28:05 -0500 (Tue, 18 Jan 2022)
EndedAt: 2022-01-18 08:29:06 -0500 (Tue, 18 Jan 2022)
EllapsedTime: 60.9 seconds
RetCode: 0
Status:   WARNINGS  
CheckDir: MSGFgui.Rcheck
Warnings: 1

Command output

##############################################################################
##############################################################################
###
### Running command:
###
###   /home/biocbuild/bbs-3.14-bioc/R/bin/R CMD check --install=check:MSGFgui.install-out.txt --library=/home/biocbuild/bbs-3.14-bioc/R/library --no-vignettes --timings MSGFgui_1.28.0.tar.gz
###
##############################################################################
##############################################################################


* using log directory ‘/home/biocbuild/bbs-3.14-bioc/meat/MSGFgui.Rcheck’
* using R version 4.1.2 (2021-11-01)
* using platform: x86_64-pc-linux-gnu (64-bit)
* using session charset: UTF-8
* using option ‘--no-vignettes’
* checking for file ‘MSGFgui/DESCRIPTION’ ... OK
* checking extension type ... Package
* this is package ‘MSGFgui’ version ‘1.28.0’
* checking package namespace information ... OK
* checking package dependencies ... OK
* checking if this is a source package ... OK
* checking if there is a namespace ... OK
* checking for hidden files and directories ... NOTE
Found the following hidden files and directories:
  .BBSoptions
These were most likely included in error. See section ‘Package
structure’ in the ‘Writing R Extensions’ manual.
* checking for portable file names ... OK
* checking for sufficient/correct file permissions ... OK
* checking whether package ‘MSGFgui’ can be installed ... WARNING
Found the following significant warnings:
  Warning: Package 'MSGFgui' is deprecated and will be removed from Bioconductor
See ‘/home/biocbuild/bbs-3.14-bioc/meat/MSGFgui.Rcheck/00install.out’ for details.
* checking installed package size ... OK
* checking package directory ... OK
* checking ‘build’ directory ... OK
* checking DESCRIPTION meta-information ... OK
* checking top-level files ... OK
* checking for left-over files ... OK
* checking index information ... OK
* checking package subdirectories ... OK
* checking R files for non-ASCII characters ... OK
* checking R files for syntax errors ... OK
* checking whether the package can be loaded ... OK
* checking whether the package can be loaded with stated dependencies ... OK
* checking whether the package can be unloaded cleanly ... OK
* checking whether the namespace can be loaded with stated dependencies ... OK
* checking whether the namespace can be unloaded cleanly ... OK
* checking dependencies in R code ... NOTE
Package in Depends field not imported from: ‘xlsx’
  These packages need to be imported from (in the NAMESPACE file)
  for when this namespace is loaded but not attached.
* checking S3 generic/method consistency ... OK
* checking replacement functions ... OK
* checking foreign function calls ... OK
* checking R code for possible problems ... NOTE
getAAtable: no visible global function definition for ‘read.csv’
getAdductTable: no visible global function definition for ‘read.csv’
getIonTrace: no visible global function definition for ‘predict’
getIonTrace: no visible global function definition for ‘loess’
getIonTrace : gauss: no visible global function definition for ‘dnorm’
getIonTrace: no visible global function definition for ‘optimize’
getScoreDistribution: no visible global function definition for
  ‘density’
renderMzID: no visible global function definition for ‘scans’
renderMzID: no visible global function definition for ‘peptides’
renderMzID: no visible global function definition for ‘modifications’
renderMzID: no visible global function definition for ‘database’
server: no visible global function definition for ‘scans’
server : <anonymous>: no visible global function definition for
  ‘createWorkbook’
server : <anonymous>: no visible global function definition for
  ‘createSheet’
server : <anonymous>: no visible global function definition for
  ‘addDataFrame’
server : <anonymous>: no visible global function definition for
  ‘saveWorkbook’
server : <anonymous>: no visible global function definition for
  ‘write.table’
Undefined global functions or variables:
  addDataFrame createSheet createWorkbook database density dnorm loess
  modifications optimize peptides predict read.csv saveWorkbook scans
  write.table
Consider adding
  importFrom("stats", "density", "dnorm", "loess", "optimize", "predict")
  importFrom("utils", "read.csv", "write.table")
to your NAMESPACE file.
* checking Rd files ... OK
* checking Rd metadata ... OK
* checking Rd cross-references ... OK
* checking for missing documentation entries ... OK
* checking for code/documentation mismatches ... OK
* checking Rd \usage sections ... OK
* checking Rd contents ... OK
* checking for unstated dependencies in examples ... OK
* checking files in ‘vignettes’ ... OK
* checking examples ... OK
* checking for unstated dependencies in ‘tests’ ... OK
* checking tests ...
  Running ‘test-all.R’
 OK
* checking for unstated dependencies in vignettes ... OK
* checking package vignettes in ‘inst/doc’ ... OK
* checking running R code from vignettes ... SKIPPED
* checking re-building of vignette outputs ... SKIPPED
* checking PDF version of manual ... OK
* DONE

Status: 1 WARNING, 3 NOTEs
See
  ‘/home/biocbuild/bbs-3.14-bioc/meat/MSGFgui.Rcheck/00check.log’
for details.



Installation output

MSGFgui.Rcheck/00install.out

##############################################################################
##############################################################################
###
### Running command:
###
###   /home/biocbuild/bbs-3.14-bioc/R/bin/R CMD INSTALL MSGFgui
###
##############################################################################
##############################################################################


* installing to library ‘/home/biocbuild/bbs-3.14-bioc/R/library’
* installing *source* package ‘MSGFgui’ ...
** using staged installation
** R
** inst
** byte-compile and prepare package for lazy loading
** help
*** installing help indices
** building package indices
** installing vignettes
** testing if installed package can be loaded from temporary location
Warning: Package 'MSGFgui' is deprecated and will be removed from Bioconductor
  version 3.15
** testing if installed package can be loaded from final location
Warning: Package 'MSGFgui' is deprecated and will be removed from Bioconductor
  version 3.15
** testing if installed package keeps a record of temporary installation path
* DONE (MSGFgui)

Tests output

MSGFgui.Rcheck/tests/test-all.Rout


R version 4.1.2 (2021-11-01) -- "Bird Hippie"
Copyright (C) 2021 The R Foundation for Statistical Computing
Platform: x86_64-pc-linux-gnu (64-bit)

R is free software and comes with ABSOLUTELY NO WARRANTY.
You are welcome to redistribute it under certain conditions.
Type 'license()' or 'licence()' for distribution details.

R is a collaborative project with many contributors.
Type 'contributors()' for more information and
'citation()' on how to cite R or R packages in publications.

Type 'demo()' for some demos, 'help()' for on-line help, or
'help.start()' for an HTML browser interface to help.
Type 'q()' to quit R.

> library(testthat)
> test_check('MSGFgui')
Loading required package: MSGFgui
Loading required package: mzR
Loading required package: Rcpp
Loading required package: xlsx
[ FAIL 0 | WARN 0 | SKIP 0 | PASS 17 ]
Warning message:
Package 'MSGFgui' is deprecated and will be removed from Bioconductor
  version 3.15 
> 
> proc.time()
   user  system elapsed 
  3.672   0.209   2.999 

Example timings

MSGFgui.Rcheck/MSGFgui-Ex.timings

nameusersystemelapsed
MSGFgui000
currentData0.0010.0000.001