Back to Multiple platform build/check report for BioC 3.18:   simplified   long
ABCDEFGHIJKL[M]NOPQRSTUVWXYZ

This page was generated on 2024-02-22 11:36:59 -0500 (Thu, 22 Feb 2024).

HostnameOSArch (*)R versionInstalled pkgs
nebbiolo2Linux (Ubuntu 22.04.3 LTS)x86_644.3.2 Patched (2023-11-13 r85521) -- "Eye Holes" 4691
palomino4Windows Server 2022 Datacenterx644.3.2 (2023-10-31 ucrt) -- "Eye Holes" 4444
lconwaymacOS 12.7.1 Montereyx86_644.3.2 Patched (2023-11-01 r85457) -- "Eye Holes" 4465
Click on any hostname to see more info about the system (e.g. compilers)      (*) as reported by 'uname -p', except on Windows and Mac OS X

Package 1297/2266HostnameOS / ArchINSTALLBUILDCHECKBUILD BIN
MOFA2 1.12.1  (landing page)
Ricard Argelaguet
Snapshot Date: 2024-02-21 14:05:05 -0500 (Wed, 21 Feb 2024)
git_url: https://git.bioconductor.org/packages/MOFA2
git_branch: RELEASE_3_18
git_last_commit: 6fdef2f
git_last_commit_date: 2024-01-04 04:51:03 -0500 (Thu, 04 Jan 2024)
nebbiolo2Linux (Ubuntu 22.04.3 LTS) / x86_64  OK    OK    WARNINGS  UNNEEDED, same version is already published
palomino4Windows Server 2022 Datacenter / x64  OK    OK    WARNINGS    OK  UNNEEDED, same version is already published
lconwaymacOS 12.7.1 Monterey / x86_64  OK    OK    WARNINGS    OK  UNNEEDED, same version is already published
kjohnson1macOS 13.6.1 Ventura / arm64see weekly results here

CHECK results for MOFA2 on palomino4


To the developers/maintainers of the MOFA2 package:
- Allow up to 24 hours (and sometimes 48 hours) for your latest push to git@git.bioconductor.org:packages/MOFA2.git to reflect on this report. See Troubleshooting Build Report for more information.
- Use the following Renviron settings to reproduce errors and warnings.
- If 'R CMD check' started to fail recently on the Linux builder(s) over a missing dependency, add the missing dependency to 'Suggests:' in your DESCRIPTION file. See Renviron.bioc for more information.

raw results


Summary

Package: MOFA2
Version: 1.12.1
Command: F:\biocbuild\bbs-3.18-bioc\R\bin\R.exe CMD check --no-multiarch --install=check:MOFA2.install-out.txt --library=F:\biocbuild\bbs-3.18-bioc\R\library --no-vignettes --timings MOFA2_1.12.1.tar.gz
StartedAt: 2024-02-22 03:57:22 -0500 (Thu, 22 Feb 2024)
EndedAt: 2024-02-22 04:00:38 -0500 (Thu, 22 Feb 2024)
EllapsedTime: 195.7 seconds
RetCode: 0
Status:   WARNINGS  
CheckDir: MOFA2.Rcheck
Warnings: 1

Command output

##############################################################################
##############################################################################
###
### Running command:
###
###   F:\biocbuild\bbs-3.18-bioc\R\bin\R.exe CMD check --no-multiarch --install=check:MOFA2.install-out.txt --library=F:\biocbuild\bbs-3.18-bioc\R\library --no-vignettes --timings MOFA2_1.12.1.tar.gz
###
##############################################################################
##############################################################################


* using log directory 'F:/biocbuild/bbs-3.18-bioc/meat/MOFA2.Rcheck'
* using R version 4.3.2 (2023-10-31 ucrt)
* using platform: x86_64-w64-mingw32 (64-bit)
* R was compiled by
    gcc.exe (GCC) 12.3.0
    GNU Fortran (GCC) 12.3.0
* running under: Windows Server 2022 x64 (build 20348)
* using session charset: UTF-8
* using option '--no-vignettes'
* checking for file 'MOFA2/DESCRIPTION' ... OK
* checking extension type ... Package
* this is package 'MOFA2' version '1.12.1'
* package encoding: UTF-8
* checking package namespace information ... OK
* checking package dependencies ... OK
* checking if this is a source package ... OK
* checking if there is a namespace ... OK
* checking for hidden files and directories ... OK
* checking for portable file names ... OK
* checking whether package 'MOFA2' can be installed ... NOTE
Found the following notes/warnings:
  Non-staged installation was used
See 'F:/biocbuild/bbs-3.18-bioc/meat/MOFA2.Rcheck/00install.out' for details.
* checking installed package size ... OK
* checking package directory ... OK
* checking 'build' directory ... OK
* checking DESCRIPTION meta-information ... OK
* checking top-level files ... OK
* checking for left-over files ... OK
* checking index information ... OK
* checking package subdirectories ... OK
* checking R files for non-ASCII characters ... OK
* checking R files for syntax errors ... OK
* checking whether the package can be loaded ... OK
* checking whether the package can be loaded with stated dependencies ... OK
* checking whether the package can be unloaded cleanly ... OK
* checking whether the namespace can be loaded with stated dependencies ... OK
* checking whether the namespace can be unloaded cleanly ... OK
* checking dependencies in R code ... OK
* checking S3 generic/method consistency ... OK
* checking replacement functions ... OK
* checking foreign function calls ... OK
* checking R code for possible problems ... NOTE
.plot_factors_vs_cov_1d: no visible binding for global variable
  'value.factor'
.plot_factors_vs_cov_1d: no visible binding for global variable
  'value_scaled'
.plot_factors_vs_cov_1d: no visible binding for global variable
  'value.covariate'
.plot_factors_vs_cov_1d: no visible binding for global variable 'value'
.plot_factors_vs_cov_2d: no visible binding for global variable
  'value.factor'
.set_xax: no visible binding for global variable 'value'
add_mofa_factors_to_seurat: no visible global function definition for
  'CreateDimReducObject'
create_mofa_from_SingleCellExperiment: no visible global function
  definition for 'colData'
get_interpolated_factors: no visible binding for global variable 'L1'
get_interpolated_factors: no visible binding for global variable 'L2'
get_interpolated_factors: no visible binding for global variable
  'value'
get_interpolated_factors: no visible binding for global variable
  'covariate'
get_interpolated_factors: no visible binding for global variable
  'covariate_value'
get_interpolated_factors: no visible binding for global variable
  'sample_id'
interpolate_factors: no visible binding for global variable '.'
plot_alignment: no visible binding for global variable 'group'
plot_alignment: no visible binding for global variable 'value.warped'
plot_alignment: no visible binding for global variable
  'value.unaligned'
plot_contribution_scores: no visible binding for global variable 'view'
plot_data_overview: no visible binding for global variable 'view'
plot_data_overview: no visible binding for global variable 'ptotal'
plot_data_overview: no visible binding for global variable 'ntotal'
plot_data_overview: no visible binding for global variable 'group'
plot_data_overview: no visible binding for global variable
  'group_label'
plot_dimred: no visible binding for global variable '.'
plot_enrichment_detailed: no visible binding for global variable
  'pathway'
plot_enrichment_detailed: no visible binding for global variable
  'feature.statistic'
plot_factors_vs_cov: no visible binding for global variable 'E2'
plot_factors_vs_cov: no visible binding for global variable 'value'
plot_interpolation_vs_covariate: no visible binding for global variable
  'variance'
plot_interpolation_vs_covariate: no visible binding for global variable
  'group'
plot_interpolation_vs_covariate: no visible binding for global variable
  'value.covariate'
plot_interpolation_vs_covariate: no visible binding for global variable
  'value.factor'
plot_interpolation_vs_covariate: no visible binding for global variable
  'ymin'
plot_interpolation_vs_covariate: no visible binding for global variable
  'ymax'
plot_sharedness: no visible binding for global variable 'sharedness'
plot_sharedness: no visible binding for global variable 'value'
plot_smoothness: no visible binding for global variable 'value'
plot_smoothness: no visible binding for global variable 'smoothness'
plot_top_weights: no visible binding for global variable 'value'
plot_weights: no visible binding for global variable 'value'
plot_weights: no visible binding for global variable '.'
summarise_factors: no visible binding for global variable 'value'
summarise_factors: no visible binding for global variable 'level'
summarise_factors: no visible binding for global variable 'group'
Undefined global functions or variables:
  . CreateDimReducObject E2 L1 L2 colData covariate covariate_value
  feature.statistic group group_label level ntotal pathway ptotal
  sample_id sharedness smoothness value value.covariate value.factor
  value.unaligned value.warped value_scaled variance view ymax ymin
* checking Rd files ... OK
* checking Rd metadata ... OK
* checking Rd cross-references ... NOTE
Package unavailable to check Rd xrefs: 'PCGSE'
* checking for missing documentation entries ... OK
* checking for code/documentation mismatches ... WARNING
Codoc mismatches from documentation object 'create_mofa_from_Seurat':
create_mofa_from_Seurat
  Code: function(seurat, groups = NULL, assays = NULL, layer = "data",
                 features = NULL, extract_metadata = FALSE)
  Docs: function(seurat, groups = NULL, assays = NULL, slot =
                 "scale.data", features = NULL, extract_metadata =
                 FALSE)
  Argument names in code not in docs:
    layer
  Argument names in docs not in code:
    slot
  Mismatches in argument names:
    Position: 4 Code: layer Docs: slot

* checking Rd \usage sections ... OK
* checking Rd contents ... OK
* checking for unstated dependencies in examples ... OK
* checking line endings in shell scripts ... OK
* checking files in 'vignettes' ... OK
* checking examples ... OK
* checking for unstated dependencies in 'tests' ... OK
* checking tests ...
  Running 'testthat.R'
 OK
* checking for unstated dependencies in vignettes ... OK
* checking package vignettes in 'inst/doc' ... OK
* checking running R code from vignettes ... SKIPPED
* checking re-building of vignette outputs ... SKIPPED
* checking PDF version of manual ... OK
* DONE

Status: 1 WARNING, 3 NOTEs
See
  'F:/biocbuild/bbs-3.18-bioc/meat/MOFA2.Rcheck/00check.log'
for details.



Installation output

MOFA2.Rcheck/00install.out

##############################################################################
##############################################################################
###
### Running command:
###
###   F:\biocbuild\bbs-3.18-bioc\R\bin\R.exe CMD INSTALL MOFA2
###
##############################################################################
##############################################################################


* installing to library 'F:/biocbuild/bbs-3.18-bioc/R/library'
* installing *source* package 'MOFA2' ...
** using non-staged installation via StagedInstall field
** R
** inst
** byte-compile and prepare package for lazy loading
Creating a generic function for 'rownames' from package 'base' in package 'MOFA2'
Creating a generic function for 'colnames' from package 'base' in package 'MOFA2'
Creating a generic function for 'nrow' from package 'base' in package 'MOFA2'
Creating a generic function for 'ncol' from package 'base' in package 'MOFA2'
Creating a generic function for 'rownames<-' from package 'base' in package 'MOFA2'
Creating a generic function for 'colnames<-' from package 'base' in package 'MOFA2'
** help
*** installing help indices
** building package indices
** installing vignettes
** testing if installed package can be loaded
* DONE (MOFA2)

Tests output

MOFA2.Rcheck/tests/testthat.Rout


R version 4.3.2 (2023-10-31 ucrt) -- "Eye Holes"
Copyright (C) 2023 The R Foundation for Statistical Computing
Platform: x86_64-w64-mingw32/x64 (64-bit)

R is free software and comes with ABSOLUTELY NO WARRANTY.
You are welcome to redistribute it under certain conditions.
Type 'license()' or 'licence()' for distribution details.

R is a collaborative project with many contributors.
Type 'contributors()' for more information and
'citation()' on how to cite R or R packages in publications.

Type 'demo()' for some demos, 'help()' for on-line help, or
'help.start()' for an HTML browser interface to help.
Type 'q()' to quit R.

> library(testthat)
> library(MOFA2)

Attaching package: 'MOFA2'

The following object is masked from 'package:stats':

    predict

> 
> test_check("MOFA2")

               single_group 
                    100     
               ____________ 
              |            |
view_0  1000  |    100%    |
              |____________|
               ____________ 
              |            |
view_1  1000  |    100%    |
              |____________|

[ FAIL 0 | WARN 2 | SKIP 0 | PASS 25 ]

[ FAIL 0 | WARN 2 | SKIP 0 | PASS 25 ]
> 
> # setwd("/Users/rargelaguet/mofa/MOFA2/tests/testthat")
> 
> proc.time()
   user  system elapsed 
  11.09    0.84   11.95 

Example timings

MOFA2.Rcheck/MOFA2-Ex.timings

nameusersystemelapsed
add_mofa_factors_to_seurat000
calculate_contribution_scores0.190.010.26
calculate_variance_explained1.890.112.00
calculate_variance_explained_per_sample0.160.020.18
cluster_samples0.130.010.14
compare_elbo0.310.040.34
compare_factors0.380.060.45
covariates_names0.200.010.22
create_mofa1.000.001.02
create_mofa_from_df0.440.000.44
create_mofa_from_matrix0.020.000.01
factors_names0.140.000.14
features_metadata0.180.030.22
features_names0.130.050.17
get_covariates0.170.020.19
get_data0.420.010.44
get_default_data_options0.440.030.47
get_default_mefisto_options0.120.000.13
get_default_model_options0.890.000.89
get_default_stochastic_options0.880.050.92
get_default_training_options0.450.020.47
get_dimensions0.120.010.14
get_elbo0.160.000.16
get_expectations0.160.000.15
get_factors0.140.020.16
get_imputed_data0.140.030.17
get_lengthscales0.170.030.20
get_scales0.190.000.19
get_variance_explained0.140.020.16
get_weights0.150.030.18
groups_names0.600.000.61
impute0.140.020.16
interpolate_factors0.190.010.20
load_model0.160.000.16
make_example_data000
plot_ascii_data0.140.020.16
plot_data_heatmap0.220.000.22
plot_data_overview0.220.060.28
plot_data_scatter1.210.021.23
plot_data_vs_cov0.440.030.47
plot_dimred3.350.063.42
plot_factor1.030.061.10
plot_factor_cor0.170.020.19
plot_factors0.610.030.64
plot_factors_vs_cov0.410.020.42
plot_group_kernel0.300.010.31
plot_interpolation_vs_covariate0.50.00.5
plot_smoothness0.200.030.24
plot_top_weights0.670.030.70
plot_variance_explained1.470.041.50
plot_variance_explained_by_covariates1.000.041.05
plot_variance_explained_per_feature0.360.000.36
plot_weights2.020.072.08
plot_weights_heatmap0.310.000.31
plot_weights_scatter0.300.010.32
predict0.160.020.17
prepare_mofa0.530.000.53
run_mofa0.420.010.44
run_tsne0.160.020.17
run_umap0.120.030.15
samples_metadata0.160.000.16
samples_names0.20.00.2
set_covariates0.030.000.04
subset_factors0.160.010.17
subset_groups0.140.020.15
subset_samples0.110.050.16
subset_views0.150.010.17
views_names0.180.000.17