Back to Multiple platform build/check report for BioC 3.16
ABCDEFGHIJ[K]LMNOPQRSTUVWXYZ

This page was generated on 2022-11-29 11:06:29 -0500 (Tue, 29 Nov 2022).

HostnameOSArch (*)R versionInstalled pkgs
nebbiolo2Linux (Ubuntu 20.04.5 LTS)x86_644.2.2 (2022-10-31) -- "Innocent and Trusting" 4503
palomino4Windows Server 2022 Datacenterx644.2.2 (2022-10-31 ucrt) -- "Innocent and Trusting" 4277
lconwaymacOS 12.5.1 Montereyx86_644.2.2 (2022-10-31) -- "Innocent and Trusting" 4309
Click on any hostname to see more info about the system (e.g. compilers)      (*) as reported by 'uname -p', except on Windows and Mac OS X

CHECK results for KCsmart on nebbiolo2


To the developers/maintainers of the KCsmart package:
- Please allow up to 24 hours (and sometimes 48 hours) for your latest push to git@git.bioconductor.org:packages/KCsmart.git to
reflect on this report. See How and When does the builder pull? When will my changes propagate? for more information.
- Make sure to use the following settings in order to reproduce any error or warning you see on this page.

raw results

Package 1021/2183HostnameOS / ArchINSTALLBUILDCHECKBUILD BIN
KCsmart 2.56.0  (landing page)
Jorma de Ronde
Snapshot Date: 2022-11-28 14:00:06 -0500 (Mon, 28 Nov 2022)
git_url: https://git.bioconductor.org/packages/KCsmart
git_branch: RELEASE_3_16
git_last_commit: 416f9bc
git_last_commit_date: 2022-11-01 11:04:07 -0500 (Tue, 01 Nov 2022)
nebbiolo2Linux (Ubuntu 20.04.5 LTS) / x86_64  OK    OK    WARNINGS  UNNEEDED, same version is already published
palomino4Windows Server 2022 Datacenter / x64  OK    OK    WARNINGS    OK  UNNEEDED, same version is already published
lconwaymacOS 12.5.1 Monterey / x86_64  OK    OK    WARNINGS    OK  UNNEEDED, same version is already published

Summary

Package: KCsmart
Version: 2.56.0
Command: /home/biocbuild/bbs-3.16-bioc/R/bin/R CMD check --install=check:KCsmart.install-out.txt --library=/home/biocbuild/bbs-3.16-bioc/R/library --timings KCsmart_2.56.0.tar.gz
StartedAt: 2022-11-28 21:16:03 -0500 (Mon, 28 Nov 2022)
EndedAt: 2022-11-28 21:17:53 -0500 (Mon, 28 Nov 2022)
EllapsedTime: 109.3 seconds
RetCode: 0
Status:   WARNINGS  
CheckDir: KCsmart.Rcheck
Warnings: 1

Command output

##############################################################################
##############################################################################
###
### Running command:
###
###   /home/biocbuild/bbs-3.16-bioc/R/bin/R CMD check --install=check:KCsmart.install-out.txt --library=/home/biocbuild/bbs-3.16-bioc/R/library --timings KCsmart_2.56.0.tar.gz
###
##############################################################################
##############################################################################


* using log directory ‘/home/biocbuild/bbs-3.16-bioc/meat/KCsmart.Rcheck’
* using R version 4.2.2 (2022-10-31)
* using platform: x86_64-pc-linux-gnu (64-bit)
* using session charset: UTF-8
* checking for file ‘KCsmart/DESCRIPTION’ ... OK
* checking extension type ... Package
* this is package ‘KCsmart’ version ‘2.56.0’
* checking package namespace information ... OK
* checking package dependencies ... OK
* checking if this is a source package ... OK
* checking if there is a namespace ... OK
* checking for hidden files and directories ... OK
* checking for portable file names ... OK
* checking for sufficient/correct file permissions ... OK
* checking whether package ‘KCsmart’ can be installed ... OK
* checking installed package size ... OK
* checking package directory ... OK
* checking ‘build’ directory ... OK
* checking DESCRIPTION meta-information ... NOTE
Malformed Description field: should contain one or more complete sentences.
* checking top-level files ... OK
* checking for left-over files ... OK
* checking index information ... OK
* checking package subdirectories ... OK
* checking R files for non-ASCII characters ... OK
* checking R files for syntax errors ... OK
* checking whether the package can be loaded ... OK
* checking whether the package can be loaded with stated dependencies ... OK
* checking whether the package can be unloaded cleanly ... OK
* checking whether the namespace can be loaded with stated dependencies ... OK
* checking whether the namespace can be unloaded cleanly ... OK
* checking dependencies in R code ... NOTE
'library' or 'require' call to ‘siggenes’ which was already attached by Depends.
  Please remove these calls from your code.
Packages in Depends field not imported from:
  ‘KernSmooth’ ‘siggenes’
  These packages need to be imported from (in the NAMESPACE file)
  for when this namespace is loaded but not attached.
There are ::: calls to the package's namespace in its code. A package
  almost never needs to use ::: for its own objects:
  ‘.add2spmc’ ‘.checkMirrorLocs’ ‘.comparativeKcPerms’
  ‘.comparativeKcSiggenes’ ‘.convertCGHbase’ ‘.findCutoffByFdr’
  ‘.findPeaks’ ‘.findfdrcutoff’ ‘.getRegions’ ‘.getSigRegions’
  ‘.makePermutations’ ‘.mirrorData’ ‘.permutedSpm’ ‘.samplePointMatrix’
  ‘.samplePointMatrixOld’ ‘.snr’ ‘.spm2spmc’ ‘.varr’
* checking S3 generic/method consistency ... OK
* checking replacement functions ... OK
* checking foreign function calls ... OK
* checking R code for possible problems ... NOTE
.comparativeKcSiggenes: no visible binding for global variable ‘sam’
.samplePointMatrix: no visible global function definition for ‘locpoly’
.samplePointMatrix: no visible global function definition for ‘bkde’
.samplePointMatrixOld: no visible global function definition for
  ‘aggregate’
.samplePointMatrixOld: no visible global function definition for
  ‘dnorm’
.snr: no visible global function definition for ‘quantile’
getSigRegionsCompKC: no visible global function definition for
  ‘findDelta’
idPoints: no visible global function definition for ‘dev.set’
idPoints: no visible global function definition for ‘identify’
plot,compKc-missing: no visible global function definition for ‘layout’
plot,compKc-missing: no visible global function definition for ‘abline’
plot,compKc-missing: no visible global function definition for ‘rect’
plot,compKc-missing: no visible global function definition for ‘lines’
plot,compKc-missing: no visible global function definition for ‘text’
plot,compKc-missing: no visible global function definition for ‘axis’
plot,samplePointMatrix-missing: no visible global function definition
  for ‘layout’
plot,samplePointMatrix-missing: no visible global function definition
  for ‘abline’
plot,samplePointMatrix-missing: no visible global function definition
  for ‘tail’
plot,samplePointMatrix-missing: no visible global function definition
  for ‘polygon’
plot,samplePointMatrix-missing: no visible global function definition
  for ‘lines’
plot,samplePointMatrix-missing: no visible global function definition
  for ‘segments’
plot,samplePointMatrix-missing: no visible global function definition
  for ‘text’
plot,samplePointMatrix-missing: no visible global function definition
  for ‘axis’
plot,scaleSpace-missing: no visible global function definition for
  ‘dev.cur’
plot,scaleSpace-missing: no visible global function definition for
  ‘x11’
plot,scaleSpace-missing: no visible global function definition for
  ‘heat.colors’
plot,scaleSpace-missing: no visible global function definition for
  ‘dev.set’
plot,scaleSpace-missing: no visible global function definition for
  ‘segments’
plot,scaleSpace-missing: no visible global function definition for
  ‘abline’
plot,scaleSpace-missing: no visible global function definition for
  ‘text’
plot,scaleSpace-missing: no visible global function definition for
  ‘axis’
Undefined global functions or variables:
  abline aggregate axis bkde dev.cur dev.set dnorm findDelta
  heat.colors identify layout lines locpoly polygon quantile rect sam
  segments tail text x11
Consider adding
  importFrom("grDevices", "dev.cur", "dev.set", "heat.colors", "x11")
  importFrom("graphics", "abline", "axis", "identify", "layout", "lines",
             "polygon", "rect", "segments", "text")
  importFrom("stats", "aggregate", "dnorm", "quantile")
  importFrom("utils", "tail")
to your NAMESPACE file.
* checking Rd files ... OK
* checking Rd metadata ... OK
* checking Rd cross-references ... OK
* checking for missing documentation entries ... WARNING
Undocumented S4 methods:
  generic '[' and siglist 'probeAnnotation,ANY,ANY,ANY'
All user-level objects in a package (including S4 classes and methods)
should have documentation entries.
See chapter ‘Writing R documentation files’ in the ‘Writing R
Extensions’ manual.
* checking for code/documentation mismatches ... OK
* checking Rd \usage sections ... OK
* checking Rd contents ... OK
* checking for unstated dependencies in examples ... OK
* checking contents of ‘data’ directory ... OK
* checking data for non-ASCII characters ... OK
* checking data for ASCII and uncompressed saves ... OK
* checking files in ‘vignettes’ ... OK
* checking examples ... OK
Examples with CPU (user + system) or elapsed time > 5s
                user system elapsed
KCsmart-package 7.79  0.144   7.934
* checking for unstated dependencies in vignettes ... OK
* checking package vignettes in ‘inst/doc’ ... OK
* checking running R code from vignettes ...
  ‘KCS.Rnw’... OK
 OK
* checking re-building of vignette outputs ... OK
* checking PDF version of manual ... OK
* DONE

Status: 1 WARNING, 3 NOTEs
See
  ‘/home/biocbuild/bbs-3.16-bioc/meat/KCsmart.Rcheck/00check.log’
for details.



Installation output

KCsmart.Rcheck/00install.out

##############################################################################
##############################################################################
###
### Running command:
###
###   /home/biocbuild/bbs-3.16-bioc/R/bin/R CMD INSTALL KCsmart
###
##############################################################################
##############################################################################


* installing to library ‘/home/biocbuild/bbs-3.16-bioc/R/library’
* installing *source* package ‘KCsmart’ ...
** using staged installation
** R
** data
** byte-compile and prepare package for lazy loading
Creating a generic function for ‘write.table’ from package ‘utils’ in package ‘KCsmart’
** help
*** installing help indices
** building package indices
** installing vignettes
** testing if installed package can be loaded from temporary location
** testing if installed package can be loaded from final location
** testing if installed package keeps a record of temporary installation path
* DONE (KCsmart)

Tests output


Example timings

KCsmart.Rcheck/KCsmart-Ex.timings

nameusersystemelapsed
KCsmart-package7.7900.1447.934
calcSpm0.7730.0040.778
calcSpmCollection3.6550.0723.728
compKc-class0.0000.0000.001
compKcSigRegions-class000
compareSpmCollection3.3070.0723.380
findSigLevelFdr1.6620.0151.678
findSigLevelTrad1.3510.0241.375
getSigRegionsCompKC3.3420.0603.402
getSigSegments0.8560.0040.859
idPoints0.0090.0000.010
plot1.5030.0151.519
plotScaleSpace2.0170.0162.034
samplePointMatrix-class0.0010.0000.001
sigSegments-class0.0010.0000.000
spmCollection-class0.0000.0000.001
write.table0.9990.0041.003